000
CXUS54 KHGX 230718
CF6PSX
PRELIMINARY LOCAL CLIMATOLOGICAL DATA (WS FORM: F-6)

                                          STATION:   PALACIOS
                                          MONTH:     MARCH
                                          YEAR:      2017
                                          LATITUDE:   28 43 N
                                          LONGITUDE:  96 15 W

  TEMPERATURE IN F:       :PCPN:    SNOW:  WIND      :SUNSHINE: SKY     :PK WND
================================================================================
1   2   3   4   5  6A  6B    7    8   9   10  11  12  13   14  15   16   17  18
                                     12Z  AVG MX 2MIN
DY MAX MIN AVG DEP HDD CDD  WTR  SNW DPTH SPD SPD DIR MIN PSBL S-S WX    SPD DR
================================================================================

 1  85  59  72  12   0   7 0.00  0.0    0 12.6 25 350   M    M   6 18     34 330
 2  70  49  60   0   5   0 0.00  0.0    0 11.1 23  40   M    M   2 3      27  30
 3  71  47  59  -1   6   0 0.02    M    0 12.2 24 100   M    M   6        31 110
 4  69  57  63   3   2   0 0.02  0.0    0 13.5 24 100   M    M   8        30  80
 5  74  65  70  10   0   5 0.25  0.0    0 13.1 17 150   M    M   9 13     22 170
 6  79  68  74  13   0   9 0.00  0.0    0 15.0 25 160   M    M  10 1      32 170
 7  82  65  74  13   0   9    T  0.0    0 11.7 20  10   M    M   8        25  10
 8  76  60  68   7   0   3 0.00  0.0    0 11.1 21 110   M    M   9 1      24 100
 9  79  68  74  13   0   9    T  0.0    0 10.4 22 140   M    M   6 1      25 150
10  76  65  71   9   0   6 0.12  0.0    0  8.9 18 150   M    M   8 1      23 150
11  71  64  68   6   0   3 0.54  0.0    0 12.8 23 100   M    M   9 1      29 110
12  65  53  59  -3   6   0    T  0.0    0 15.1 26  20   M    M  10 1      32  20
13  68  51  60  -2   5   0 0.00  0.0    0  9.7 18 350   M    M   7        23 350
14  68  45  57  -5   8   0 0.00  0.0    0  6.9 14  40   M    M   0 8      16  40
15  74  48  61  -2   4   0 0.00  0.0    0 10.9 20 110   M    M   1        25 110
16  78  61  70   7   0   5 0.00  0.0    0 13.5 23 160   M    M   6 1      28 160
17  79  67  73  10   0   8 0.00  0.0    0 15.3 24 150   M    M   1        36 260
18  80  65  73  10   0   8 0.00  0.0    0 10.1 20 170   M    M   3        24 150
19  79  67  73   9   0   8 0.00  0.0    0 10.5 17 160   M    M   1        22 160
20  78  69  74  10   0   9 0.00  0.0    0 11.5 20 190   M    M   2        23 190
21  79  69  74  10   0   9 0.00  0.0    0 13.3 18 170   M    M   2        24 180
22  81  64  73   9   0   8 0.00  0.0    0 11.2 17 160   M    M   2        23 170
================================================================================
SM 1661 1326        36 106  0.95     0.0 260.4          M      116
================================================================================
AV 75.5 60.3                              11.8 FASTST   M    M   5    MAX(MPH)
                                 MISC ---->  # 26  20               # 36  260
================================================================================
NOTES:
# LAST OF SEVERAL OCCURRENCES

COLUMN 17 PEAK WIND IN M.P.H.

PRELIMINARY LOCAL CLIMATOLOGICAL DATA (WS FORM: F-6) , PAGE 2

                                          STATION:  PALACIOS
                                          MONTH:    MARCH
                                          YEAR:     2017
                                          LATITUDE:   28 43 N
                                          LONGITUDE:  96 15 W

[TEMPERATURE DATA]      [PRECIPITATION DATA]       SYMBOLS USED IN COLUMN 16

AVERAGE MONTHLY: 67.9   TOTAL FOR MONTH:   0.95    1 = FOG OR MIST
DPTR FM NORMAL:   6.0   DPTR FM NORMAL:   -1.09    2 = FOG REDUCING VISIBILITY
HIGHEST:    85 ON  1    GRTST 24HR  0.54 ON 11-11      TO 1/4 MILE OR LESS
LOWEST:     45 ON 14                               3 = THUNDER
                        SNOW, ICE PELLETS, HAIL    4 = ICE PELLETS
                        TOTAL MONTH:   0.0 INCH    5 = HAIL
                        GRTST 24HR     0.0         6 = FREEZING RAIN OR DRIZZLE
                        GRTST DEPTH:   0           7 = DUSTSTORM OR SANDSTORM:
                                                       VSBY 1/2 MILE OR LESS
                                                   8 = SMOKE OR HAZE
[NO. OF DAYS WITH]      [WEATHER - DAYS WITH]      9 = BLOWING SNOW
                                                   X = TORNADO
MAX 32 OR BELOW:   0    0.01 INCH OR MORE:   5
MAX 90 OR ABOVE:   0    0.10 INCH OR MORE:   3
MIN 32 OR BELOW:   0    0.50 INCH OR MORE:   1
MIN  0 OR BELOW:   0    1.00 INCH OR MORE:   0

[HDD (BASE 65) ]
TOTAL THIS MO.    36    CLEAR  (SCALE 0-3)   9
DPTR FM NORMAL   -68    PTCLDY (SCALE 4-7)   8
TOTAL FM JUL 1   539    CLOUDY (SCALE 8-10)  5
DPTR FM NORMAL  -601

[CDD (BASE 65) ]
TOTAL THIS MO.   106
DPTR FM NORMAL    72    [PRESSURE DATA]
TOTAL FM JAN 1   261    HIGHEST SLP M ON M
DPTR FM NORMAL   198    LOWEST  SLP 29.86 ON  1

[REMARKS]
