000
CXUS55 KPUB 161059
CF6PUB
PRELIMINARY LOCAL CLIMATOLOGICAL DATA (WS FORM: F-6)

                                          STATION:   PUEBLO CO
                                          MONTH:     OCTOBER
                                          YEAR:      2017
                                          LATITUDE:   38 16 N
                                          LONGITUDE: 104 31 W

  TEMPERATURE IN F:       :PCPN:    SNOW:  WIND      :SUNSHINE: SKY     :PK WND
================================================================================
1   2   3   4   5  6A  6B    7    8   9   10  11  12  13   14  15   16   17  18
                                     12Z  AVG MX 2MIN
DY MAX MIN AVG DEP HDD CDD  WTR  SNW DPTH SPD SPD DIR MIN PSBL S-S WX    SPD DR
================================================================================

 1  81  42  62   4   3   0 0.00  0.0    0  6.9 26 290   M    M   0        33 240
 2  67  41  54  -3  11   0 0.00  0.0    0  7.4 29  10   M    M   3        37  10
 3  64  47  56  -1   9   0 0.00  0.0    0  4.1 13 120   M    M   9 8      16 150
 4  61  52  57   1   8   0 0.12  0.0    0  4.7 18 140   M    M   9 13     22  80
 5  67  50  59   3   6   0 0.00  0.0    0  4.4 14 130   M    M   6 12     17 120
 6  77  44  61   5   4   0 0.00  0.0    0  8.1 39 290   M    M   4 12     48 290
 7  84  40  62   7   3   0 0.00  0.0    0  8.8 25 280   M    M   0        31 280
 8  80  44  62   7   3   0 0.00  0.0    0 12.3 43  10   M    M   1        50  20
 9  48  31  40 -14  25   0 0.08  0.0    0 11.2 44  10   M    M   9 18     55  20
10  63  26  45  -9  20   0 0.00  0.0    0  5.3 16 120   M    M   0        18 130
11  80  28  54   0  11   0 0.00  0.0    0  4.9 17 240   M    M   0        20 240
12  86  39  63  10   2   0 0.00  0.0    0  8.9 24 360   M    M   0        29 360
13  67  42  55   2  10   0 0.00  0.0    0  6.2 23  10   M    M   2        30  20
14  81  34  58   6   7   0 0.00  0.0    0  7.9 36  20   M    M   0        43  20
15  66  26  46  -6  19   0 0.00  0.0    0  5.6 12 140   M    M   0        14 190
================================================================================
SM 1072  586       141   0  0.20     0.0 106.7          M       43
================================================================================
AV 71.5 39.1                               7.1 FASTST   M    M   3    MAX(MPH)
                                 MISC ---->  # 44  10               # 55   20
================================================================================
NOTES:
# LAST OF SEVERAL OCCURRENCES

COLUMN 17 PEAK WIND IN M.P.H.

PRELIMINARY LOCAL CLIMATOLOGICAL DATA (WS FORM: F-6) , PAGE 2

                                          STATION:  PUEBLO CO
                                          MONTH:    OCTOBER
                                          YEAR:     2017
                                          LATITUDE:   38 16 N
                                          LONGITUDE: 104 31 W

[TEMPERATURE DATA]      [PRECIPITATION DATA]       SYMBOLS USED IN COLUMN 16

AVERAGE MONTHLY: 55.3   TOTAL FOR MONTH:   0.20    1 = FOG OR MIST
DPTR FM NORMAL:   0.5   DPTR FM NORMAL:   -0.16    2 = FOG REDUCING VISIBILITY
HIGHEST:    86 ON 12    GRTST 24HR  0.12 ON  4- 4      TO 1/4 MILE OR LESS
LOWEST:     26 ON 15,10                            3 = THUNDER
                        SNOW, ICE PELLETS, HAIL    4 = ICE PELLETS
                        TOTAL MONTH:   0.0 INCH    5 = HAIL
                        GRTST 24HR     0.0         6 = FREEZING RAIN OR DRIZZLE
                        GRTST DEPTH:   0           7 = DUSTSTORM OR SANDSTORM:
                                                       VSBY 1/2 MILE OR LESS
                                                   8 = SMOKE OR HAZE
[NO. OF DAYS WITH]      [WEATHER - DAYS WITH]      9 = BLOWING SNOW
                                                   X = TORNADO
MAX 32 OR BELOW:   0    0.01 INCH OR MORE:   2
MAX 90 OR ABOVE:   0    0.10 INCH OR MORE:   1
MIN 32 OR BELOW:   4    0.50 INCH OR MORE:   0
MIN  0 OR BELOW:   0    1.00 INCH OR MORE:   0

[HDD (BASE 65) ]
TOTAL THIS MO.   141    CLEAR  (SCALE 0-3)  10
DPTR FM NORMAL   -15    PTCLDY (SCALE 4-7)   2
TOTAL FM JUL 1   228    CLOUDY (SCALE 8-10)  3
DPTR FM NORMAL   -26

[CDD (BASE 65) ]
TOTAL THIS MO.     0
DPTR FM NORMAL     0    [PRESSURE DATA]
TOTAL FM JAN 1  1027    HIGHEST SLP M ON M
DPTR FM NORMAL   133    LOWEST  SLP 29.57 ON  8

[REMARKS]
