929
CXUS56 KOTX 011500
CF6PUW
PRELIMINARY LOCAL CLIMATOLOGICAL DATA (WS FORM: F-6)

                                          STATION:   PULLMAN-MOSCOW  AIRPORT
                                          MONTH:     APRIL
                                          YEAR:      2016
                                          LATITUDE:   46 44 N
                                          LONGITUDE: 117  7 W

  TEMPERATURE IN F:       :PCPN:    SNOW:  WIND      :SUNSHINE: SKY     :PK WND
================================================================================
1   2   3   4   5  6A  6B    7    8   9   10  11  12  13   14  15   16   17  18
                                     12Z  AVG MX 2MIN
DY MAX MIN AVG DEP HDD CDD  WTR  SNW DPTH SPD SPD DIR MIN PSBL S-S WX    SPD DR
================================================================================

 1  68  37  53  10  12   0 0.00    M    M  4.8 14  90   M    M   0        17 150
 2  67  43  55  11  10   0 0.00    M    M  7.3 21 280   M    M   0        26 260
 3  64  37  51   7  14   0 0.00    M    M  3.4 15 280   M    M   0        20 270
 4  53  36  45   1  20   0 0.35    M    M 16.3 32 250   M    M   8 13     41 250
 5  52  34  43  -1  22   0 0.00    M    M  9.7 20 260   M    M   2        27 260
 6  63  37  50   6  15   0 0.00    M    M  5.4 14 270   M    M   0        17 240
 7  76  45  61  17   4   0 0.00    M    M  7.7 18 100   M    M   0 8      22 100
 8  77  44  61  17   4   0 0.00    M    M  7.2 18 100   M    M   0 8      22 100
 9  71  40  56  11   9   0 0.00    M    M  4.5 16 250   M    M   0 8      20 260
10  67  35  51   6  14   0 0.00    M    M  2.9 10 310   M    M   0 8      17 260
11  67  35  51   6  14   0 0.00    M    M  3.2 12 270   M    M   1        14 260
12  55  45  50   5  15   0 0.06    M    M  6.9 20 240   M    M   7        24 230
13  54  41  48   3  17   0 0.08    M    M  8.7 24 230   M    M   8 1      30 230
14  50  39  45  -1  20   0 0.35    M    M  8.0 21 240   M    M   7 1      27 240
15  54  36  45  -1  20   0 0.00    M    M  5.4 14 290   M    M   7        16 290
16  62  36  49   3  16   0 0.00    M    M  4.5 13 120   M    M   0 8      16 130
17  71  39  55   9  10   0 0.00    M    M  6.2 18  90   M    M   0        21 100
18  76  42  59  13   6   0 0.00    M    M  6.7 20 100   M    M   0 8      24 100
19  77  44  61  14   4   0 0.00    M    M  5.6 16 100   M    M   0 8      19 100
20  82  45  64  17   1   0 0.00    M    M  6.7 17  90   M    M   0        19  90
21  78  46  62  15   3   0 0.00    M    M  7.0 22  30   M    M   0 8      24  30
22  73  52  63  16   2   0 0.28    M    M  6.6 31 220   M    M   3 3      39 220
23  56  47  52   4  13   0 0.03    M    M 12.5 25 260   M    M  10        35 260
24  57  42  50   2  15   0    T    M    M 12.6 21 240   M    M   5        26 240
25  58  35  47  -1  18   0 0.00    M    M 10.9 20 260   M    M   4        26 260
26  59  37  48   0  17   0 0.00    M    M  6.0 16 260   M    M   4 8      21 260
27  60  42  51   2  14   0 0.00    M    M  8.9 18 280   M    M   6        24 280
28  60  44  52   3  13   0    T    M    M  7.2 16 290   M    M   9        21 290
29  49  44  47  -2  18   0 0.34    M    M  6.1 14 280   M    M  10 1      17 290
30  58  41  50   1  15   0 0.34    M    M  3.9 15 320   M    M   7 18     18 330
================================================================================
SM 1914 1220       375   0  1.83    M    212.8          M       98
================================================================================
AV 63.8 40.7                               7.1 FASTST   M    M   3    MAX(MPH)
                                 MISC ---->  # 32 250               # 41  250
================================================================================
NOTES:
# LAST OF SEVERAL OCCURRENCES

COLUMN 17 PEAK WIND IN M.P.H.

PRELIMINARY LOCAL CLIMATOLOGICAL DATA (WS FORM: F-6) , PAGE 2

                                          STATION:  PULLMAN-MOSCOW  AIRPORT
                                          MONTH:    APRIL
                                          YEAR:     2016
                                          LATITUDE:   46 44 N
                                          LONGITUDE: 117  7 W

[TEMPERATURE DATA]      [PRECIPITATION DATA]       SYMBOLS USED IN COLUMN 16

AVERAGE MONTHLY: 52.2   TOTAL FOR MONTH:   1.83    1 = FOG OR MIST
DPTR FM NORMAL:   6.1   DPTR FM NORMAL:    0.27    2 = FOG REDUCING VISIBILITY
HIGHEST:    82 ON 20    GRTST 24HR  0.44 ON 29-30      TO 1/4 MILE OR LESS
LOWEST:     34 ON  5                               3 = THUNDER
                        SNOW, ICE PELLETS, HAIL    4 = ICE PELLETS
                        TOTAL MONTH:    M          5 = HAIL
                        GRTST 24HR    M  ON   M    6 = FREEZING RAIN OR DRIZZLE
                        GRTST DEPTH:  M  ON   M    7 = DUSTSTORM OR SANDSTORM:
                                                       VSBY 1/2 MILE OR LESS
                                                   8 = SMOKE OR HAZE
[NO. OF DAYS WITH]      [WEATHER - DAYS WITH]      9 = BLOWING SNOW
                                                   X = TORNADO
MAX 32 OR BELOW:   0    0.01 INCH OR MORE:   8
MAX 90 OR ABOVE:   0    0.10 INCH OR MORE:   5
MIN 32 OR BELOW:   0    0.50 INCH OR MORE:   0
MIN  0 OR BELOW:   0    1.00 INCH OR MORE:   0

[HDD (BASE 65) ]
TOTAL THIS MO.   375    CLEAR  (SCALE 0-3)  17
DPTR FM NORMAL  -193    PTCLDY (SCALE 4-7)  10
TOTAL FM JUL 1  5162    CLOUDY (SCALE 8-10)  3
DPTR FM NORMAL  -865

[CDD (BASE 65) ]
TOTAL THIS MO.     0
DPTR FM NORMAL     0    [PRESSURE DATA]
TOTAL FM JAN 1     0    HIGHEST SLP 30.54 ON  5
DPTR FM NORMAL     0    LOWEST  SLP 29.52 ON 22

[REMARKS]
#FINAL-04-16#
