000
CXUS56 KOTX 180900
CF6PUW
PRELIMINARY LOCAL CLIMATOLOGICAL DATA (WS FORM: F-6)

                                          STATION:   PULLMAN-MOSCOW  AIRPORT
                                          MONTH:     DECEMBER
                                          YEAR:      2014
                                          LATITUDE:   46 44 N
                                          LONGITUDE: 117  7 W

  TEMPERATURE IN F:       :PCPN:    SNOW:  WIND      :SUNSHINE: SKY     :PK WND
================================================================================
1   2   3   4   5  6A  6B    7    8   9   10  11  12  13   14  15   16   17  18
                                     12Z  AVG MX 2MIN
DY MAX MIN AVG DEP HDD CDD  WTR  SNW DPTH SPD SPD DIR MIN PSBL S-S WX    SPD DR
================================================================================

 1  27  13  20 -12  45   0    T    M    M  5.9 16  90   M    M   8 1      18  90
 2  33  16  25  -7  40   0 0.00    M    M  3.5 12 100   M    M   5 18     14 100
 3  35  17  26  -6  39   0    T    M    M  3.7 13  90   M    M   5 12     16 100
 4  37  26  32   1  33   0 0.23    M    M  3.5  9 100   M    M  10 16     11  90
 5  47  30  39   8  26   0    T    M    M  8.4 16 100   M    M   5 12     18  90
 6  48  31  40   9  25   0 0.31    M    M  8.3 21  90   M    M   6 16     24 100
 7  45  35  40   9  25   0 0.00    M    M 10.8 17 100   M    M   0        20  90
 8  51  38  45  14  20   0 0.00    M    M 12.1 17 100   M    M   3        21 100
 9  51  42  47  17  18   0 0.03    M    M 10.9 17 120   M    M   8        22 130
10  56  44  50  20  15   0 0.01    M    M 14.6 26 200   M    M   4        34 190
11  55  47  51  21  14   0 0.09    M    M 10.8 23 130   M    M   9        29 140
12  51  40  46  16  19   0 0.58    M    M  7.1 17 250   M    M  10 1      22 240
13  43  29  36   6  29   0 0.00    M    M  8.1 18 250   M    M   6        24 250
14  43  26  35   5  30   0 0.00    M    M  3.6 10 100   M    M   2 12     13 160
15  39  29  34   4  31   0 0.00    M    M 11.0 18 110   M    M   0        22 120
16  40  33  37   7  28   0 0.00    M    M  9.6 17 100   M    M  10        21 100
17  42  33  38   8  27   0    T    M    M  9.3 17  90   M    M   7        21  90
================================================================================
SM  743  529       464   0  1.25    M    141.2          M       98
================================================================================
AV 43.7 31.1                               8.3 FASTST   M    M   6    MAX(MPH)
                                 MISC ---->  # 26 200               # 34  190
================================================================================
NOTES:
# LAST OF SEVERAL OCCURRENCES

COLUMN 17 PEAK WIND IN M.P.H.

PRELIMINARY LOCAL CLIMATOLOGICAL DATA (WS FORM: F-6) , PAGE 2

                                          STATION:  PULLMAN-MOSCOW  AIRPORT
                                          MONTH:    DECEMBER
                                          YEAR:     2014
                                          LATITUDE:   46 44 N
                                          LONGITUDE: 117  7 W

[TEMPERATURE DATA]      [PRECIPITATION DATA]       SYMBOLS USED IN COLUMN 16

AVERAGE MONTHLY: 37.4   TOTAL FOR MONTH:   1.25    1 = FOG OR MIST
DPTR FM NORMAL:   6.8   DPTR FM NORMAL:    0.32    2 = FOG REDUCING VISIBILITY
HIGHEST:    56 ON 10    GRTST 24HR  0.58 ON 12-12      TO 1/4 MILE OR LESS
LOWEST:     13 ON  1                               3 = THUNDER
                        SNOW, ICE PELLETS, HAIL    4 = ICE PELLETS
                        TOTAL MONTH:    M          5 = HAIL
                        GRTST 24HR    M  ON   M    6 = FREEZING RAIN OR DRIZZLE
                        GRTST DEPTH:  M  ON   M    7 = DUSTSTORM OR SANDSTORM:
                                                       VSBY 1/2 MILE OR LESS
                                                   8 = SMOKE OR HAZE
[NO. OF DAYS WITH]      [WEATHER - DAYS WITH]      9 = BLOWING SNOW
                                                   X = TORNADO
MAX 32 OR BELOW:   1    0.01 INCH OR MORE:   6
MAX 90 OR ABOVE:   0    0.10 INCH OR MORE:   3
MIN 32 OR BELOW:   9    0.50 INCH OR MORE:   1
MIN  0 OR BELOW:   0    1.00 INCH OR MORE:   0

[HDD (BASE 65) ]
TOTAL THIS MO.   464    CLEAR  (SCALE 0-3)   3
DPTR FM NORMAL  -120    PTCLDY (SCALE 4-7)  10
TOTAL FM JUL 1  1801    CLOUDY (SCALE 8-10)  4
DPTR FM NORMAL  -527

[CDD (BASE 65) ]
TOTAL THIS MO.     0
DPTR FM NORMAL     0    [PRESSURE DATA]
TOTAL FM JAN 1   346    HIGHEST SLP M ON M
DPTR FM NORMAL   133    LOWEST  SLP  0.00 ON M

[REMARKS]
