000
CXUS51 KBOX 181200
CF6PVD
PRELIMINARY LOCAL CLIMATOLOGICAL DATA (WS FORM: F-6)

                                          STATION:   PROVIDENCE RI
                                          MONTH:     APRIL
                                          YEAR:      2014
                                          LATITUDE:   41 43 N
                                          LONGITUDE:  71 26 W

  TEMPERATURE IN F:       :PCPN:    SNOW:  WIND      :SUNSHINE: SKY     :PK WND
================================================================================
1   2   3   4   5  6A  6B    7    8   9   10  11  12  13   14  15   16   17  18
                                     12Z  AVG MX 2MIN
DY MAX MIN AVG DEP HDD CDD  WTR  SNW DPTH SPD SPD DIR MIN PSBL S-S WX    SPD DR
================================================================================

 1  54  35  45   1  20   0 0.00  0.0    0 10.7 21 360   M    M   6        27 360
 2  54  31  43  -1  22   0 0.00  0.0    0  6.1 14 150   M    M   5        17 210
 3  62  33  48   3  17   0 0.00  0.0    0  7.2 21 160   M    M   3        26 150
 4  52  38  45   0  20   0 0.16  0.0    0  8.0 18 110   M    M   8 1      23 110
 5  55  37  46   0  19   0 0.06  0.0    0 12.0 22 300   M    M   7 1      29 300
 6  59  30  45  -1  20   0 0.00  0.0    0  7.2 15 270   M    M   0        19 270
 7  53  35  44  -2  21   0 0.21  0.0    0  6.5 16 140   M    M   7 1      24 150
 8  62  46  54   7  11   0 1.00  0.0    0 10.6 25 290   M    M   9 1      38 280
 9  61  39  50   3  15   0 0.00  0.0    0 11.6 23 300   M    M   2        29 340
10  56  30  43  -4  22   0 0.00  0.0    0 11.3 25 210   M    M   2        37 240
11  71  48  60  12   5   0    T  0.0    0  8.1 20 210   M    M   7        24 220
12  70  47  59  11   6   0 0.00  0.0    0  8.6 17 260   M    M   5 1      22 270
13  65  42  54   6  11   0 0.00  0.0    0 10.7 21 140   M    M   4        36 120
14  72  57  65  16   0   0    T  0.0    0 18.4 37 220   M    M   6        48 220
15  66  39  53   4  12   0 1.53  0.0    0 21.5 36 190   M    M  10 1      48 210
16  47  32  40  -9  25   0 0.42  0.3    0 13.0 24 340   M    M   4 1      35 340
17  46  31  39 -11  26   0 0.00  0.0    0 12.8 22  40   M    M   4        30  40
================================================================================
SM 1005  650       272   0  3.38     0.3 184.3          M       89
================================================================================
AV 59.1 38.2                              10.8 FASTST   M    M   5    MAX(MPH)
                                 MISC ---->  # 37 220               # 48  220
================================================================================
NOTES:
# LAST OF SEVERAL OCCURRENCES

COLUMN 17 PEAK WIND IN M.P.H.

PRELIMINARY LOCAL CLIMATOLOGICAL DATA (WS FORM: F-6) , PAGE 2

                                          STATION:  PROVIDENCE RI
                                          MONTH:    APRIL
                                          YEAR:     2014
                                          LATITUDE:   41 43 N
                                          LONGITUDE:  71 26 W

[TEMPERATURE DATA]      [PRECIPITATION DATA]       SYMBOLS USED IN COLUMN 16

AVERAGE MONTHLY: 48.7   TOTAL FOR MONTH:   3.38    1 = FOG OR MIST
DPTR FM NORMAL:   1.7   DPTR FM NORMAL:    0.73    2 = FOG REDUCING VISIBILITY
HIGHEST:    72 ON 14    GRTST 24HR  1.91 ON 15-16      TO 1/4 MILE OR LESS
LOWEST:     30 ON 10, 6                            3 = THUNDER
                        SNOW, ICE PELLETS, HAIL    4 = ICE PELLETS
                        TOTAL MONTH:   0.3 INCH    5 = HAIL
                        GRTST 24HR   0.3 ON   M    6 = FREEZING RAIN OR DRIZZLE
                        GRTST DEPTH:   0           7 = DUSTSTORM OR SANDSTORM:
                                                       VSBY 1/2 MILE OR LESS
                                                   8 = SMOKE OR HAZE
[NO. OF DAYS WITH]      [WEATHER - DAYS WITH]      9 = BLOWING SNOW
                                                   X = TORNADO
MAX 32 OR BELOW:   0    0.01 INCH OR MORE:   6
MAX 90 OR ABOVE:   0    0.10 INCH OR MORE:   5
MIN 32 OR BELOW:   5    0.50 INCH OR MORE:   2
MIN  0 OR BELOW:   0    1.00 INCH OR MORE:   2

[HDD (BASE 65) ]
TOTAL THIS MO.   272    CLEAR  (SCALE 0-3)   4
DPTR FM NORMAL   -36    PTCLDY (SCALE 4-7)  11
TOTAL FM JUL 1  5498    CLOUDY (SCALE 8-10)  2
DPTR FM NORMAL   319

[CDD (BASE 65) ]
TOTAL THIS MO.     0
DPTR FM NORMAL     0    [PRESSURE DATA]
TOTAL FM JAN 1     0    HIGHEST SLP M ON M
DPTR FM NORMAL     0    LOWEST  SLP 29.30 ON  8

[REMARKS]
