000
CXUS51 KGYX 270900
CF6PWM
PRELIMINARY LOCAL CLIMATOLOGICAL DATA (WS FORM: F-6)

                                          STATION:   PORTLAND ME
                                          MONTH:     APRIL
                                          YEAR:      2017
                                          LATITUDE:   43 39 N
                                          LONGITUDE:  70 19 W

  TEMPERATURE IN F:       :PCPN:    SNOW:  WIND      :SUNSHINE: SKY     :PK WND
================================================================================
1   2   3   4   5  6A  6B    7    8   9   10  11  12  13   14  15   16   17  18
                                     12Z  AVG MX 2MIN
DY MAX MIN AVG DEP HDD CDD  WTR  SNW DPTH SPD SPD DIR MIN PSBL S-S WX    SPD DR
================================================================================

 1  34  32  33  -6  32   0 0.75  7.9    8 12.8 25  50   M    M  10 1      34  60
 2  50  31  41   2  24   0    T    T    5  6.9 18 350   M    M   5 1      26 340
 3  52  26  39  -1  26   0 0.00  0.0    5  5.7 16 310   M    M   3        23 340
 4  41  34  38  -2  27   0 0.72    T    3 11.8 22  80   M    M   8 1      32  90
 5  43  34  39  -1  26   0 0.01    T    2  7.5 16  40   M    M  10 1      22  40
 6  46  36  41   0  24   0 1.83  0.0    1 11.4 25  70   M    M  10 123    30  80
 7  51  40  46   5  19   0    T  0.0    T  8.0 20 180   M    M   9 12     30 180
 8  49  37  43   2  22   0 0.00  0.0    0 11.9 22 300   M    M   9        30 310
 9  59  29  44   2  21   0 0.00  0.0    0  5.4 15 280   M    M   2        20 320
10  66  33  50   8  15   0 0.00  0.0    0  6.1 14 190   M    M   3        22 180
11  76  41  59  17   6   0 0.00  0.0    0  4.4  9  90   M    M   4         M  M
12  60  44  52   9  13   0 0.20  0.0    0  4.0 15 150   M    M   7 12      M  M
13  60  34  47   4  18   0 0.00  0.0    0  9.3 20 340   M    M   4        30 330
14  61  32  47   3  18   0 0.00  0.0    0  7.5 14  10   M    M   0        22 350
15  63  30  47   3  18   0    T  0.0    0  8.8 17 180   M    M   3        31 170
16  86  47  67  23   0   2 0.03  0.0    0 10.2 22 290   M    M   3 1      35 280
17  69  44  57  12   8   0 0.00  0.0    0 12.0 20 320   M    M   5        33 280
18  49  32  41  -4  24   0 0.00  0.0    0  7.0 14 110   M    M   6        22 110
19  46  30  38  -7  27   0 0.16    M    0  8.8 18 170   M    M   8 1      37 150
20  54  42  48   2  17   0 0.00  0.0    0  7.8 13  80   M    M  10 1      18 200
21  42  39  41  -5  24   0 0.36    T    0 12.3 15  80   M    M  10 1      23  80
22  42  36  39  -7  26   0 0.13  0.0    0  6.7 10  50   M    M   6 1      14 250
23  60  34  47   0  18   0 0.00  0.0    0  8.3 15 190   M    M   2 12     31 170
24  62  35  49   2  16   0 0.00  0.0    0  6.4 15  80   M    M   2        20  90
25  48  41  45  -2  20   0 0.54  0.0    0  9.8 14  80   M    M  10 12     27  70
26  54  45  50   2  15   0 1.31  0.0    0  7.5 14  60   M    M  10 1      17  70
================================================================================
SM 1423  938       504   2  6.04     7.9 218.3          M      159
================================================================================
AV 54.7 36.1                               8.4 FASTST   M    M   6    MAX(MPH)
                                 MISC ---->  # 25  50               # 37  150
================================================================================
NOTES:
# LAST OF SEVERAL OCCURRENCES

COLUMN 17 PEAK WIND IN M.P.H.

PRELIMINARY LOCAL CLIMATOLOGICAL DATA (WS FORM: F-6) , PAGE 2

                                          STATION:  PORTLAND ME
                                          MONTH:    APRIL
                                          YEAR:     2017
                                          LATITUDE:   43 39 N
                                          LONGITUDE:  70 19 W

[TEMPERATURE DATA]      [PRECIPITATION DATA]       SYMBOLS USED IN COLUMN 16

AVERAGE MONTHLY: 45.4   TOTAL FOR MONTH:   6.04    1 = FOG OR MIST
DPTR FM NORMAL:   2.1   DPTR FM NORMAL:    2.31    2 = FOG REDUCING VISIBILITY
HIGHEST:    86 ON 16    GRTST 24HR  1.83 ON  6- 6      TO 1/4 MILE OR LESS
LOWEST:     26 ON  3                               3 = THUNDER
                        SNOW, ICE PELLETS, HAIL    4 = ICE PELLETS
                        TOTAL MONTH:   7.9 INCHES  5 = HAIL
                        GRTST 24HR   7.9 ON  1- 1  6 = FREEZING RAIN OR DRIZZLE
                        GRTST DEPTH:   8 ON  1     7 = DUSTSTORM OR SANDSTORM:
                                                       VSBY 1/2 MILE OR LESS
                                                   8 = SMOKE OR HAZE
[NO. OF DAYS WITH]      [WEATHER - DAYS WITH]      9 = BLOWING SNOW
                                                   X = TORNADO
MAX 32 OR BELOW:   0    0.01 INCH OR MORE:  11
MAX 90 OR ABOVE:   0    0.10 INCH OR MORE:   9
MIN 32 OR BELOW:   8    0.50 INCH OR MORE:   5
MIN  0 OR BELOW:   0    1.00 INCH OR MORE:   2

[HDD (BASE 65) ]
TOTAL THIS MO.   504    CLEAR  (SCALE 0-3)   5
DPTR FM NORMAL   -59    PTCLDY (SCALE 4-7)  11
TOTAL FM JUL 1  6096    CLOUDY (SCALE 8-10) 10
DPTR FM NORMAL  -485

[CDD (BASE 65) ]
TOTAL THIS MO.     2
DPTR FM NORMAL     2    [PRESSURE DATA]
TOTAL FM JAN 1     2    HIGHEST SLP M ON M
DPTR FM NORMAL     2    LOWEST  SLP 29.22 ON  7

[REMARKS]
