000
CXUS51 KGYX 281000
CF6PWM
PRELIMINARY LOCAL CLIMATOLOGICAL DATA (WS FORM: F-6)

                                          STATION:   PORTLAND ME
                                          MONTH:     JULY
                                          YEAR:      2015
                                          LATITUDE:   43 39 N
                                          LONGITUDE:  70 19 W

  TEMPERATURE IN F:       :PCPN:    SNOW:  WIND      :SUNSHINE: SKY     :PK WND
================================================================================
1   2   3   4   5  6A  6B    7    8   9   10  11  12  13   14  15   16   17  18
                                     12Z  AVG MX 2MIN
DY MAX MIN AVG DEP HDD CDD  WTR  SNW DPTH SPD SPD DIR MIN PSBL S-S WX    SPD DR
================================================================================

 1  68  60  64  -4   1   0 0.26  0.0    0  5.1 15 180   M    M   7 1      22 180
 2  78  58  68   0   0   3 0.00  0.0    0  9.4 22 290   M    M   5        29 250
 3  80  54  67  -1   0   2 0.00  0.0    0  5.0 14 150   M    M   2        20 230
 4  71  53  62  -6   3   0    T  0.0    0  3.2  9 160   M    M   7 1      12 160
 5  82  55  69   1   0   4 0.00  0.0    0  4.1 12 180   M    M   3 1      17 220
 6  82  60  71   3   0   6 0.00  0.0    0  4.9 15 180   M    M   2        20 200
 7  76  58  67  -2   0   2 0.04  0.0    0  6.9 20 190   M    M   4 1      25 190
 8  84  62  73   4   0   8    T  0.0    0  6.9 15  10   M    M   5 1      19  10
 9  72  58  65  -4   0   0    T  0.0    0  4.0  9 170   M    M   7        12 150
10  84  61  73   4   0   8 0.00  0.0    0  8.1 17  10   M    M   5        23 320
11  87  60  74   5   0   9 0.00  0.0    0  7.7 15 300   M    M   2        21 320
12  90  64  77   8   0  12 0.00  0.0    0  6.3 15 280   M    M   3        19 260
13  78  60  69   0   0   4 0.00  0.0    0  4.4 12  40   M    M   3 18     14 120
14  76  60  68  -1   0   3 0.01  0.0    0  4.8 16 180   M    M   8 12     21 160
15  82  62  72   3   0   7 0.01  0.0    0  8.9 20 350   M    M   8 128    24 340
16  76  55  66  -3   0   1 0.00  0.0    0  6.9 17 350   M    M   2        23 350
17  74  51  63  -7   2   0    T  0.0    0  4.3 13 150   M    M   5 8      15 150
18  70  63  67  -3   0   2 0.10  0.0    0  6.9 15 190   M    M  10 1      21 170
19  81  64  73   3   0   8 0.62  0.0    0  4.7 13  30   M    M   8 123    17  30
20  84  62  73   3   0   8 0.00  0.0    0  4.2 12  90   M    M   6 12     16 160
21  70  60  65  -5   0   0 0.01  0.0    0  6.0 12 360   M    M   9 123    14  90
22  82  57  70   0   0   5 0.00  0.0    0  7.1 18 310   M    M   3 12     24 290
23  78  57  68  -2   0   3    T  0.0    0  4.6 12 300   M    M   4        14 150
24  76  55  66  -4   0   1    T  0.0    0  6.5 15 280   M    M   5 3      19 280
25  67  59  63  -7   2   0 0.00  0.0    0  6.2 13  90   M    M   8        16 100
26  67  59  63  -7   2   0 0.11  0.0    0  5.3 14 170   M    M  10 1      19 190
27  77  63  70   0   0   5 0.00  0.0    0  4.5 12 170   M    M   7 12     20 130
================================================================================
SM 2092 1590        10 101  1.16     0.0 156.9          M      148
================================================================================
AV 77.5 58.9                               5.8 FASTST   M    M   5    MAX(MPH)
                                 MISC ---->  # 22 290               # 29  250
================================================================================
NOTES:
# LAST OF SEVERAL OCCURRENCES

COLUMN 17 PEAK WIND IN M.P.H.

PRELIMINARY LOCAL CLIMATOLOGICAL DATA (WS FORM: F-6) , PAGE 2

                                          STATION:  PORTLAND ME
                                          MONTH:    JULY
                                          YEAR:     2015
                                          LATITUDE:   43 39 N
                                          LONGITUDE:  70 19 W

[TEMPERATURE DATA]      [PRECIPITATION DATA]       SYMBOLS USED IN COLUMN 16

AVERAGE MONTHLY: 68.2   TOTAL FOR MONTH:   1.16    1 = FOG OR MIST
DPTR FM NORMAL:  -1.0   DPTR FM NORMAL:   -1.99    2 = FOG REDUCING VISIBILITY
HIGHEST:    90 ON 12    GRTST 24HR  0.62 ON 19-19      TO 1/4 MILE OR LESS
LOWEST:     51 ON 17                               3 = THUNDER
                        SNOW, ICE PELLETS, HAIL    4 = ICE PELLETS
                        TOTAL MONTH:   0.0 INCH    5 = HAIL
                        GRTST 24HR     0.0         6 = FREEZING RAIN OR DRIZZLE
                        GRTST DEPTH:   0           7 = DUSTSTORM OR SANDSTORM:
                                                       VSBY 1/2 MILE OR LESS
                                                   8 = SMOKE OR HAZE
[NO. OF DAYS WITH]      [WEATHER - DAYS WITH]      9 = BLOWING SNOW
                                                   X = TORNADO
MAX 32 OR BELOW:   0    0.01 INCH OR MORE:   8
MAX 90 OR ABOVE:   1    0.10 INCH OR MORE:   4
MIN 32 OR BELOW:   0    0.50 INCH OR MORE:   1
MIN  0 OR BELOW:   0    1.00 INCH OR MORE:   0

[HDD (BASE 65) ]
TOTAL THIS MO.    10    CLEAR  (SCALE 0-3)   6
DPTR FM NORMAL    -2    PTCLDY (SCALE 4-7)  17
TOTAL FM JUL 1    10    CLOUDY (SCALE 8-10)  4
DPTR FM NORMAL    -2

[CDD (BASE 65) ]
TOTAL THIS MO.   101
DPTR FM NORMAL   -24    [PRESSURE DATA]
TOTAL FM JAN 1   184    HIGHEST SLP M ON M
DPTR FM NORMAL    -5    LOWEST  SLP 29.53 ON 21

[REMARKS]
