000
CXUS56 KSGX 221445
CF6RAL
PRELIMINARY LOCAL CLIMATOLOGICAL DATA (WS FORM: F-6)

                                          STATION:   RIVERSIDE MUNI AIRPORT CA
                                          MONTH:     DECEMBER
                                          YEAR:      2014
                                          LATITUDE:   33 57 N
                                          LONGITUDE: 117 27 W

  TEMPERATURE IN F:       :PCPN:    SNOW:  WIND      :SUNSHINE: SKY     :PK WND
================================================================================
1   2   3   4   5  6A  6B    7    8   9   10  11  12  13   14  15   16   17  18
                                     12Z  AVG MX 2MIN
DY MAX MIN AVG DEP HDD CDD  WTR  SNW DPTH SPD SPD DIR MIN PSBL S-S WX    SPD DR
================================================================================

 1  69  53  61   5   4   0 0.00  0.0    0  2.0  7  70   M    M   7 1       8  80
 2  62  56  59   3   6   0 0.72  0.0    0  4.4 12  40   M    M   8 1      17  40
 3  67  58  63   7   2   0 0.33  0.0    0  1.2 14 280   M    M  10 18     27 260
 4  69  57  63   7   2   0 0.35  0.0    0  2.6  9 270   M    M   5 1      12 270
 5  68  53  61   6   4   0 0.00  0.0    0  1.6  7 270   M    M   3        11 270
 6  71  54  63   8   2   0 0.00  0.0    0  1.3  7 270   M    M   2 18      9 270
 7  77  49  63   8   2   0 0.00  0.0    0  3.4  9  60   M    M   3        13  40
 8  79  53  66  11   0   1 0.00  0.0    0  2.9  7  80   M    M   3         9  80
 9  80  50  65  10   0   0 0.00  0.0    0  2.8  7 280   M    M   0        11 300
10  72  47  60   5   5   0 0.00  0.0    0  3.2  8 280   M    M   1 18     11 270
11  68  53  61   7   4   0 0.00  0.0    0  2.9 10 140   M    M   5 128    14 130
12  61  51  56   2   9   0 1.07  0.0    0  6.5 26 250   M    M   9 13     34 250
13  61  47  54   0  11   0 0.00  0.0    0  2.3  9 270   M    M   3 1      13 260
14  62  41  52  -2  13   0 0.00  0.0    0  2.3  8  40   M    M   4 8      10  40
15  63  43  53  -1  12   0 0.00  0.0    0  2.4  7  50   M    M   4         9 240
16  60  49  55   1  10   0 0.01  0.0    0  3.2 13 140   M    M   9        14 140
17  61  48  55   1  10   0 0.41    M    0  3.6 14 260   M    M   8 1      19 270
18  62  45  54   0  11   0 0.00  0.0    0  2.1  7 280   M    M   2        10 280
19  64  43  54   0  11   0 0.00  0.0    0  3.5  9 270   M    M   2 1      14 240
20  59  45  52  -2  13   0 0.00  0.0    0  2.1  7  40   M    M   3 18      8  50
21  67  43  55   1  10   0 0.00  0.0    0  1.9  7  70   M    M   0 18      8  70
================================================================================
SM 1402 1038       141   1  2.89     0.0  58.2          M       91
================================================================================
AV 66.8 49.4                               2.8 FASTST   M    M   4    MAX(MPH)
                                 MISC ---->  # 26 250               # 34  250
================================================================================
NOTES:
# LAST OF SEVERAL OCCURRENCES

COLUMN 17 PEAK WIND IN M.P.H.

PRELIMINARY LOCAL CLIMATOLOGICAL DATA (WS FORM: F-6) , PAGE 2

                                          STATION:  RIVERSIDE MUNI AIRPORT CA
                                          MONTH:    DECEMBER
                                          YEAR:     2014
                                          LATITUDE:   33 57 N
                                          LONGITUDE: 117 27 W

[TEMPERATURE DATA]      [PRECIPITATION DATA]       SYMBOLS USED IN COLUMN 16

AVERAGE MONTHLY: 58.1   TOTAL FOR MONTH:   2.89    1 = FOG OR MIST
DPTR FM NORMAL:   3.4   DPTR FM NORMAL:    2.07    2 = FOG REDUCING VISIBILITY
HIGHEST:    80 ON  9    GRTST 24HR  1.07 ON 12-12      TO 1/4 MILE OR LESS
LOWEST:     41 ON 14                               3 = THUNDER
                        SNOW, ICE PELLETS, HAIL    4 = ICE PELLETS
                        TOTAL MONTH:   0.0 INCH    5 = HAIL
                        GRTST 24HR     0.0         6 = FREEZING RAIN OR DRIZZLE
                        GRTST DEPTH:   0           7 = DUSTSTORM OR SANDSTORM:
                                                       VSBY 1/2 MILE OR LESS
                                                   8 = SMOKE OR HAZE
[NO. OF DAYS WITH]      [WEATHER - DAYS WITH]      9 = BLOWING SNOW
                                                   X = TORNADO
MAX 32 OR BELOW:   0    0.01 INCH OR MORE:   6
MAX 90 OR ABOVE:   0    0.10 INCH OR MORE:   5
MIN 32 OR BELOW:   0    0.50 INCH OR MORE:   2
MIN  0 OR BELOW:   0    1.00 INCH OR MORE:   1

[HDD (BASE 65) ]
TOTAL THIS MO.   141    CLEAR  (SCALE 0-3)  10
DPTR FM NORMAL   -76    PTCLDY (SCALE 4-7)   7
TOTAL FM JUL 1   205    CLOUDY (SCALE 8-10)  4
DPTR FM NORMAL  -212

[CDD (BASE 65) ]
TOTAL THIS MO.     1
DPTR FM NORMAL     1    [PRESSURE DATA]
TOTAL FM JAN 1  2344    HIGHEST SLP M ON M
DPTR FM NORMAL   590    LOWEST  SLP 29.82 ON 12

[REMARKS]
