000
CXUS54 KFWD 260730
CF6RBD
PRELIMINARY LOCAL CLIMATOLOGICAL DATA (WS FORM: F-6)

                                          STATION:   DALLAS EXECUTIVE
                                          MONTH:     APRIL
                                          YEAR:      2017
                                          LATITUDE:   32 40 N
                                          LONGITUDE:  96 52 W

  TEMPERATURE IN F:       :PCPN:    SNOW:  WIND      :SUNSHINE: SKY     :PK WND
================================================================================
1   2   3   4   5  6A  6B    7    8   9   10  11  12  13   14  15   16   17  18
                                     12Z  AVG MX 2MIN
DY MAX MIN AVG DEP HDD CDD  WTR  SNW DPTH SPD SPD DIR MIN PSBL S-S WX    SPD DR
================================================================================

 1  74  57  66   5   0   1 0.00  0.0    0 10.8 21 130   M    M   7        26 140
 2  71  59  65   3   0   0 1.21  0.0    0 10.3 26 290   M    M   8 13     35 270
 3  80  50  65   3   0   0 0.00  0.0    0  4.4 16 260   M    M   2        22 250
 4  84  58  71   9   0   6 0.00  0.0    0 11.7 31 300   M    M   0        41 300
 5  70  48  59  -3   6   0 0.00  0.0    0 18.3 33 300   M    M   1        41 300
 6  76  47  62   0   3   0 0.00  0.0    0  4.5 12 320   M    M   0        15 320
 7  78  49  64   1   1   0 0.00  0.0    0  6.4 16 160   M    M   0        21 160
 8  80  59  70   7   0   5 0.00  0.0    0 11.4 23 170   M    M   1        37 160
 9  82  65  74  11   0   9 0.00  0.0    0 11.3 21 170   M    M   6        35 140
10  79  68  74  11   0   9 0.09  0.0    0  7.9 18 170   M    M   7 13     29 160
11  74  61  68   4   0   3 0.17  0.0    0  7.0 13  90   M    M  10 13     15 360
12  75  61  68   4   0   3 0.00  0.0    0  5.8 15 130   M    M   6 1      20 140
13  79  60  70   6   0   5 0.00  0.0    0  7.9 20 140   M    M   3 1      24 140
14  79  65  72   8   0   7    T  0.0    0  8.2 18 160   M    M   7        27 140
15  79  64  72   7   0   7 0.00  0.0    0  8.3 16 150   M    M   M        25 170
16  79  65  72   7   0   7    T  0.0    0  6.8 15 140   M    M   3        20 180
17  77  63  70   5   0   5 3.15  0.0    0  7.5 24  10   M    M   5 123    31  10
18  80  62  71   5   0   6 0.00  0.0    0  5.7 17 140   M    M   4 12     23 130
19  82  63  73   7   0   8 0.00  0.0    0  8.1 17 160   M    M   5 1      27 160
20  83  70  77  11   0  12 0.00  0.0    0  8.0 16 140   M    M   5        25 180
21  83  62  73   7   0   8 0.06  0.0    0  9.3 22 350   M    M   5 13     27 350
22  62  50  56 -10   9   0 0.01  0.0    0 14.4 24 340   M    M   7 3      30 320
23  73  46  60  -7   5   0 0.00  0.0    0  8.6 17 320   M    M   0        24 350
24  76  49  63  -4   2   0 0.00  0.0    0  8.1 18 160   M    M   0        26 160
25  84  60  72   5   0   7 0.00  0.0    0 13.4 23 170   M    M   0        33 180
================================================================================
SM 1939 1461        26 108  4.69     0.0 224.1          M       92
================================================================================
AV 77.6 58.4                               9.0 FASTST   M    M   4    MAX(MPH)
                                 MISC ---->  # 33 300               # 41  300
================================================================================
NOTES:
# LAST OF SEVERAL OCCURRENCES

COLUMN 17 PEAK WIND IN M.P.H.

PRELIMINARY LOCAL CLIMATOLOGICAL DATA (WS FORM: F-6) , PAGE 2

                                          STATION:  DALLAS EXECUTIVE
                                          MONTH:    APRIL
                                          YEAR:     2017
                                          LATITUDE:   32 40 N
                                          LONGITUDE:  96 52 W

[TEMPERATURE DATA]      [PRECIPITATION DATA]       SYMBOLS USED IN COLUMN 16

AVERAGE MONTHLY: 68.0   TOTAL FOR MONTH:   4.69    1 = FOG OR MIST
DPTR FM NORMAL:   3.8   DPTR FM NORMAL:    1.97    2 = FOG REDUCING VISIBILITY
HIGHEST:    84 ON 25, 4 GRTST 24HR  3.15 ON 17-17      TO 1/4 MILE OR LESS
LOWEST:     46 ON 23                               3 = THUNDER
                        SNOW, ICE PELLETS, HAIL    4 = ICE PELLETS
                        TOTAL MONTH:   0.0 INCH    5 = HAIL
                        GRTST 24HR     0.0         6 = FREEZING RAIN OR DRIZZLE
                        GRTST DEPTH:   0           7 = DUSTSTORM OR SANDSTORM:
                                                       VSBY 1/2 MILE OR LESS
                                                   8 = SMOKE OR HAZE
[NO. OF DAYS WITH]      [WEATHER - DAYS WITH]      9 = BLOWING SNOW
                                                   X = TORNADO
MAX 32 OR BELOW:   0    0.01 INCH OR MORE:   6
MAX 90 OR ABOVE:   0    0.10 INCH OR MORE:   3
MIN 32 OR BELOW:   0    0.50 INCH OR MORE:   2
MIN  0 OR BELOW:   0    1.00 INCH OR MORE:   2

[HDD (BASE 65) ]
TOTAL THIS MO.    26    CLEAR  (SCALE 0-3)   9
DPTR FM NORMAL   -58    PTCLDY (SCALE 4-7)  13
TOTAL FM JUL 1  1349    CLOUDY (SCALE 8-10)  2
DPTR FM NORMAL  -885

[CDD (BASE 65) ]
TOTAL THIS MO.   108
DPTR FM NORMAL    42    [PRESSURE DATA]
TOTAL FM JAN 1   264    HIGHEST SLP M ON M
DPTR FM NORMAL   162    LOWEST  SLP 29.37 ON 25

[REMARKS]
