000
CXUS56 KSTO 231425
CF6RDD
PRELIMINARY LOCAL CLIMATOLOGICAL DATA (WS FORM: F-6)

                                          STATION:   REDDING AIRPORT CA
                                          MONTH:     OCTOBER
                                          YEAR:      2017
                                          LATITUDE:   40 30 N
                                          LONGITUDE: 122 18 W

  TEMPERATURE IN F:       :PCPN:    SNOW:  WIND      :SUNSHINE: SKY     :PK WND
================================================================================
1   2   3   4   5  6A  6B    7    8   9   10  11  12  13   14  15   16   17  18
                                     12Z  AVG MX 2MIN
DY MAX MIN AVG DEP HDD CDD  WTR  SNW DPTH SPD SPD DIR MIN PSBL S-S WX    SPD DR
================================================================================

 1  79  59  69  -1   0   4 0.00  0.0    0 13.8 26  20   M    M   0        32  20
 2  76  54  65  -4   0   0 0.00  0.0    0 12.5 26 360   M    M   0        36  20
 3  79  53  66  -3   0   1 0.00  0.0    0 16.5 33  30   M    M   1        43  30
 4  79  41  60  -9   5   0 0.00  0.0    0  2.2  8  20   M    M   0 8      12 160
 5  86  46  66  -2   0   1 0.00  0.0    0  5.7 13  20   M    M   0        21 220
 6  94  46  70   2   0   5 0.00  0.0    0  3.8 14 360   M    M   0        17 350
 7  89  49  69   1   0   4 0.00  0.0    0  3.3 12 150   M    M   0        13 150
 8  78  60  69   2   0   4 0.00  0.0    0 21.0 35 360   M    M   0        46 350
 9  85  52  69   2   0   4 0.00  0.0    0 10.6 28  10   M    M   0        35 360
10  78  45  62  -4   3   0 0.00  0.0    0  2.7 12 200   M    M   4 8      14 200
11  74  50  62  -4   3   0 0.00  0.0    0  7.5 18  20   M    M   1 8      25  20
12  76  52  64  -1   1   0 0.00  0.0    0  9.6 21 360   M    M   0        28 360
13  79  54  67   2   0   2 0.00  0.0    0  7.5 16 360   M    M   0        23 340
14  81  57  69   5   0   4 0.00  0.0    0 16.0 33  20   M    M   0        40  20
15  85  50  68   4   0   3 0.00  0.0    0  4.4 14 360   M    M   0        18  20
16  86  42  64   0   1   0 0.00  0.0    0  1.2  7 170   M    M   0         9 170
17  85  42  64   1   1   0 0.00  0.0    0  1.8  8 150   M    M   0        10 130
18  82  42  62  -1   3   0 0.00  0.0    0  2.7 10 140   M    M   0 8      12 140
19  69  44  57  -5   8   0 0.28    M    0  8.4 33 160   M    M   5 18     42 150
20  62  42  52 -10  13   0 0.05  0.0    0  3.9 17 190   M    M   4 8      24 190
21  66  41  54  -8  11   0 0.00  0.0    0  2.1  9 330   M    M   6        11 340
22  78  42  60  -1   5   0 0.00  0.0    0  2.3 10 350   M    M   0        13 360
================================================================================
SM 1746 1063        54  32  0.33     0.0 159.5          M       21
================================================================================
AV 79.4 48.3                               7.2 FASTST   M    M   1    MAX(MPH)
                                 MISC ---->  # 35 360               # 46  350
================================================================================
NOTES:
# LAST OF SEVERAL OCCURRENCES

COLUMN 17 PEAK WIND IN M.P.H.

PRELIMINARY LOCAL CLIMATOLOGICAL DATA (WS FORM: F-6) , PAGE 2

                                          STATION:  REDDING AIRPORT CA
                                          MONTH:    OCTOBER
                                          YEAR:     2017
                                          LATITUDE:   40 30 N
                                          LONGITUDE: 122 18 W

[TEMPERATURE DATA]      [PRECIPITATION DATA]       SYMBOLS USED IN COLUMN 16

AVERAGE MONTHLY: 63.8   TOTAL FOR MONTH:   0.33    1 = FOG OR MIST
DPTR FM NORMAL:  -1.7   DPTR FM NORMAL:   -0.88    2 = FOG REDUCING VISIBILITY
HIGHEST:    94 ON  6    GRTST 24HR  0.28 ON 19-19      TO 1/4 MILE OR LESS
LOWEST:     41 ON 21, 4                            3 = THUNDER
                        SNOW, ICE PELLETS, HAIL    4 = ICE PELLETS
                        TOTAL MONTH:   0.0 INCH    5 = HAIL
                        GRTST 24HR     0.0         6 = FREEZING RAIN OR DRIZZLE
                        GRTST DEPTH:   0           7 = DUSTSTORM OR SANDSTORM:
                                                       VSBY 1/2 MILE OR LESS
                                                   8 = SMOKE OR HAZE
[NO. OF DAYS WITH]      [WEATHER - DAYS WITH]      9 = BLOWING SNOW
                                                   X = TORNADO
MAX 32 OR BELOW:   0    0.01 INCH OR MORE:   2
MAX 90 OR ABOVE:   1    0.10 INCH OR MORE:   1
MIN 32 OR BELOW:   0    0.50 INCH OR MORE:   0
MIN  0 OR BELOW:   0    1.00 INCH OR MORE:   0

[HDD (BASE 65) ]
TOTAL THIS MO.    54    CLEAR  (SCALE 0-3)  18
DPTR FM NORMAL     0    PTCLDY (SCALE 4-7)   4
TOTAL FM JUL 1    61    CLOUDY (SCALE 8-10)  0
DPTR FM NORMAL    -1

[CDD (BASE 65) ]
TOTAL THIS MO.    32
DPTR FM NORMAL   -34    [PRESSURE DATA]
TOTAL FM JAN 1  2421    HIGHEST SLP M ON M
DPTR FM NORMAL   580    LOWEST  SLP 29.59 ON 19

[REMARKS]
