000
CXUS56 KSTO 201355
CF6RDD
PRELIMINARY LOCAL CLIMATOLOGICAL DATA (WS FORM: F-6)

                                          STATION:   REDDING AIRPORT CA
                                          MONTH:     FEBRUARY
                                          YEAR:      2017
                                          LATITUDE:   40 30 N
                                          LONGITUDE: 122 18 W

  TEMPERATURE IN F:       :PCPN:    SNOW:  WIND      :SUNSHINE: SKY     :PK WND
================================================================================
1   2   3   4   5  6A  6B    7    8   9   10  11  12  13   14  15   16   17  18
                                     12Z  AVG MX 2MIN
DY MAX MIN AVG DEP HDD CDD  WTR  SNW DPTH SPD SPD DIR MIN PSBL S-S WX    SPD DR
================================================================================

 1  56  37  47   0  18   0 0.00  0.0    0  1.3  7  50   M    M   2 1       8 100
 2  50  44  47  -1  18   0 0.53  0.0    0  3.5 10 180   M    M  10 1      13 180
 3  58  50  54   6  11   0 0.55  0.0    0 22.5 37 170   M    M  10 1      49 170
 4  56  53  55   7  10   0    T  0.0    0 17.2 31 170   M    M   9 1      37 170
 5  57  50  54   6  11   0 0.19  0.0    0 16.0 36 180   M    M   9 1      44 170
 6  59  49  54   6  11   0 0.77    M    0 22.3 38 170   M    M  10 13     51 150
 7  64  51  58  10   7   0 1.00  0.0    0 17.5 39 170   M    M   8 1      53 170
 8  61  51  56   8   9   0 0.43  0.0    0 12.3 35 170   M    M  10 1      45 170
 9  61  56  59  10   6   0 0.25  0.0    0 22.8 43 170   M    M   9 1      52 170
10  61  48  55   6  10   0 0.44    M    0  5.1 17 270   M    M   9 1      26 310
11  62  44  53   4  12   0 0.00  0.0    0 12.3 29  10   M    M   1        33  10
12  70  48  59  10   6   0 0.00  0.0    0  8.0 17  20   M    M   0        22  10
13  60  41  51   2  14   0 0.00  0.0    0  1.5  8  80   M    M   0         8  80
14  69  34  52   3  13   0 0.00  0.0    0  2.2  8 280   M    M   0        10 280
15  57  48  53   3  12   0 0.02  0.0    0  2.7  9  90   M    M  10 1      10  90
16  64  50  57   7   8   0 0.59  0.0    0 16.7 33 180   M    M   8 18     45 170
17  51  48  50   0  15   0 1.35    M    0  6.8 16  10   M    M   9 1      19  10
18  60  46  53   3  12   0 0.87    M    0  6.1 23 190   M    M   7 13     32 190
19  53  47  50   0  15   0    T    M    0 24.6 37 170   M    M   9 1      48 170
================================================================================
SM 1129  895       218   0  6.99     0.0 221.4          M      130
================================================================================
AV 59.4 47.1                              11.7 FASTST   M    M   7    MAX(MPH)
                                 MISC ---->  # 43 170               # 53  170
================================================================================
NOTES:
# LAST OF SEVERAL OCCURRENCES

COLUMN 17 PEAK WIND IN M.P.H.

PRELIMINARY LOCAL CLIMATOLOGICAL DATA (WS FORM: F-6) , PAGE 2

                                          STATION:  REDDING AIRPORT CA
                                          MONTH:    FEBRUARY
                                          YEAR:     2017
                                          LATITUDE:   40 30 N
                                          LONGITUDE: 122 18 W

[TEMPERATURE DATA]      [PRECIPITATION DATA]       SYMBOLS USED IN COLUMN 16

AVERAGE MONTHLY: 53.3   TOTAL FOR MONTH:   6.99    1 = FOG OR MIST
DPTR FM NORMAL:   4.5   DPTR FM NORMAL:    3.21    2 = FOG REDUCING VISIBILITY
HIGHEST:    70 ON 12    GRTST 24HR  2.06 ON 17-18      TO 1/4 MILE OR LESS
LOWEST:     34 ON 14                               3 = THUNDER
                        SNOW, ICE PELLETS, HAIL    4 = ICE PELLETS
                        TOTAL MONTH:   0.0 INCH    5 = HAIL
                        GRTST 24HR     0.0         6 = FREEZING RAIN OR DRIZZLE
                        GRTST DEPTH:   0           7 = DUSTSTORM OR SANDSTORM:
                                                       VSBY 1/2 MILE OR LESS
                                                   8 = SMOKE OR HAZE
[NO. OF DAYS WITH]      [WEATHER - DAYS WITH]      9 = BLOWING SNOW
                                                   X = TORNADO
MAX 32 OR BELOW:   0    0.01 INCH OR MORE:  12
MAX 90 OR ABOVE:   0    0.10 INCH OR MORE:  11
MIN 32 OR BELOW:   0    0.50 INCH OR MORE:   7
MIN  0 OR BELOW:   0    1.00 INCH OR MORE:   2

[HDD (BASE 65) ]
TOTAL THIS MO.   218    CLEAR  (SCALE 0-3)   5
DPTR FM NORMAL   -90    PTCLDY (SCALE 4-7)   3
TOTAL FM JUL 1  1881    CLOUDY (SCALE 8-10) 11
DPTR FM NORMAL  -154

[CDD (BASE 65) ]
TOTAL THIS MO.     0
DPTR FM NORMAL     0    [PRESSURE DATA]
TOTAL FM JAN 1     0    HIGHEST SLP M ON M
DPTR FM NORMAL     0    LOWEST  SLP 29.28 ON 17

[REMARKS]
