000
CXUS56 KSTO 271355
CF6RDD
PRELIMINARY LOCAL CLIMATOLOGICAL DATA (WS FORM: F-6)

                                          STATION:   REDDING AIRPORT CA
                                          MONTH:     APRIL
                                          YEAR:      2017
                                          LATITUDE:   40 30 N
                                          LONGITUDE: 122 18 W

  TEMPERATURE IN F:       :PCPN:    SNOW:  WIND      :SUNSHINE: SKY     :PK WND
================================================================================
1   2   3   4   5  6A  6B    7    8   9   10  11  12  13   14  15   16   17  18
                                     12Z  AVG MX 2MIN
DY MAX MIN AVG DEP HDD CDD  WTR  SNW DPTH SPD SPD DIR MIN PSBL S-S WX    SPD DR
================================================================================

 1  85  56  71  16   0   6 0.00  0.0    0  8.3 20 350   M    M   0        27 350
 2  80  54  67  11   0   2 0.00  0.0    0 10.2 20  10   M    M   0        27 340
 3  74  49  62   6   3   0 0.00  0.0    0  8.6 20 360   M    M   0        28 330
 4  73  50  62   6   3   0 0.00  0.0    0  3.3  9 190   M    M   1 8      12 190
 5  70  50  60   4   5   0 0.01  0.0    0  3.6 23 310   M    M   2 8      29 290
 6  59  48  54  -2  11   0 1.94    M    0  9.2 39 170   M    M  10 1      50 180
 7  62  46  54  -2  11   0 0.45    M    0 18.3 37 170   M    M   8 138    43 180
 8  59  41  50  -6  15   0 0.00  0.0    0  4.0 21 180   M    M   4 12     24 180
 9  62  41  52  -5  13   0 0.00  0.0    0  7.3 20 170   M    M   4        27 170
10  65  45  55  -2  10   0    T    M    0  3.8 10 210   M    M   3        15 230
11  59  49  54  -3  11   0 0.30    M    0 10.3 30 170   M    M   9 1      38 160
12  59  48  54  -3  11   0 0.32  0.0    0 12.7 30 170   M    M   9 1      42 160
13  57  38  48  -9  17   0 0.11    M    0  3.6 18 160   M    M   7 13     23 170
14  63  33  48 -10  17   0 0.00  0.0    0  1.8  9 120   M    M   0 1      11 130
15  70  42  56  -2   9   0 0.00  0.0    0  3.9 13  10   M    M   0        16  10
16  58  44  51  -7  14   0 0.07  0.0    0  7.1 22 150   M    M   6 1      28 170
17  61  51  56  -2   9   0 0.03  0.0    0  6.1 22 170   M    M   9 1      27 160
18  69  53  61   2   4   0 0.00  0.0    0  6.7 14 190   M    M   7 3      17 180
19  64  49  57  -2   8   0 0.37    M    0  6.6 18 180   M    M   6 13     25 160
20  69  45  57  -2   8   0 0.01    M    0  3.0  9 220   M    M   1        12 340
21  82  48  65   6   0   0 0.00  0.0    0  5.4 15 360   M    M   0        20 360
22  71  49  60   0   5   0 0.03  0.0    0  5.2 17 160   M    M   2        19 160
23  71  47  59  -1   6   0 0.00  0.0    0  5.1 17 180   M    M   4        22 170
24  64  48  56  -4   9   0 0.18  0.0    0  9.3 26 160   M    M   7        31 170
25  67  47  57  -4   8   0 0.02  0.0    0  2.8 12 130   M    M   6        17  30
26  69  52  61   0   4   0 0.05  0.0    0  6.3 18 180   M    M   7 1      22 200
================================================================================
SM 1742 1223       211   8  3.89     0.0 172.5          M      112
================================================================================
AV 67.0 47.0                               6.6 FASTST   M    M   4    MAX(MPH)
                                 MISC ---->  # 39 170               # 50  180
================================================================================
NOTES:
# LAST OF SEVERAL OCCURRENCES

COLUMN 17 PEAK WIND IN M.P.H.

PRELIMINARY LOCAL CLIMATOLOGICAL DATA (WS FORM: F-6) , PAGE 2

                                          STATION:  REDDING AIRPORT CA
                                          MONTH:    APRIL
                                          YEAR:     2017
                                          LATITUDE:   40 30 N
                                          LONGITUDE: 122 18 W

[TEMPERATURE DATA]      [PRECIPITATION DATA]       SYMBOLS USED IN COLUMN 16

AVERAGE MONTHLY: 57.0   TOTAL FOR MONTH:   3.89    1 = FOG OR MIST
DPTR FM NORMAL:  -0.8   DPTR FM NORMAL:    1.70    2 = FOG REDUCING VISIBILITY
HIGHEST:    85 ON  1    GRTST 24HR  1.95 ON  5- 6      TO 1/4 MILE OR LESS
LOWEST:     33 ON 14                               3 = THUNDER
                        SNOW, ICE PELLETS, HAIL    4 = ICE PELLETS
                        TOTAL MONTH:   0.0 INCH    5 = HAIL
                        GRTST 24HR     0.0         6 = FREEZING RAIN OR DRIZZLE
                        GRTST DEPTH:   0           7 = DUSTSTORM OR SANDSTORM:
                                                       VSBY 1/2 MILE OR LESS
                                                   8 = SMOKE OR HAZE
[NO. OF DAYS WITH]      [WEATHER - DAYS WITH]      9 = BLOWING SNOW
                                                   X = TORNADO
MAX 32 OR BELOW:   0    0.01 INCH OR MORE:  14
MAX 90 OR ABOVE:   0    0.10 INCH OR MORE:   7
MIN 32 OR BELOW:   0    0.50 INCH OR MORE:   1
MIN  0 OR BELOW:   0    1.00 INCH OR MORE:   1

[HDD (BASE 65) ]
TOTAL THIS MO.   211    CLEAR  (SCALE 0-3)  11
DPTR FM NORMAL     6    PTCLDY (SCALE 4-7)  11
TOTAL FM JUL 1  2551    CLOUDY (SCALE 8-10)  4
DPTR FM NORMAL  -168

[CDD (BASE 65) ]
TOTAL THIS MO.     8
DPTR FM NORMAL    -8    [PRESSURE DATA]
TOTAL FM JAN 1     8    HIGHEST SLP M ON M
DPTR FM NORMAL   -11    LOWEST  SLP 29.54 ON  6

[REMARKS]
