000
CXUS51 KPHI 180800
CF6RDG
PRELIMINARY LOCAL CLIMATOLOGICAL DATA (WS FORM: F-6)

                                          STATION:   READING PA
                                          MONTH:     APRIL
                                          YEAR:      2014
                                          LATITUDE:   40 22 N
                                          LONGITUDE:  75 58 W

  TEMPERATURE IN F:       :PCPN:    SNOW:  WIND      :SUNSHINE: SKY     :PK WND
================================================================================
1   2   3   4   5  6A  6B    7    8   9   10  11  12  13   14  15   16   17  18
                                     12Z  AVG MX 2MIN
DY MAX MIN AVG DEP HDD CDD  WTR  SNW DPTH SPD SPD DIR MIN PSBL S-S WX    SPD DR
================================================================================

 1  60  30  45  -2  20   0 0.00    M    M  4.6 13 350   M    M   1        16 240
 2  61  41  51   4  14   0 0.15    M    M  2.2 10 190   M    M   4 1      13 190
 3  63  47  55   8  10   0 0.35    M    M  4.6 13  40   M    M   8 1      17  30
 4  48  42  45  -3  20   0 0.10    M    M  7.7 18 120   M    M  10 18     25 130
 5  52  37  45  -3  20   0 0.00    M    M 12.6 31 280   M    M   6 1      40 280
 6  59  31  45  -3  20   0 0.00    M    M  4.9 13 330   M    M   0        16 360
 7  49  35  42  -7  23   0 0.18    M    M  4.7 14  80   M    M   7 1      20  90
 8  62  41  52   3  13   0 0.06    M    M 11.0 30 300   M    M   6 13     38 260
 9  64  33  49   0  16   0 0.00    M    M  8.1 23 320   M    M   2 1      30 310
10  68  32  50   0  15   0 0.00    M    M  8.7 23 200   M    M   0        30 210
11  74  52  63  13   2   0 0.07    M    M  6.2 24 300   M    M   5 12     30 300
12  72  41  57   7   8   0 0.00    M    M  4.6 16 150   M    M   3 12     21 150
13  80  56  68  17   0   3 0.00    M    M  8.8 22 190   M    M   2 1      30 180
14  77  64  71  20   0   6 0.00    M    M 12.6 29 200   M    M   3        36 210
15  68  34  51   0  14   0 1.39    M    M 13.3 32 310   M    M  10 1      42 210
16  47  28  38 -14  27   0 0.00    M    M 11.8 30 320   M    M   0        41 320
17  54  31  43  -9  22   0 0.00    M    M  7.9 16 110   M    M   0        23 140
================================================================================
SM 1058  675       244   9  2.30    M    134.3          M       67
================================================================================
AV 62.2 39.7                               7.9 FASTST   M    M   4    MAX(MPH)
                                 MISC ---->  # 32 310               # 42  210
================================================================================
NOTES:
# LAST OF SEVERAL OCCURRENCES

COLUMN 17 PEAK WIND IN M.P.H.

PRELIMINARY LOCAL CLIMATOLOGICAL DATA (WS FORM: F-6) , PAGE 2

                                          STATION:  READING PA
                                          MONTH:    APRIL
                                          YEAR:     2014
                                          LATITUDE:   40 22 N
                                          LONGITUDE:  75 58 W

[TEMPERATURE DATA]      [PRECIPITATION DATA]       SYMBOLS USED IN COLUMN 16

AVERAGE MONTHLY: 51.0   TOTAL FOR MONTH:   2.30    1 = FOG OR MIST
DPTR FM NORMAL:   1.6   DPTR FM NORMAL:    0.08    2 = FOG REDUCING VISIBILITY
HIGHEST:    80 ON 13    GRTST 24HR  1.39 ON 15-15      TO 1/4 MILE OR LESS
LOWEST:     28 ON 16                               3 = THUNDER
                        SNOW, ICE PELLETS, HAIL    4 = ICE PELLETS
                        TOTAL MONTH:    M          5 = HAIL
                        GRTST 24HR    M  ON   M    6 = FREEZING RAIN OR DRIZZLE
                        GRTST DEPTH:  M  ON   M    7 = DUSTSTORM OR SANDSTORM:
                                                       VSBY 1/2 MILE OR LESS
                                                   8 = SMOKE OR HAZE
[NO. OF DAYS WITH]      [WEATHER - DAYS WITH]      9 = BLOWING SNOW
                                                   X = TORNADO
MAX 32 OR BELOW:   0    0.01 INCH OR MORE:   7
MAX 90 OR ABOVE:   0    0.10 INCH OR MORE:   5
MIN 32 OR BELOW:   5    0.50 INCH OR MORE:   1
MIN  0 OR BELOW:   0    1.00 INCH OR MORE:   1

[HDD (BASE 65) ]
TOTAL THIS MO.   244    CLEAR  (SCALE 0-3)   9
DPTR FM NORMAL   -23    PTCLDY (SCALE 4-7)   6
TOTAL FM JUL 1  5471    CLOUDY (SCALE 8-10)  2
DPTR FM NORMAL   419

[CDD (BASE 65) ]
TOTAL THIS MO.     9
DPTR FM NORMAL     9    [PRESSURE DATA]
TOTAL FM JAN 1     9    HIGHEST SLP M ON M
DPTR FM NORMAL     9    LOWEST  SLP 29.46 ON  8

[REMARKS]
