000
CXUS56 KPDT 311832
CF6RDM
PRELIMINARY LOCAL CLIMATOLOGICAL DATA (WS FORM: F-6)

                                          STATION:   REDMOND OR
                                          MONTH:     JULY
                                          YEAR:      2015
                                          LATITUDE:   44 16 N
                                          LONGITUDE: 121  9 W

  TEMPERATURE IN F:       :PCPN:    SNOW:  WIND      :SUNSHINE: SKY     :PK WND
================================================================================
1   2   3   4   5  6A  6B    7    8   9   10  11  12  13   14  15   16   17  18
                                     12Z  AVG MX 2MIN
DY MAX MIN AVG DEP HDD CDD  WTR  SNW DPTH SPD SPD DIR MIN PSBL S-S WX    SPD DR
================================================================================

 1  99  54  77  14   0  12 0.00  0.0    0  6.6 17 350   M    M   0        21 360
 2 100  60  80  17   0  15 0.00  0.0    0  5.7 20 320   M    M   0        26 320
 3  99  54  77  14   0  12 0.00  0.0    0  7.1 16 310   M    M   0        22 340
 4  94  56  75  11   0  10 0.00  0.0    0  6.8 20 310   M    M   0        24 320
 5  96  50  73   9   0   8 0.00  0.0    0  6.6 23 280   M    M   1        29 300
 6  95  54  75  11   0  10 0.20  0.0    0  5.6 32 260   M    M   2 3      45 290
 7  93  55  74  10   0   9 0.00  0.0    0  6.3 21 230   M    M   0        27 200
 8  93  52  73   8   0   8    T  0.0    0  6.1 26 140   M    M   1        41 140
 9  85  56  71   6   0   6    T  0.0    0  6.3 25 150   M    M   1        32 140
10  80  58  69   4   0   4 0.07  0.0    0  7.5 21 270   M    M   3 3      25 280
11  75  46  61  -4   4   0 0.09  0.0    0  4.2 17 310   M    M   5        22 320
12  78  44  61  -5   4   0 0.08  0.0    0  3.5 24 270   M    M   5        30 250
13  80  50  65  -1   0   0    T  0.0    0  4.0 21 160   M    M   4 3      25 150
14  81  45  63  -3   2   0    T  0.0    0  5.4 20 230   M    M   3        25 260
15  83  46  65  -1   0   0 0.00  0.0    0  6.6 20 340   M    M   0        23 330
16  79  46  63  -3   2   0 0.00  0.0    0  7.8 20 350   M    M   0        25 350
17  80  41  61  -6   4   0 0.00  0.0    0  5.2 21 320   M    M   0        25 330
18  87  42  65  -2   0   0    T    M    0  4.4 15 320   M    M   0        19 340
19  94  45  70   3   0   5 0.00  0.0    0  7.7 23 290   M    M   0        29 290
20  91  48  70   3   0   5 0.00  0.0    0  7.3 21 310   M    M   0        28 310
21  89  48  69   2   0   4 0.00  0.0    0  7.8 24 330   M    M   0        31 310
22  80  39  60  -7   5   0 0.00  0.0    0  5.1 16 320   M    M   0        22  10
23  84  39  62  -5   3   0 0.00  0.0    0  6.3 22 300   M    M   0        25 310
24  85  43  64  -3   1   0 0.00  0.0    0  7.5 22 310   M    M   0        27 290
25  77  46  62  -6   3   0 0.00  0.0    0  8.7 28 290   M    M   1        32 290
26  72  46  59  -9   6   0    T  0.0    0  8.2 20 300   M    M   6        25 290
27  73  38  56 -12   9   0 0.00  0.0    0  5.3 16  30   M    M   1        22 320
28  83  36  60  -8   5   0 0.00  0.0    0  4.9 15 330   M    M   0        19 340
29  92  46  69   1   0   4 0.00  0.0    0  5.5 18 350   M    M   0        23 340
30 101  44  73   5   0   8 0.00  0.0    0  5.7 17 330   M    M   0        22 320
================================================================================
SM 2598 1427        48 120  0.44     0.0 185.7          M       33
================================================================================
AV 86.6 47.6                               6.2 FASTST   M    M   1    MAX(MPH)
                                 MISC ---->  # 32 260               # 45  290
================================================================================
NOTES:
# LAST OF SEVERAL OCCURRENCES

COLUMN 17 PEAK WIND IN M.P.H.

PRELIMINARY LOCAL CLIMATOLOGICAL DATA (WS FORM: F-6) , PAGE 2

                                          STATION:  REDMOND OR
                                          MONTH:    JULY
                                          YEAR:     2015
                                          LATITUDE:   44 16 N
                                          LONGITUDE: 121  9 W

[TEMPERATURE DATA]      [PRECIPITATION DATA]       SYMBOLS USED IN COLUMN 16

AVERAGE MONTHLY: 67.1   TOTAL FOR MONTH:   0.44    1 = FOG OR MIST
DPTR FM NORMAL:   1.1   DPTR FM NORMAL:   -0.09    2 = FOG REDUCING VISIBILITY
HIGHEST:   101 ON 30    GRTST 24HR  0.20 ON  6- 6      TO 1/4 MILE OR LESS
LOWEST:     36 ON 28                               3 = THUNDER
                        SNOW, ICE PELLETS, HAIL    4 = ICE PELLETS
                        TOTAL MONTH:   0.0 INCH    5 = HAIL
                        GRTST 24HR     0.0         6 = FREEZING RAIN OR DRIZZLE
                        GRTST DEPTH:   0           7 = DUSTSTORM OR SANDSTORM:
                                                       VSBY 1/2 MILE OR LESS
                                                   8 = SMOKE OR HAZE
[NO. OF DAYS WITH]      [WEATHER - DAYS WITH]      9 = BLOWING SNOW
                                                   X = TORNADO
MAX 32 OR BELOW:   0    0.01 INCH OR MORE:   4
MAX 90 OR ABOVE:  12    0.10 INCH OR MORE:   1
MIN 32 OR BELOW:   0    0.50 INCH OR MORE:   0
MIN  0 OR BELOW:   0    1.00 INCH OR MORE:   0

[HDD (BASE 65) ]
TOTAL THIS MO.    48    CLEAR  (SCALE 0-3)  26
DPTR FM NORMAL   -19    PTCLDY (SCALE 4-7)   4
TOTAL FM JUL 1    48    CLOUDY (SCALE 8-10)  0
DPTR FM NORMAL   -19

[CDD (BASE 65) ]
TOTAL THIS MO.   120
DPTR FM NORMAL    24    [PRESSURE DATA]
TOTAL FM JAN 1   236    HIGHEST SLP 30.11 ON 30
DPTR FM NORMAL   111    LOWEST  SLP 29.51 ON  9

[REMARKS]
