000
CXUS51 KAKQ 161010
CF6RIC
PRELIMINARY LOCAL CLIMATOLOGICAL DATA (WS FORM: F-6)

                                          STATION:   RICHMOND VA
                                          MONTH:     JANUARY
                                          YEAR:      2018
                                          LATITUDE:   37 30 N
                                          LONGITUDE:  77 20 W

  TEMPERATURE IN F:       :PCPN:    SNOW:  WIND      :SUNSHINE: SKY     :PK WND
================================================================================
1   2   3   4   5  6A  6B    7    8   9   10  11  12  13   14  15   16   17  18
                                     12Z  AVG MX 2MIN
DY MAX MIN AVG DEP HDD CDD  WTR  SNW DPTH SPD SPD DIR MIN PSBL S-S WX    SPD DR
================================================================================

 1  27  11  19 -19  46   0 0.00  0.0    0  7.9 21 330   M    M   1        26  10
 2  29  10  20 -18  45   0 0.00  0.0    0  6.1 16 350   M    M   0        19 350
 3  34   8  21 -17  44   0 0.04  0.6    0  4.3 18  30   M    M   7 1      23  40
 4  30  18  24 -14  41   0 0.16  2.4    3 18.5 30 320   M    M   7 19     39 320
 5  25  12  19 -19  46   0 0.00  0.0    2 12.9 25 280   M    M   0        32 280
 6  23   2  13 -25  52   0 0.00  0.0    2  9.4 22 320   M    M   0        28 330
 7  23  -3  10 -28  55   0 0.00  0.0    2  3.4 10 140   M    M   2 8      13 130
 8  46  15  31  -7  34   0 0.09  0.0    1  9.8 21 220   M    M   7        26 210
 9  56  27  42   4  23   0 0.00  0.0    T  4.2 15 210   M    M   3 1      19 220
10  45  26  36  -2  29   0 0.00  0.0    0  2.9  8 360   M    M   7 1      10  80
11  69  36  53  15  12   0 0.04  0.0    0  6.2 15 140   M    M   9 1      21 150
12  70  59  65  27   0   0 1.00  0.0    0 12.9 33 220   M    M  10 1      46 200
13  58  23  41   3  24   0 0.01  0.0    0 15.9 25 350   M    M   6 1      32 360
14  30  17  24 -14  41   0 0.00  0.0    0 11.0 22  10   M    M   2        29 350
15  37  18  28 -10  37   0 0.00  0.0    0  7.1 13 350   M    M   5 1      20 320
================================================================================
SM  602  279       529   0  1.34     3.0 132.5          M       66
================================================================================
AV 40.1 18.6                               8.8 FASTST   M    M   4    MAX(MPH)
                                 MISC ---->  # 33 220               # 46  200
================================================================================
NOTES:
# LAST OF SEVERAL OCCURRENCES

COLUMN 17 PEAK WIND IN M.P.H.

PRELIMINARY LOCAL CLIMATOLOGICAL DATA (WS FORM: F-6) , PAGE 2

                                          STATION:  RICHMOND VA
                                          MONTH:    JANUARY
                                          YEAR:     2018
                                          LATITUDE:   37 30 N
                                          LONGITUDE:  77 20 W

[TEMPERATURE DATA]      [PRECIPITATION DATA]       SYMBOLS USED IN COLUMN 16

AVERAGE MONTHLY: 29.4   TOTAL FOR MONTH:   1.34    1 = FOG OR MIST
DPTR FM NORMAL:  -8.6   DPTR FM NORMAL:   -0.13    2 = FOG REDUCING VISIBILITY
HIGHEST:    70 ON 12    GRTST 24HR  1.00 ON 12-12      TO 1/4 MILE OR LESS
LOWEST:     -3 ON  7                               3 = THUNDER
                        SNOW, ICE PELLETS, HAIL    4 = ICE PELLETS
                        TOTAL MONTH:   3.0 INCHES  5 = HAIL
                        GRTST 24HR   2.4 ON  4- 4  6 = FREEZING RAIN OR DRIZZLE
                        GRTST DEPTH:   3 ON  4     7 = DUSTSTORM OR SANDSTORM:
                                                       VSBY 1/2 MILE OR LESS
                                                   8 = SMOKE OR HAZE
[NO. OF DAYS WITH]      [WEATHER - DAYS WITH]      9 = BLOWING SNOW
                                                   X = TORNADO
MAX 32 OR BELOW:   7    0.01 INCH OR MORE:   6
MAX 90 OR ABOVE:   0    0.10 INCH OR MORE:   2
MIN 32 OR BELOW:  13    0.50 INCH OR MORE:   1
MIN  0 OR BELOW:   1    1.00 INCH OR MORE:   1

[HDD (BASE 65) ]
TOTAL THIS MO.   529    CLEAR  (SCALE 0-3)   6
DPTR FM NORMAL   124    PTCLDY (SCALE 4-7)   7
TOTAL FM JUL 1  1916    CLOUDY (SCALE 8-10)  2
DPTR FM NORMAL    92

[CDD (BASE 65) ]
TOTAL THIS MO.     0
DPTR FM NORMAL     0    [PRESSURE DATA]
TOTAL FM JAN 1     0    HIGHEST SLP 30.71 ON  7
DPTR FM NORMAL     0    LOWEST  SLP 29.50 ON  4

[REMARKS]
