000
CXUS56 KSGX 251445
CF6RIV
PRELIMINARY LOCAL CLIMATOLOGICAL DATA (WS FORM: F-6)

                                          STATION:   RIVERSIDE/MARCH FIELD CA
                                          MONTH:     MAY
                                          YEAR:      2015
                                          LATITUDE:   33 54 N
                                          LONGITUDE: 117 15 W

  TEMPERATURE IN F:       :PCPN:    SNOW:  WIND      :SUNSHINE: SKY     :PK WND
================================================================================
1   2   3   4   5  6A  6B    7    8   9   10  11  12  13   14  15   16   17  18
                                     12Z  AVG MX 2MIN
DY MAX MIN AVG DEP HDD CDD  WTR  SNW DPTH SPD SPD DIR MIN PSBL S-S WX    SPD DR
================================================================================

 1  91  52  72   M   0   7 0.00  0.0    0  6.1 15 290   M    M   1        35 330
 2  89  53  71   M   0   6 0.00  0.0    0  7.6 20 300   M    M   0        25 300
 3  79  54  67   M   0   2 0.00  0.0    0  7.2 15 310   M    M   1         M  M
 4  74  54  64   M   1   0 0.00  0.0    0  7.6 15 320   M    M   5        20 310
 5  72  52  62   M   3   0 0.00  0.0    0  5.1 12 280   M    M   6         M  M
 6  68  54  61   M   4   0 0.00  0.0    0  6.4 14 310   M    M   8        18 310
 7  66  48  57   M   8   0 0.09    M    0  9.0 18 180   M    M   8 1      30 190
 8  59  46  53   M  12   0 0.25    M    0  5.5  9 240   M    M   9 1       M  M
 9  65  49  57   M   8   0 0.00  0.0    0  4.7 10 310   M    M   7         M  M
10  82  45  64   M   1   0 0.00  0.0    0  5.9 15 310   M    M   0        27 310
11  84  49  67   M   0   2 0.00  0.0    0  7.0 17 280   M    M   0        23 300
12  79  48  64   M   1   0 0.00  0.0    0  7.0 18 160   M    M   2 1      22 160
13  72  48  60   M   5   0 0.00  0.0    0  7.2 13 300   M    M   4         M  M
14  61  48  55   M  10   0 0.15    M    0  6.7 17 300   M    M   7 18     18 150
15  63  47  55   M  10   0 0.12    M    0  4.9 12 280   M    M   6         M  M
16  67  48  58   M   7   0 0.00  0.0    0  4.4  8 300   M    M   4         M  M
17  73  48  61   M   4   0 0.00  0.0    0  3.8 10 330   M    M   3 1       M  M
18  71  52  62   M   3   0 0.00  0.0    M  6.4 14 290   M    M   6        16 290
19  74  54  64   M   1   0 0.00  0.0    0  5.5 15 310   M    M   4         M  M
20  75  50  63   M   2   0 0.00  0.0    0  6.8 14 140   M    M   2         M  M
21  66  54  60   M   5   0    T  0.0    0  7.2 12 150   M    M   9         M  M
22  60  52  56   M   9   0    T  0.0    0  4.7 10 290   M    M   9         M  M
23  65  55  60   M   5   0 0.00  0.0    0  4.6 10 330   M    M   9         M  M
24  68  51  60   M   5   0    T  0.0    0  5.0 12 300   M    M   8 1       M  M
================================================================================
SM 1723 1211       104  17  0.61     0.0 146.3          M      118
================================================================================
AV 71.8 50.5                               6.1 FASTST   M    M   5    MAX(MPH)
                                 MISC ---->    20   M               # 35  330
================================================================================
NOTES:
# LAST OF SEVERAL OCCURRENCES

COLUMN 17 PEAK WIND IN M.P.H.

PRELIMINARY LOCAL CLIMATOLOGICAL DATA (WS FORM: F-6) , PAGE 2

                                          STATION:  RIVERSIDE/MARCH FIELD CA
                                          MONTH:    MAY
                                          YEAR:     2015
                                          LATITUDE:   33 54 N
                                          LONGITUDE: 117 15 W

[TEMPERATURE DATA]      [PRECIPITATION DATA]       SYMBOLS USED IN COLUMN 16

AVERAGE MONTHLY: 61.1   TOTAL FOR MONTH:   0.61    1 = FOG OR MIST
DPTR FM NORMAL:     M   DPTR FM NORMAL:       M    2 = FOG REDUCING VISIBILITY
HIGHEST:    91 ON  1    GRTST 24HR  0.25 ON  8- 8      TO 1/4 MILE OR LESS
LOWEST:     45 ON 10                               3 = THUNDER
                        SNOW, ICE PELLETS, HAIL    4 = ICE PELLETS
                        TOTAL MONTH:   0.0 INCH    5 = HAIL
                        GRTST 24HR     0.0         6 = FREEZING RAIN OR DRIZZLE
                        GRTST DEPTH:   0           7 = DUSTSTORM OR SANDSTORM:
                                                       VSBY 1/2 MILE OR LESS
                                                   8 = SMOKE OR HAZE
[NO. OF DAYS WITH]      [WEATHER - DAYS WITH]      9 = BLOWING SNOW
                                                   X = TORNADO
MAX 32 OR BELOW:   0    0.01 INCH OR MORE:   4
MAX 90 OR ABOVE:   1    0.10 INCH OR MORE:   3
MIN 32 OR BELOW:   0    0.50 INCH OR MORE:   0
MIN  0 OR BELOW:   0    1.00 INCH OR MORE:   0

[HDD (BASE 65) ]
TOTAL THIS MO.   104    CLEAR  (SCALE 0-3)   7
DPTR FM NORMAL     M    PTCLDY (SCALE 4-7)  12
TOTAL FM JUL 1  1548    CLOUDY (SCALE 8-10)  5
DPTR FM NORMAL     M

[CDD (BASE 65) ]
TOTAL THIS MO.    17
DPTR FM NORMAL     M    [PRESSURE DATA]
TOTAL FM JAN 1    54    HIGHEST SLP M ON M
DPTR FM NORMAL     M    LOWEST  SLP M ON M

[REMARKS]
