000
CXUS55 KRIW 240945
CF6RKS
PRELIMINARY LOCAL CLIMATOLOGICAL DATA (WS FORM: F-6)

                                          STATION:   ROCK SPRINGS WY
                                          MONTH:     SEPTEMBER
                                          YEAR:      2016
                                          LATITUDE:   41 35 N
                                          LONGITUDE: 109  4 W

  TEMPERATURE IN F:       :PCPN:    SNOW:  WIND      :SUNSHINE: SKY     :PK WND
================================================================================
1   2   3   4   5  6A  6B    7    8   9   10  11  12  13   14  15   16   17  18
                                     12Z  AVG MX 2MIN
DY MAX MIN AVG DEP HDD CDD  WTR  SNW DPTH SPD SPD DIR MIN PSBL S-S WX    SPD DR
================================================================================

 1  83  54  69   7   0   4    T  0.0    0  9.5 39 230   M    M   3        52 230
 2  83  55  69   7   0   4 0.00  0.0    0 11.5 32 230   M    M   3        38 230
 3  81  55  68   6   0   3 0.08  0.0    0 13.5 33 210   M    M   4 3      46 200
 4  74  51  63   2   2   0    T  0.0    0 15.8 44 200   M    M   6 3      59 200
 5  68  44  56  -5   9   0    T    M    0  8.0 22 250   M    M   4        27 330
 6  74  44  59  -1   6   0 0.00  0.0    0  9.1 26 200   M    M   2        37 190
 7  74  48  61   1   4   0 0.00  0.0    0 11.1 26 260   M    M   1        39 280
 8  75  44  60   0   5   0 0.00  0.0    0 17.0 36 260   M    M   0        44 260
 9  69  45  57  -2   8   0 0.00  0.0    0 12.2 23 280   M    M   0        27 270
10  75  35  55  -4  10   0 0.00  0.0    0  8.8 23 270   M    M   0        28 280
11  81  46  64   6   1   0 0.00  0.0    0 13.6 36 280   M    M   1        46 270
12  69  38  54  -4  11   0    T  0.0    0 18.4 38  60   M    M   6        46  40
13  74  35  55  -3  10   0 0.01  0.0    0 14.1 44 210   M    M   6 3      54 210
14  63  42  53  -4  12   0 0.27  0.0    0 10.0 38 250   M    M   5 13     46 260
15  56  40  48  -9  17   0    T  0.0    0 11.4 21 250   M    M   5        25 260
16  63  36  50  -6  15   0 0.00  0.0    0  4.4 10 230   M    M   0        14 290
17  68  40  54  -2  11   0 0.00  0.0    0 13.7 29 260   M    M   0        35 260
18  77  52  65   9   0   0 0.00  0.0    0 18.7 36 260   M    M   2        40 250
19  81  51  66  11   0   1 0.00  0.0    0 12.2 28 250   M    M   0        34 290
20  80  44  62   7   3   0 0.00  0.0    0  8.6 24 220   M    M   0        33 220
21  74  46  60   6   5   0 0.00    M    0 11.4 25 180   M    M   0        30 170
22  59  50  55   1  10   0 1.09  0.0    0 12.6 31 180   M    M   9 13     39 180
23  52  38  45  -8  20   0 0.10  0.0    0 11.9 39 150   M    M   8 13     45 140
================================================================================
SM 1653 1033       159  12  1.55     0.0 277.5          M       65
================================================================================
AV 71.9 44.9                              12.1 FASTST   M    M   3    MAX(MPH)
                                 MISC ---->  # 44 200               # 59  200
================================================================================
NOTES:
# LAST OF SEVERAL OCCURRENCES

COLUMN 17 PEAK WIND IN M.P.H.

PRELIMINARY LOCAL CLIMATOLOGICAL DATA (WS FORM: F-6) , PAGE 2

                                          STATION:  ROCK SPRINGS WY
                                          MONTH:    SEPTEMBER
                                          YEAR:     2016
                                          LATITUDE:   41 35 N
                                          LONGITUDE: 109  4 W

[TEMPERATURE DATA]      [PRECIPITATION DATA]       SYMBOLS USED IN COLUMN 16

AVERAGE MONTHLY: 58.4   TOTAL FOR MONTH:   1.55    1 = FOG OR MIST
DPTR FM NORMAL:   0.4   DPTR FM NORMAL:    0.86    2 = FOG REDUCING VISIBILITY
HIGHEST:    83 ON  2, 1 GRTST 24HR  1.19 ON 22-23      TO 1/4 MILE OR LESS
LOWEST:     35 ON 13,10                            3 = THUNDER
                        SNOW, ICE PELLETS, HAIL    4 = ICE PELLETS
                        TOTAL MONTH:   0.0 INCH    5 = HAIL
                        GRTST 24HR     0.0         6 = FREEZING RAIN OR DRIZZLE
                        GRTST DEPTH:   0           7 = DUSTSTORM OR SANDSTORM:
                                                       VSBY 1/2 MILE OR LESS
                                                   8 = SMOKE OR HAZE
[NO. OF DAYS WITH]      [WEATHER - DAYS WITH]      9 = BLOWING SNOW
                                                   X = TORNADO
MAX 32 OR BELOW:   0    0.01 INCH OR MORE:   5
MAX 90 OR ABOVE:   0    0.10 INCH OR MORE:   3
MIN 32 OR BELOW:   0    0.50 INCH OR MORE:   1
MIN  0 OR BELOW:   0    1.00 INCH OR MORE:   1

[HDD (BASE 65) ]
TOTAL THIS MO.   159    CLEAR  (SCALE 0-3)  13
DPTR FM NORMAL   -11    PTCLDY (SCALE 4-7)   9
TOTAL FM JUL 1   218    CLOUDY (SCALE 8-10)  1
DPTR FM NORMAL   -16

[CDD (BASE 65) ]
TOTAL THIS MO.    12
DPTR FM NORMAL     5    [PRESSURE DATA]
TOTAL FM JAN 1   354    HIGHEST SLP M ON M
DPTR FM NORMAL    70    LOWEST  SLP 29.66 ON  4

[REMARKS]
