000
CXUS54 KFWD 260730
CF6RPH
PRELIMINARY LOCAL CLIMATOLOGICAL DATA (WS FORM: F-6)

                                          STATION:   GRAHAM
                                          MONTH:     JANUARY
                                          YEAR:      2015
                                          LATITUDE:   33  6 N
                                          LONGITUDE:  98 30 W

  TEMPERATURE IN F:       :PCPN:    SNOW:  WIND      :SUNSHINE: SKY     :PK WND
================================================================================
1   2   3   4   5  6A  6B    7    8   9   10  11  12  13   14  15   16   17  18
                                     12Z  AVG MX 2MIN
DY MAX MIN AVG DEP HDD CDD  WTR  SNW DPTH SPD SPD DIR MIN PSBL S-S WX    SPD DR
================================================================================

 1  32  25  29 -13  36   0 0.04    M    0  2.0  7 360   M    M   9 16      M  M
 2  35  31  33  -9  32   0 0.27    M    0  4.6  9 280   M    M  10 1       M  M
 3  54  34  44   2  21   0 0.02    M    0  7.9 18 230   M    M   4 1      30 230
 4  38  24  31 -11  34   0 0.00  0.0    0 10.5 21 330   M    M   1        32 330
 5  51  17  34  -8  31   0 0.00  0.0    0  5.2 12 160   M    M   0        18 160
 6  57  29  43   1  22   0 0.00  0.0    0  4.2  9 360   M    M   0         M  M
 7  35  19  27 -15  38   0 0.00  0.0    0 14.7 28 360   M    M   0        35 360
 8  42  15  29 -13  36   0 0.00  0.0    0  4.9 14 170   M    M   0        20 170
 9  35  27  31 -11  34   0 0.00  0.0    0  8.6 17  10   M    M   6        27  10
10  41  30  36  -6  29   0 0.00  0.0    0  5.8 13 180   M    M  10        16 180
11  50  34  42   0  23   0 0.00  0.0    0  6.5 10 150   M    M   7 1      16 150
12  41  32  37  -5  28   0 0.00  0.0    0 10.7 15 350   M    M  10 1      25 350
13  37  31  34  -8  31   0 0.00  0.0    0  6.7 12 360   M    M  10         M  M
14  38  33  36  -6  29   0 0.00  0.0    0  2.6  7 340   M    M  10         M  M
15  57  25  41  -1  24   0 0.00  0.0    0  2.5  8 280   M    M   1         M  M
16  68  23  46   4  19   0 0.00  0.0    0  3.1 10 190   M    M   0         M  M
17  69  36  53  11  12   0 0.00  0.0    0  9.4 20 340   M    M   0        31 340
18  73  25  49   7  16   0 0.00  0.0    0  5.2 17 190   M    M   0        24 210
19  71  38  55  12  10   0 0.00  0.0    0  2.0  7 280   M    M   0         M  M
20  69  31  50   7  15   0 0.00  0.0    0  5.1 12  20   M    M   0        18  20
21  58  36  47   4  18   0 0.35  0.0    0  5.9 13  80   M    M   5        21  80
22  42  36  39  -4  26   0 0.03    M    0 11.1 16 360   M    M  10        28 360
23  50  36  43   0  22   0 0.00  0.0    0  7.2 14 280   M    M   4        18 290
24  61  28  45   2  20   0 0.00  0.0    0  4.4  9 270   M    M   0         M  M
25  64  35  50   7  15   0 0.00  0.0    0  8.8 28 310   M    M   0        35 320
================================================================================
SM 1268  730       621   0  0.71     0.0 159.6          M       97
================================================================================
AV 50.7 29.2                               6.4 FASTST   M    M   4    MAX(MPH)
                                 MISC ---->    28   M               # 35  360
================================================================================
NOTES:
# LAST OF SEVERAL OCCURRENCES

COLUMN 17 PEAK WIND IN M.P.H.

PRELIMINARY LOCAL CLIMATOLOGICAL DATA (WS FORM: F-6) , PAGE 2

                                          STATION:  GRAHAM
                                          MONTH:    JANUARY
                                          YEAR:     2015
                                          LATITUDE:   33  6 N
                                          LONGITUDE:  98 30 W

[TEMPERATURE DATA]      [PRECIPITATION DATA]       SYMBOLS USED IN COLUMN 16

AVERAGE MONTHLY: 40.0   TOTAL FOR MONTH:   0.71    1 = FOG OR MIST
DPTR FM NORMAL:  -2.3   DPTR FM NORMAL:   -0.25    2 = FOG REDUCING VISIBILITY
HIGHEST:    73 ON 18    GRTST 24HR  0.35 ON 21-21      TO 1/4 MILE OR LESS
LOWEST:     15 ON  8                               3 = THUNDER
                        SNOW, ICE PELLETS, HAIL    4 = ICE PELLETS
                        TOTAL MONTH:   0.0 INCH    5 = HAIL
                        GRTST 24HR     0.0         6 = FREEZING RAIN OR DRIZZLE
                        GRTST DEPTH:   0           7 = DUSTSTORM OR SANDSTORM:
                                                       VSBY 1/2 MILE OR LESS
                                                   8 = SMOKE OR HAZE
[NO. OF DAYS WITH]      [WEATHER - DAYS WITH]      9 = BLOWING SNOW
                                                   X = TORNADO
MAX 32 OR BELOW:   1    0.01 INCH OR MORE:   5
MAX 90 OR ABOVE:   0    0.10 INCH OR MORE:   2
MIN 32 OR BELOW:  16    0.50 INCH OR MORE:   0
MIN  0 OR BELOW:   0    1.00 INCH OR MORE:   0

[HDD (BASE 65) ]
TOTAL THIS MO.   621    CLEAR  (SCALE 0-3)  13
DPTR FM NORMAL    54    PTCLDY (SCALE 4-7)   5
TOTAL FM JUL 1  1591    CLOUDY (SCALE 8-10)  7
DPTR FM NORMAL  -148

[CDD (BASE 65) ]
TOTAL THIS MO.     0
DPTR FM NORMAL     0    [PRESSURE DATA]
TOTAL FM JAN 1     0    HIGHEST SLP M ON M
DPTR FM NORMAL     0    LOWEST  SLP M ON M

[REMARKS]
