000
CXUS54 KFWD 240730
CF6RPH
PRELIMINARY LOCAL CLIMATOLOGICAL DATA (WS FORM: F-6)

                                          STATION:   GRAHAM
                                          MONTH:     JANUARY
                                          YEAR:      2017
                                          LATITUDE:   33  6 N
                                          LONGITUDE:  98 30 W

  TEMPERATURE IN F:       :PCPN:    SNOW:  WIND      :SUNSHINE: SKY     :PK WND
================================================================================
1   2   3   4   5  6A  6B    7    8   9   10  11  12  13   14  15   16   17  18
                                     12Z  AVG MX 2MIN
DY MAX MIN AVG DEP HDD CDD  WTR  SNW DPTH SPD SPD DIR MIN PSBL S-S WX    SPD DR
================================================================================

 1  72  38  55  13  10   0 0.01  0.0    0  3.5  9 120   M    M   2        17 120
 2  73  49  61  19   4   0 0.16    M    0  7.8 17 250   M    M   2        18 240
 3  55  31  43   1  22   0 0.00  0.0    0 10.9 22 330   M    M   4        27 330
 4  41  27  34  -8  31   0 0.00  0.0    0  4.4  9 360   M    M   0         M  M
 5  35  20  28 -14  37   0 0.00  0.0    0 11.2 18 350   M    M   2        25 350
 6  24  12  18 -24  47   0    M    M    0 10.2 17 350   M    M   7        23 350
 7  42   5  24 -18  41   0 0.00  0.0    0  0.5  5 350   M    M   0         M  M
 8  51  20  36  -6  29   0 0.00  0.0    0  6.7 17 180   M    M   0        29 160
 9  71  33  52  10  13   0 0.00  0.0    0  9.5 17 180   M    M   0        28 170
10  75  48  62  20   3   0 0.00  0.0    0  7.8 17 280   M    M   0        27 280
11  83  49  66  24   0   1 0.00  0.0    0  9.4 18 190   M    M   0        31 190
12  65  43  54  12  11   0 0.00  0.0    0  7.0 10  20   M    M   6 1       M  M
13  43  32  38  -4  27   0 0.18  0.0    0  8.5 12 350   M    M  10 1       M  M
14  37  32  35  -7  30   0 0.15  0.0    0  5.0 10 350   M    M  10 1       M  M
15  54  36  45   3  20   0 0.91  0.0    0  2.6 18 280   M    M  10 12     33 280
16  61  39  50   8  15   0 0.00  0.0    0  4.8 10 340   M    M   4 1       M  M
17  54  36  45   3  20   0 0.51    M    0  3.2  8 340   M    M   5         M  M
18  55  45  50   8  15   0 0.02    M    0  0.7  7  20   M    M   7 1       M  M
19  72  39  56  13   9   0 0.00  0.0    0  6.8 21 220   M    M   1 1      28 200
20  73  46  60  17   5   0 0.00  0.0    0  7.8 18 240   M    M   0        27 240
21  70  37  54  11  11   0 0.00  0.0    0  4.9 18 240   M    M   2        25 240
22  64  45  55  12  10   0 0.00  0.0    0 16.1 28 310   M    M   3        39 320
23  73  30  52   9  13   0 0.00  0.0    0  4.3 12 200   M    M   0        16 180
================================================================================
SM 1343  792       423   1  1.94     0.0 153.6          M       75
================================================================================
AV 58.4 34.4                               6.7 FASTST   M    M   3    MAX(MPH)
                                 MISC ---->    28   M                 39    M
================================================================================
NOTES:
# LAST OF SEVERAL OCCURRENCES

COLUMN 17 PEAK WIND IN M.P.H.

PRELIMINARY LOCAL CLIMATOLOGICAL DATA (WS FORM: F-6) , PAGE 2

                                          STATION:  GRAHAM
                                          MONTH:    JANUARY
                                          YEAR:     2017
                                          LATITUDE:   33  6 N
                                          LONGITUDE:  98 30 W

[TEMPERATURE DATA]      [PRECIPITATION DATA]       SYMBOLS USED IN COLUMN 16

AVERAGE MONTHLY: 46.4   TOTAL FOR MONTH:   1.94    1 = FOG OR MIST
DPTR FM NORMAL:   4.2   DPTR FM NORMAL:    1.07    2 = FOG REDUCING VISIBILITY
HIGHEST:    83 ON 11    GRTST 24HR  0.91 ON 15-15      TO 1/4 MILE OR LESS
LOWEST:      5 ON  7                               3 = THUNDER
                        SNOW, ICE PELLETS, HAIL    4 = ICE PELLETS
                        TOTAL MONTH:   0.0 INCH    5 = HAIL
                        GRTST 24HR     0.0         6 = FREEZING RAIN OR DRIZZLE
                        GRTST DEPTH:   0           7 = DUSTSTORM OR SANDSTORM:
                                                       VSBY 1/2 MILE OR LESS
                                                   8 = SMOKE OR HAZE
[NO. OF DAYS WITH]      [WEATHER - DAYS WITH]      9 = BLOWING SNOW
                                                   X = TORNADO
MAX 32 OR BELOW:   1    0.01 INCH OR MORE:   7
MAX 90 OR ABOVE:   0    0.10 INCH OR MORE:   5
MIN 32 OR BELOW:   9    0.50 INCH OR MORE:   2
MIN  0 OR BELOW:   0    1.00 INCH OR MORE:   0

[HDD (BASE 65) ]
TOTAL THIS MO.   423    CLEAR  (SCALE 0-3)  14
DPTR FM NORMAL  -100    PTCLDY (SCALE 4-7)   6
TOTAL FM JUL 1  1225    CLOUDY (SCALE 8-10)  3
DPTR FM NORMAL  -470

[CDD (BASE 65) ]
TOTAL THIS MO.     1
DPTR FM NORMAL     1    [PRESSURE DATA]
TOTAL FM JAN 1     1    HIGHEST SLP M ON M
DPTR FM NORMAL     1    LOWEST  SLP M ON M

[REMARKS]
