000
CXUS56 KFGZ 170900
CF6RQE
PRELIMINARY LOCAL CLIMATOLOGICAL DATA (WS FORM: F-6)

                                          STATION:   WINDOW ROCK AZ AIRPORT
                                          MONTH:     NOVEMBER
                                          YEAR:      2017
                                          LATITUDE:   35 39 N
                                          LONGITUDE: 109  4 W

  TEMPERATURE IN F:       :PCPN:    SNOW:  WIND      :SUNSHINE: SKY     :PK WND
================================================================================
1   2   3   4   5  6A  6B    7    8   9   10  11  12  13   14  15   16   17  18
                                     12Z  AVG MX 2MIN
DY MAX MIN AVG DEP HDD CDD  WTR  SNW DPTH SPD SPD DIR MIN PSBL S-S WX    SPD DR
================================================================================

 1  66  36  51   8  14   0 0.00    M    M  9.8 22 250   M    M   0        28 250
 2  65  35  50   7  15   0 0.00    M    M  6.5 20 240   M    M   1        33 230
 3  66  36  51   8  14   0 0.00    M    M 10.3 25 250   M    M   0        33 260
 4  68  47  58  16   7   0    T    M    0 14.0 29 220   M    M   2        41 220
 5  64  41  53  11  12   0 0.00  0.0    0 11.3 29 230   M    M   1        40 210
 6  62  32  47   5  18   0 0.00  0.0    0 10.9 28 240   M    M   0        37 250
 7  58  38  48   7  17   0 0.03    M    0  5.2 20 230   M    M   7 1      26 230
 8  62  21  42   1  23   0 0.00    M    M  2.9 14 100   M    M   0        17  70
 9  67  19  43   2  22   0 0.00    M    M  2.9 15 250   M    M   0        21 290
10  69  20  45   5  20   0 0.00    M    M  4.7 21 220   M    M   0        27 210
11  66  25  46   6  19   0 0.00    M    M  3.9 18 270   M    M   0        27 250
12  70  19  45   5  20   0 0.00    M    M  1.9 14 180   M    M   1 8      18 180
13  71  30  51  12  14   0 0.00  0.0    0  2.9 17 240   M    M   1 8      21 230
14  69  23  46   7  19   0 0.00    M    M  3.9 21 270   M    M   0        28 240
15  68  21  45   7  20   0 0.00    M    M  3.3 18 240   M    M   0        23 240
16  67  22  45   7  20   0 0.00    M    M  5.8 17 250   M    M   1        24 230
================================================================================
SM 1058  465       274   0  0.03     0.0 100.2          M       14
================================================================================
AV 66.1 29.1                               6.3 FASTST   M    M   1    MAX(MPH)
                                 MISC ---->  # 29 220               # 41  220
================================================================================
NOTES:
# LAST OF SEVERAL OCCURRENCES

COLUMN 17 PEAK WIND IN M.P.H.

PRELIMINARY LOCAL CLIMATOLOGICAL DATA (WS FORM: F-6) , PAGE 2

                                          STATION:  WINDOW ROCK AZ AIRPORT
                                          MONTH:    NOVEMBER
                                          YEAR:     2017
                                          LATITUDE:   35 39 N
                                          LONGITUDE: 109  4 W

[TEMPERATURE DATA]      [PRECIPITATION DATA]       SYMBOLS USED IN COLUMN 16

AVERAGE MONTHLY: 47.6   TOTAL FOR MONTH:   0.03    1 = FOG OR MIST
DPTR FM NORMAL:   6.8   DPTR FM NORMAL:   -0.45    2 = FOG REDUCING VISIBILITY
HIGHEST:    71 ON 13    GRTST 24HR  0.03 ON  7- 7      TO 1/4 MILE OR LESS
LOWEST:     19 ON 12, 9                            3 = THUNDER
                        SNOW, ICE PELLETS, HAIL    4 = ICE PELLETS
                        TOTAL MONTH:   0.0 INCH    5 = HAIL
                        GRTST 24HR     0.0         6 = FREEZING RAIN OR DRIZZLE
                        GRTST DEPTH:   0           7 = DUSTSTORM OR SANDSTORM:
                                                       VSBY 1/2 MILE OR LESS
                                                   8 = SMOKE OR HAZE
[NO. OF DAYS WITH]      [WEATHER - DAYS WITH]      9 = BLOWING SNOW
                                                   X = TORNADO
MAX 32 OR BELOW:   0    0.01 INCH OR MORE:   1
MAX 90 OR ABOVE:   0    0.10 INCH OR MORE:   0
MIN 32 OR BELOW:  10    0.50 INCH OR MORE:   0
MIN  0 OR BELOW:   0    1.00 INCH OR MORE:   0

[HDD (BASE 65) ]
TOTAL THIS MO.   274    CLEAR  (SCALE 0-3)  15
DPTR FM NORMAL  -115    PTCLDY (SCALE 4-7)   1
TOTAL FM JUL 1   857    CLOUDY (SCALE 8-10)  0
DPTR FM NORMAL  -234

[CDD (BASE 65) ]
TOTAL THIS MO.     0
DPTR FM NORMAL     0    [PRESSURE DATA]
TOTAL FM JAN 1   513    HIGHEST SLP M ON M
DPTR FM NORMAL   233    LOWEST  SLP 29.84 ON  4

[REMARKS]
