000
CXUS53 KMPX 231000
CF6RWF
PRELIMINARY LOCAL CLIMATOLOGICAL DATA (WS FORM: F-6)

                                          STATION:   REDWOOD FALLS MN
                                          MONTH:     MAY
                                          YEAR:      2017
                                          LATITUDE:   44 32 N
                                          LONGITUDE:  95  5 W

  TEMPERATURE IN F:       :PCPN:    SNOW:  WIND      :SUNSHINE: SKY     :PK WND
================================================================================
1   2   3   4   5  6A  6B    7    8   9   10  11  12  13   14  15   16   17  18
                                     12Z  AVG MX 2MIN
DY MAX MIN AVG DEP HDD CDD  WTR  SNW DPTH SPD SPD DIR MIN PSBL S-S WX    SPD DR
================================================================================

 1  45  33  39 -15  26   0    M    M    M 13.8 24 330   M    M   8 1      37 340
 2  65  37  51  -3  14   0 0.00    M    M  8.7 15 330   M    M   2        20 330
 3  63  42  53  -2  12   0    T    M    M  7.7 21 220   M    M   5        25 210
 4  71  40  56   1   9   0 0.00    M    M  6.5 15  10   M    M   1        22 360
 5  81  43  62   7   3   0 0.00    M    M  7.8 22 270   M    M   0        28 300
 6  74  47  61   5   4   0 0.00    M    M  5.1 12  80   M    M   0        17  50
 7  75  49  62   6   3   0 0.00    M    M 11.2 18 140   M    M   1        24 110
 8  86  53  70  14   0   5    T    M    M 15.1 25 130   M    M   1 3      33 140
 9  73  48  61   4   4   0    T    M    M  8.6 17 350   M    M   1        25  10
10  69  52  61   4   4   0 0.02    M    M  3.9 15 330   M    M   6        21 330
11  69  42  56  -2   9   0 0.00    M    M  7.7 17 360   M    M   0        24 330
12  81  44  63   5   2   0 0.00    M    M  5.5 17 240   M    M   5        22 250
13  86  55  71  13   0   6 0.00    M    M 10.3 24 200   M    M   0        31 200
14  87  54  71  13   0   6 0.00    M    M  7.8 21 140   M    M   0 8      25 140
15  74  54  64   5   1   0 0.11    M    M  7.7 30 280   M    M   2 13     37 270
16  84  61  73  14   0   8 0.00    M    M 11.3 20 330   M    M   5 13     26 330
17  66  54  60   1   5   0 1.02    M    M  7.3 22 130   M    M  10 13     27 130
18  55  45  50 -10  15   0 0.03    M    M  9.7 18 360   M    M   8 1      26 360
19  53  45  49 -11  16   0 0.00    M    M  8.1 18  70   M    M   4        26  70
20  49  42  46 -14  19   0 1.22    M    M  9.4 17  70   M    M  10 1      26  60
21  52  43  48 -13  17   0 0.11    M    M 13.7 24 300   M    M   7 1      32 300
22  66  40  53  -8  12   0 0.02    M    M  5.7 13 300   M    M   4        18 330
================================================================================
SM 1524 1023       175  25  2.53    M    192.6          M       80
================================================================================
AV 69.3 46.5                               8.8 FASTST   M    M   4    MAX(MPH)
                                 MISC ---->  # 30 280               # 37  340
================================================================================
NOTES:
# LAST OF SEVERAL OCCURRENCES

COLUMN 17 PEAK WIND IN M.P.H.

PRELIMINARY LOCAL CLIMATOLOGICAL DATA (WS FORM: F-6) , PAGE 2

                                          STATION:  REDWOOD FALLS MN
                                          MONTH:    MAY
                                          YEAR:     2017
                                          LATITUDE:   44 32 N
                                          LONGITUDE:  95  5 W

[TEMPERATURE DATA]      [PRECIPITATION DATA]       SYMBOLS USED IN COLUMN 16

AVERAGE MONTHLY: 57.9   TOTAL FOR MONTH:   2.53    1 = FOG OR MIST
DPTR FM NORMAL:   0.3   DPTR FM NORMAL:    0.26    2 = FOG REDUCING VISIBILITY
HIGHEST:    87 ON 14    GRTST 24HR  1.22 ON 20-20      TO 1/4 MILE OR LESS
LOWEST:     33 ON  1                               3 = THUNDER
                        SNOW, ICE PELLETS, HAIL    4 = ICE PELLETS
                        TOTAL MONTH:    M          5 = HAIL
                        GRTST 24HR    M  ON   M    6 = FREEZING RAIN OR DRIZZLE
                        GRTST DEPTH:  M  ON   M    7 = DUSTSTORM OR SANDSTORM:
                                                       VSBY 1/2 MILE OR LESS
                                                   8 = SMOKE OR HAZE
[NO. OF DAYS WITH]      [WEATHER - DAYS WITH]      9 = BLOWING SNOW
                                                   X = TORNADO
MAX 32 OR BELOW:   0    0.01 INCH OR MORE:   7
MAX 90 OR ABOVE:   0    0.10 INCH OR MORE:   4
MIN 32 OR BELOW:   0    0.50 INCH OR MORE:   2
MIN  0 OR BELOW:   0    1.00 INCH OR MORE:   2

[HDD (BASE 65) ]
TOTAL THIS MO.   175    CLEAR  (SCALE 0-3)  11
DPTR FM NORMAL   -11    PTCLDY (SCALE 4-7)   9
TOTAL FM JUL 1  6507    CLOUDY (SCALE 8-10)  2
DPTR FM NORMAL -1292

[CDD (BASE 65) ]
TOTAL THIS MO.    25
DPTR FM NORMAL     5    [PRESSURE DATA]
TOTAL FM JAN 1    25    HIGHEST SLP M ON M
DPTR FM NORMAL     1    LOWEST  SLP 29.32 ON 17

[REMARKS]
