000
CXUS53 KMPX 211000
CF6RWF
PRELIMINARY LOCAL CLIMATOLOGICAL DATA (WS FORM: F-6)

                                          STATION:   REDWOOD FALLS MN
                                          MONTH:     APRIL
                                          YEAR:      2014
                                          LATITUDE:   44 32 N
                                          LONGITUDE:  95  5 W

  TEMPERATURE IN F:       :PCPN:    SNOW:  WIND      :SUNSHINE: SKY     :PK WND
================================================================================
1   2   3   4   5  6A  6B    7    8   9   10  11  12  13   14  15   16   17  18
                                     12Z  AVG MX 2MIN
DY MAX MIN AVG DEP HDD CDD  WTR  SNW DPTH SPD SPD DIR MIN PSBL S-S WX    SPD DR
================================================================================

 1  33  18  26 -13  39   0    M    M    M 18.2 38 310   M    M   5 1      52 300
 2  41  21  31  -9  34   0    T    M    M  7.5 15  90   M    M   4        21 100
 3  36  28  32  -8  33   0    M    M    M  9.6 16  90   M    M  10 128    23  20
 4  38  27  33  -8  32   0    M    M    M 14.5 24 320   M    M   6 1      36 330
 5  48  22  35  -6  30   0 0.00    M    0 13.0 23 170   M    M   1        30 190
 6  63  34  49   7  16   0    T    M    M  6.9 20 150   M    M   1 18     23 140
 7  60  34  47   5  18   0 0.00    M    M  9.8 25 340   M    M   2 12     33 340
 8  53  35  44   1  21   0 0.00    M    M 11.1 21 320   M    M   5        29 320
 9  77  35  56  13   9   0 0.00    M    M 16.0 31 330   M    M   3        42 330
10  62  37  50   6  15   0    T    M    M 12.7 26 300   M    M   2        37 350
11  65  39  52   8  13   0    T    M    M  6.3 20 160   M    M   3        23 100
12  64  45  55  10  10   0 0.03    M    M  9.4 21  90   M    M   3 3      28  70
13  45  31  38  -8  27   0 0.00    M    M 14.9 28 350   M    M   8 1      37 360
14  38  23  31 -15  34   0 0.00    M    M 15.9 25 330   M    M   2        35 340
15  40  15  28 -18  37   0 0.00    M    M  9.2 20 110   M    M   3        25 120
16  37  29  33 -14  32   0    M    M    M 13.1 22 360   M    M  10 1      32 110
17  39  21  30 -18  35   0 0.00    M    M  8.4 16 320   M    M   1        22 340
18  57  28  43  -5  22   0 0.00    M    M 15.0 30 130   M    M   3 1      42 130
19  72  45  59  11   6   0 0.00    M    M 15.6 29 150   M    M   3        40 140
20  76  43  60  11   5   0 0.00    M    M  5.7 14 140   M    M   1 18     21  90
================================================================================
SM 1044  610       468   0  0.03    M    232.8          M       76
================================================================================
AV 52.2 30.5                              11.6 FASTST   M    M   4    MAX(MPH)
                                 MISC ---->  # 38 310               # 52  300
================================================================================
NOTES:
# LAST OF SEVERAL OCCURRENCES

COLUMN 17 PEAK WIND IN M.P.H.

PRELIMINARY LOCAL CLIMATOLOGICAL DATA (WS FORM: F-6) , PAGE 2

                                          STATION:  REDWOOD FALLS MN
                                          MONTH:    APRIL
                                          YEAR:     2014
                                          LATITUDE:   44 32 N
                                          LONGITUDE:  95  5 W

[TEMPERATURE DATA]      [PRECIPITATION DATA]       SYMBOLS USED IN COLUMN 16

AVERAGE MONTHLY: 41.3   TOTAL FOR MONTH:   0.03    1 = FOG OR MIST
DPTR FM NORMAL:  -2.8   DPTR FM NORMAL:   -1.65    2 = FOG REDUCING VISIBILITY
HIGHEST:    77 ON  9    GRTST 24HR  0.38 ON 15-16      TO 1/4 MILE OR LESS
LOWEST:     15 ON 15                               3 = THUNDER
                        SNOW, ICE PELLETS, HAIL    4 = ICE PELLETS
                        TOTAL MONTH:    M          5 = HAIL
                        GRTST 24HR    M  ON   M    6 = FREEZING RAIN OR DRIZZLE
                        GRTST DEPTH:   0           7 = DUSTSTORM OR SANDSTORM:
                                                       VSBY 1/2 MILE OR LESS
                                                   8 = SMOKE OR HAZE
[NO. OF DAYS WITH]      [WEATHER - DAYS WITH]      9 = BLOWING SNOW
                                                   X = TORNADO
MAX 32 OR BELOW:   0    0.01 INCH OR MORE:   1
MAX 90 OR ABOVE:   0    0.10 INCH OR MORE:   0
MIN 32 OR BELOW:  11    0.50 INCH OR MORE:   0
MIN  0 OR BELOW:   0    1.00 INCH OR MORE:   0

[HDD (BASE 65) ]
TOTAL THIS MO.   468    CLEAR  (SCALE 0-3)  11
DPTR FM NORMAL    48    PTCLDY (SCALE 4-7)   7
TOTAL FM JUL 1  8209    CLOUDY (SCALE 8-10)  2
DPTR FM NORMAL   732

[CDD (BASE 65) ]
TOTAL THIS MO.     0
DPTR FM NORMAL     0    [PRESSURE DATA]
TOTAL FM JAN 1     0    HIGHEST SLP M ON M
DPTR FM NORMAL     0    LOWEST  SLP 29.49 ON  9

[REMARKS]
