000
CXUS55 KCYS 221000
CF6RWL
PRELIMINARY LOCAL CLIMATOLOGICAL DATA (WS FORM: F-6)

                                          STATION:   RAWLINS WYOMING AIRPORT
                                          MONTH:     MAY
                                          YEAR:      2015
                                          LATITUDE:   41 47 N
                                          LONGITUDE: 107 12 W

  TEMPERATURE IN F:       :PCPN:    SNOW:  WIND      :SUNSHINE: SKY     :PK WND
================================================================================
1   2   3   4   5  6A  6B    7    8   9   10  11  12  13   14  15   16   17  18
                                     12Z  AVG MX 2MIN
DY MAX MIN AVG DEP HDD CDD  WTR  SNW DPTH SPD SPD DIR MIN PSBL S-S WX    SPD DR
================================================================================

 1  68  39  54   9  11   0 0.00    M    M  9.5 22 240   M    M   4 128    28 260
 2  73  40  57  12   8   0    T    M    M 14.3 31 220   M    M   2 3      49 230
 3  70  41  56  11   9   0 0.07    M    M 11.2 46 250   M    M   7 3      58 240
 4  66  35  51   5  14   0 0.00    M    M  5.9 28  70   M    M   3 3      35  70
 5  67  39  53   7  12   0 0.00    M    M  6.3 21  60   M    M   2 12     26  70
 6  52  39  46   0  19   0 0.39    M    M  9.4 21 340   M    M   9 1      26  40
 7  48  38  43  -4  22   0 0.22    M    M 10.5 20  50   M    M   9 13     23  50
 8  52  37  45  -2  20   0 0.15    M    M 11.1 20  50   M    M   6 13     24 240
 9  42  28  35 -12  30   0 0.23    M    M 13.4 29  10   M    M   9 18     35 360
10  38  27  33 -15  32   0 0.03    M    M  8.5 17 360   M    M   9 18     22 360
11  56  25  41  -7  24   0 0.00    M    M  7.2 20 250   M    M   4        28 250
12  70  38  54   6  11   0 0.00    M    M 10.1 29 230   M    M   3        36 230
13  64  40  52   4  13   0 0.06    M    M 11.4 22 230   M    M   7 13     28 200
14  68  36  52   3  13   0 0.01    M    M  7.7 29 230   M    M   4        39 160
15  51  34  43  -6  22   0 0.06    M    M 11.3 35 240   M    M   6 13     41 240
16  58  35  47  -2  18   0 0.03    M    M 13.5 29 260   M    M   5        34 230
17  51  37  44  -6  21   0 0.37    M    M  8.1 22 290   M    M  10 138    30 280
18  58  38  48  -2  17   0 0.05    M    M 15.3 26  50   M    M   8        33  50
19  46  34  40 -10  25   0 0.45    M    M 10.1 21  70   M    M   9 1      26  70
20  51  32  42  -9  23   0 0.00    M    M  8.0 21  60   M    M   8 1      25  50
21  63  38  51   0  14   0 0.48    M    M 10.8 28 150   M    M   6 13     35 150
================================================================================
SM 1212  750       378   0  2.60    M    213.6          M      130
================================================================================
AV 57.7 35.7                              10.2 FASTST   M    M   6    MAX(MPH)
                                 MISC ---->  # 46 250               # 58  240
================================================================================
NOTES:
# LAST OF SEVERAL OCCURRENCES

COLUMN 17 PEAK WIND IN M.P.H.

PRELIMINARY LOCAL CLIMATOLOGICAL DATA (WS FORM: F-6) , PAGE 2

                                          STATION:  RAWLINS WYOMING AIRPORT
                                          MONTH:    MAY
                                          YEAR:     2015
                                          LATITUDE:   41 47 N
                                          LONGITUDE: 107 12 W

[TEMPERATURE DATA]      [PRECIPITATION DATA]       SYMBOLS USED IN COLUMN 16

AVERAGE MONTHLY: 46.7   TOTAL FOR MONTH:   2.60    1 = FOG OR MIST
DPTR FM NORMAL:  -1.1   DPTR FM NORMAL:    1.66    2 = FOG REDUCING VISIBILITY
HIGHEST:    73 ON  2    GRTST 24HR  0.49 ON 18-19      TO 1/4 MILE OR LESS
LOWEST:     25 ON 11                               3 = THUNDER
                        SNOW, ICE PELLETS, HAIL    4 = ICE PELLETS
                        TOTAL MONTH:    M          5 = HAIL
                        GRTST 24HR    M  ON   M    6 = FREEZING RAIN OR DRIZZLE
                        GRTST DEPTH:  M  ON   M    7 = DUSTSTORM OR SANDSTORM:
                                                       VSBY 1/2 MILE OR LESS
                                                   8 = SMOKE OR HAZE
[NO. OF DAYS WITH]      [WEATHER - DAYS WITH]      9 = BLOWING SNOW
                                                   X = TORNADO
MAX 32 OR BELOW:   0    0.01 INCH OR MORE:  14
MAX 90 OR ABOVE:   0    0.10 INCH OR MORE:   7
MIN 32 OR BELOW:   4    0.50 INCH OR MORE:   0
MIN  0 OR BELOW:   0    1.00 INCH OR MORE:   0

[HDD (BASE 65) ]
TOTAL THIS MO.   378    CLEAR  (SCALE 0-3)   4
DPTR FM NORMAL    19    PTCLDY (SCALE 4-7)  10
TOTAL FM JUL 1  7126    CLOUDY (SCALE 8-10)  7
DPTR FM NORMAL  -952

[CDD (BASE 65) ]
TOTAL THIS MO.     0
DPTR FM NORMAL     0    [PRESSURE DATA]
TOTAL FM JAN 1     0    HIGHEST SLP M ON M
DPTR FM NORMAL     0    LOWEST  SLP 29.52 ON M

[REMARKS]
