000
CXUS55 KPIH 231200
CF6RXE

PRELIMINARY LOCAL CLIMATOLOGICAL DATA (WS FORM: F-6)

                                          STATION:   REXBURG ID
                                          MONTH:     JANUARY
                                          YEAR:      2017
                                          LATITUDE:   43 49 N
                                          LONGITUDE: 111 48 W

  TEMPERATURE IN F:       :PCPN:    SNOW:  WIND      :SUNSHINE: SKY     :PK WND
================================================================================
1   2   3   4   5  6A  6B    7    8   9   10  11  12  13   14  15   16   17  18
                                     12Z  AVG MX 2MIN
DY MAX MIN AVG DEP HDD CDD  WTR  SNW DPTH SPD SPD DIR MIN PSBL S-S WX    SPD DR
================================================================================

 1  15  -5   5 -15  60   0    T    M    M  2.3  9  70   M    M   9 18     12  70
 2  15   7  11  -9  54   0 0.02    M    M  4.6 13  60   M    M  10 1      16  50
 3  17   8  13  -7  52   0 0.01    M    M  3.0  8  30   M    M  10 1       9  50
 4  16  -3   7 -13  58   0 0.04    M    M 11.8 23  30   M    M   8 18     31  30
 5   6 -17  -5 -25  70   0 0.00    M    M  4.2 12  20   M    M   1 18     14  20
 6   4 -20  -8 -28  73   0 0.00    M    M  3.3  8  70   M    M   3        10  50
 7  14 -19  -2 -22  67   0 0.05    M    M  3.3  8 200   M    M   4 18     12 190
 8  30  14  22   2  43   0 0.24    M    M  3.8  9  60   M    M  10 16     12  60
 9  38  26  32  12  33   0 0.14    M    M 16.8 28 230   M    M   6 16     36 230
10  34  25  30  10  35   0 0.01    M    M 17.0 30 230   M    M   9 16     36 220
11  35  25  30  10  35   0 0.01    M    M 17.3 28 230   M    M   9 1      36 220
12  26   2  14  -6  51   0    T    M    M  8.0 23 210   M    M   4 1      34 200
13  19  -6   7 -13  58   0 0.00    M    M  4.0  9  30   M    M   1 1      11  30
14  19  -8   6 -14  59   0 0.00    M    M  2.8  7  60   M    M   1         8  30
15  16  -7   5 -15  60   0 0.00    M    M  3.0 10 220   M    M   1        12 210
16  10 -10   0 -20  65   0    T    M    M  3.4  8  30   M    M   4 1       9  30
17  17  -7   5 -15  60   0 0.00    M    M  2.7  7  40   M    M   1         8  70
18  23  -4  10 -10  55   0 0.00    M    M  3.1  9  70   M    M   3        11  70
19  32  20  26   6  39   0 0.29    M    M  2.6  8  70   M    M  10 1      12  90
20  32  12  22   2  43   0 0.02    M    M  3.2  8  60   M    M   7 12     10 260
21  30  17  24   4  41   0 0.01    M    M  6.6 15 210   M    M  10 1      22 220
22  35  18  27   7  38   0 0.11    M    M  4.8 21 190   M    M   9 18     31 190
================================================================================
SM  483   68      1149   0  0.95    M    131.6          M      130
================================================================================
AV 22.0  3.1                               6.0 FASTST   M    M   6    MAX(MPH)
                                 MISC ---->  # 30 230               # 36  230
================================================================================
NOTES:
# LAST OF SEVERAL OCCURRENCES
PRECIPITATION SUSPECT DURING FREEZING/FROZEN EVENTS

COLUMN 17 PEAK WIND IN M.P.H.

PRELIMINARY LOCAL CLIMATOLOGICAL DATA (WS FORM: F-6) , PAGE 2

                                          STATION:  REXBURG ID
                                          MONTH:    JANUARY
                                          YEAR:     2017
                                          LATITUDE:   43 49 N
                                          LONGITUDE: 111 48 W

[TEMPERATURE DATA]      [PRECIPITATION DATA]       SYMBOLS USED IN COLUMN 16

AVERAGE MONTHLY: 12.5   TOTAL FOR MONTH:   0.95    1 = FOG OR MIST
DPTR FM NORMAL:  -7.5   DPTR FM NORMAL:    0.37    2 = FOG REDUCING VISIBILITY
HIGHEST:    38 ON  9    GRTST 24HR  0.38 ON  8- 9      TO 1/4 MILE OR LESS
LOWEST:    -20 ON  6                               3 = THUNDER
                        SNOW, ICE PELLETS, HAIL    4 = ICE PELLETS
                        TOTAL MONTH:    M          5 = HAIL
                        GRTST 24HR    M  ON   M    6 = FREEZING RAIN OR DRIZZLE
                        GRTST DEPTH:  M  ON   M    7 = DUSTSTORM OR SANDSTORM:
                                                       VSBY 1/2 MILE OR LESS
                                                   8 = SMOKE OR HAZE
[NO. OF DAYS WITH]      [WEATHER - DAYS WITH]      9 = BLOWING SNOW
                                                   X = TORNADO
MAX 32 OR BELOW:  18    0.01 INCH OR MORE:  12
MAX 90 OR ABOVE:   0    0.10 INCH OR MORE:   4
MIN 32 OR BELOW:  22    0.50 INCH OR MORE:   0
MIN  0 OR BELOW:  11    1.00 INCH OR MORE:   0

[HDD (BASE 65) ]
TOTAL THIS MO.  1149    CLEAR  (SCALE 0-3)   7
DPTR FM NORMAL   159    PTCLDY (SCALE 4-7)   6
TOTAL FM JUL 1  4346    CLOUDY (SCALE 8-10)  9
DPTR FM NORMAL   -26

[CDD (BASE 65) ]
TOTAL THIS MO.     0
DPTR FM NORMAL     0    [PRESSURE DATA]
TOTAL FM JAN 1     0    HIGHEST SLP M ON M
DPTR FM NORMAL     0    LOWEST  SLP 29.28 ON 21

[REMARKS]
