000
CXUS55 KPIH 231200
CF6RXE

PRELIMINARY LOCAL CLIMATOLOGICAL DATA (WS FORM: F-6)

                                          STATION:   REXBURG ID
                                          MONTH:     SEPTEMBER
                                          YEAR:      2014
                                          LATITUDE:   43 49 N
                                          LONGITUDE: 111 48 W

  TEMPERATURE IN F:       :PCPN:    SNOW:  WIND      :SUNSHINE: SKY     :PK WND
================================================================================
1   2   3   4   5  6A  6B    7    8   9   10  11  12  13   14  15   16   17  18
                                     12Z  AVG MX 2MIN
DY MAX MIN AVG DEP HDD CDD  WTR  SNW DPTH SPD SPD DIR MIN PSBL S-S WX    SPD DR
================================================================================

 1  70  44  57  -5   8   0 0.00    M    M  8.3 15 220   M    M   1        20 210
 2  77  40  59  -2   6   0 0.00    M    M  8.6 21 220   M    M   0        28 200
 3  71  41  56  -5   9   0 0.00    M    M 15.0 35 220   M    M   0 8      50 220
 4  69  33  51  -9  14   0 0.00    M    M  5.2 12  30   M    M   0        15  50
 5  76  35  56  -4   9   0 0.00    M    M  5.2 13  40   M    M   0        17  50
 6  79  38  59  -1   6   0 0.00    M    M  4.4 13 230   M    M   0        16 200
 7  82  44  63   4   2   0 0.17    M    M  5.8 36 290   M    M   0 38     47 290
 8  80  42  61   2   4   0 0.00    M    M  9.4 24 180   M    M   0 8      35 180
 9  77  48  63   5   2   0 0.00    M    M  9.0 22 230   M    M   0 8      30 210
10  68  40  54  -4  11   0 0.00    M    M  8.9 18 200   M    M   1 8      26 210
11  57  35  46 -11  19   0 0.00    M    M  9.6 18  30   M    M   3        26  20
12  65  24  45 -12  20   0 0.00    M    M  4.7 13 250   M    M   0 8      17 250
13  74  31  53  -4  12   0 0.00    M    M  4.3 12 220   M    M   0        14 220
14  79  37  58   2   7   0 0.00    M    M  4.9 13 200   M    M   0        16 190
15  82  43  63   7   2   0 0.00    M    M  4.7 14 220   M    M   0 8      20 260
16  84  47  66  11   0   1 0.00    M    M  3.0  8  50   M    M   1        11 230
17  86  48  67  12   0   2 0.00    M    M  4.7 12 210   M    M   1        15 210
18  82  56  69  14   0   4 0.10    M    M  6.6 28 230   M    M   3 3      38 240
19  78  46  62   8   3   0 0.00    M    M  7.8 17 230   M    M   0        24 220
20  80  44  62   8   3   0 0.00    M    M  2.9  9  50   M    M   0        11  50
21  79  47  63   9   2   0 0.22    M    M  5.9 14 250   M    M   2 1      17 250
22  71  53  62   9   3   0 0.15    M    M  5.2 17 220   M    M   8 13     24 210
================================================================================
SM 1666  916       142   7  0.64    M    144.1          M       20
================================================================================
AV 75.7 41.6                               6.5 FASTST   M    M   1    MAX(MPH)
                                 MISC ---->  # 36 290               # 50  220
================================================================================
NOTES:
# LAST OF SEVERAL OCCURRENCES

COLUMN 17 PEAK WIND IN M.P.H.

PRELIMINARY LOCAL CLIMATOLOGICAL DATA (WS FORM: F-6) , PAGE 2

                                          STATION:  REXBURG ID
                                          MONTH:    SEPTEMBER
                                          YEAR:     2014
                                          LATITUDE:   43 49 N
                                          LONGITUDE: 111 48 W

[TEMPERATURE DATA]      [PRECIPITATION DATA]       SYMBOLS USED IN COLUMN 16

AVERAGE MONTHLY: 58.7   TOTAL FOR MONTH:   0.64    1 = FOG OR MIST
DPTR FM NORMAL:   1.4   DPTR FM NORMAL:   -0.03    2 = FOG REDUCING VISIBILITY
HIGHEST:    86 ON 17    GRTST 24HR  0.37 ON 21-22      TO 1/4 MILE OR LESS
LOWEST:     24 ON 12                               3 = THUNDER
                        SNOW, ICE PELLETS, HAIL    4 = ICE PELLETS
                        TOTAL MONTH:    M          5 = HAIL
                        GRTST 24HR    M  ON   M    6 = FREEZING RAIN OR DRIZZLE
                        GRTST DEPTH:  M  ON   M    7 = DUSTSTORM OR SANDSTORM:
                                                       VSBY 1/2 MILE OR LESS
                                                   8 = SMOKE OR HAZE
[NO. OF DAYS WITH]      [WEATHER - DAYS WITH]      9 = BLOWING SNOW
                                                   X = TORNADO
MAX 32 OR BELOW:   0    0.01 INCH OR MORE:   4
MAX 90 OR ABOVE:   0    0.10 INCH OR MORE:   4
MIN 32 OR BELOW:   2    0.50 INCH OR MORE:   0
MIN  0 OR BELOW:   0    1.00 INCH OR MORE:   0

[HDD (BASE 65) ]
TOTAL THIS MO.   142    CLEAR  (SCALE 0-3)  20
DPTR FM NORMAL   -35    PTCLDY (SCALE 4-7)   2
TOTAL FM JUL 1   216    CLOUDY (SCALE 8-10)  0
DPTR FM NORMAL   -34

[CDD (BASE 65) ]
TOTAL THIS MO.     7
DPTR FM NORMAL     2    [PRESSURE DATA]
TOTAL FM JAN 1   229    HIGHEST SLP M ON M
DPTR FM NORMAL    22    LOWEST  SLP 29.62 ON  3

[REMARKS]
