000
CXUS55 KPIH 011200
CF6RXE

PRELIMINARY LOCAL CLIMATOLOGICAL DATA (WS FORM: F-6)

                                          STATION:   REXBURG ID
                                          MONTH:     JUNE
                                          YEAR:      2015
                                          LATITUDE:   43 49 N
                                          LONGITUDE: 111 48 W

  TEMPERATURE IN F:       :PCPN:    SNOW:  WIND      :SUNSHINE: SKY     :PK WND
================================================================================
1   2   3   4   5  6A  6B    7    8   9   10  11  12  13   14  15   16   17  18
                                     12Z  AVG MX 2MIN
DY MAX MIN AVG DEP HDD CDD  WTR  SNW DPTH SPD SPD DIR MIN PSBL S-S WX    SPD DR
================================================================================

 1  81  47  64   7   1   0 0.08    M    M  7.6 30 270   M    M   1 3      41 270
 2  71  43  57   0   8   0    T    M    M  7.5 18 200   M    M   2        25 180
 3  73  41  57   0   8   0 0.00    M    M  5.4 20 160   M    M   0        28 160
 4  76  44  60   3   5   0 0.00    M    M  4.7 10  40   M    M   0        13  40
 5  72  49  61   3   4   0 0.00    M    M  6.8 20  30   M    M   1        25  30
 6  72  44  58   0   7   0 0.03    M    M  5.3 22 180   M    M   3 3      28 170
 7  79  46  63   5   2   0 0.00    M    M  3.9 13 190   M    M   1 12     18 190
 8  84  50  67   9   0   2 0.00    M    M  5.8 14 230   M    M   1        17 250
 9  87  52  70  12   0   5 0.00    M    M  7.0 29 150   M    M   0        45 150
10  81  51  66   7   0   1 0.54    M    M  5.0 21  20   M    M   2 3      29 350
11  81  50  66   7   0   1 0.00    M    M  5.5 10 190   M    M   1        14 190
12  82  51  67   8   0   2 0.00    M    M 13.0 26 200   M    M   0        37 200
13  78  53  66   7   0   1 0.00    M    M 12.3 25 200   M    M   0        34 200
14  78  42  60   1   5   0 0.00    M    M  4.9 12 190   M    M   0        15 200
15  84  47  66   6   0   1    T    M    M  9.5 20  30   M    M   2        27  30
16  82  51  67   7   0   2    T    M    M  8.3 17  60   M    M   1 38     23  40
17  86  48  67   7   0   2 0.00    M    M  6.7 20 200   M    M   0        27 210
18  89  49  69   9   0   4 0.00    M    M  7.2 17 210   M    M   0        24 210
19  84  51  68   8   0   3 0.00    M    M 12.1 32 200   M    M   0        43 200
20  83  46  65   4   0   0 0.00    M    M  9.5 22 200   M    M   0        30 200
21  84  49  67   6   0   2 0.00    M    M  6.9 22 230   M    M   0        28 230
22  81  48  65   4   0   0 0.00    M    M  8.4 21 210   M    M   0        27 190
23  85  47  66   4   0   1 0.00    M    M  5.2 13 200   M    M   0        17 190
24  87  49  68   6   0   3 0.00    M    M  6.5 14 190   M    M   0        19 180
25  87  59  73  11   0   8 0.00    M    M  5.3 13 150   M    M   0        17 190
26  91  52  72  10   0   7 0.00    M    M  3.7  8  70   M    M   0        12 250
27  95  55  75  13   0  10    T    M    M  4.2 26 280   M    M   0 3      36 280
28  96  56  76  13   0  11 0.00    M    M  2.6 10  30   M    M   0        14  20
29  96  59  78  15   0  13 0.12    M    M  6.3 21  20   M    M   0 3      27  10
30  88  62  75  12   0  10    T    M    M  4.6 12 200   M    M   1        14 130
================================================================================
SM 2493 1491        40  89  0.77    M    201.7          M       16
================================================================================
AV 83.1 49.7                               6.7 FASTST   M    M   1    MAX(MPH)
                                 MISC ---->  # 32 200               # 45  150
================================================================================
NOTES:
# LAST OF SEVERAL OCCURRENCES

COLUMN 17 PEAK WIND IN M.P.H.

PRELIMINARY LOCAL CLIMATOLOGICAL DATA (WS FORM: F-6) , PAGE 2

                                          STATION:  REXBURG ID
                                          MONTH:    JUNE
                                          YEAR:     2015
                                          LATITUDE:   43 49 N
                                          LONGITUDE: 111 48 W

[TEMPERATURE DATA]      [PRECIPITATION DATA]       SYMBOLS USED IN COLUMN 16

AVERAGE MONTHLY: 66.4   TOTAL FOR MONTH:   0.77    1 = FOG OR MIST
DPTR FM NORMAL:   6.5   DPTR FM NORMAL:   -0.60    2 = FOG REDUCING VISIBILITY
HIGHEST:    96 ON 29,28 GRTST 24HR  0.54 ON 10-10      TO 1/4 MILE OR LESS
LOWEST:     41 ON  3                               3 = THUNDER
                        SNOW, ICE PELLETS, HAIL    4 = ICE PELLETS
                        TOTAL MONTH:    M          5 = HAIL
                        GRTST 24HR    M  ON   M    6 = FREEZING RAIN OR DRIZZLE
                        GRTST DEPTH:  M  ON   M    7 = DUSTSTORM OR SANDSTORM:
                                                       VSBY 1/2 MILE OR LESS
                                                   8 = SMOKE OR HAZE
[NO. OF DAYS WITH]      [WEATHER - DAYS WITH]      9 = BLOWING SNOW
                                                   X = TORNADO
MAX 32 OR BELOW:   0    0.01 INCH OR MORE:   4
MAX 90 OR ABOVE:   4    0.10 INCH OR MORE:   2
MIN 32 OR BELOW:   0    0.50 INCH OR MORE:   1
MIN  0 OR BELOW:   0    1.00 INCH OR MORE:   0

[HDD (BASE 65) ]
TOTAL THIS MO.    40    CLEAR  (SCALE 0-3)  29
DPTR FM NORMAL  -132    PTCLDY (SCALE 4-7)   1
TOTAL FM JUL 1  6801    CLOUDY (SCALE 8-10)  0
DPTR FM NORMAL -1329

[CDD (BASE 65) ]
TOTAL THIS MO.    89
DPTR FM NORMAL    71    [PRESSURE DATA]
TOTAL FM JAN 1    89    HIGHEST SLP 30.16 ON 26
DPTR FM NORMAL    67    LOWEST  SLP 29.68 ON 10

[REMARKS]
