793
CXUS56 KSGX 251545
CF6SAN
PRELIMINARY LOCAL CLIMATOLOGICAL DATA (WS FORM: F-6)

                                          STATION:   SAN DIEGO INTL AIRPORT  CA
                                          MONTH:     JULY
                                          YEAR:      2016
                                          LATITUDE:   32 43 N
                                          LONGITUDE: 117 10 W

  TEMPERATURE IN F:       :PCPN:    SNOW:  WIND      :SUNSHINE: SKY     :PK WND
================================================================================
1   2   3   4   5  6A  6B    7    8   9   10  11  12  13   14  15   16   17  18
                                     12Z  AVG MX 2MIN
DY MAX MIN AVG DEP HDD CDD  WTR  SNW DPTH SPD SPD DIR MIN PSBL S-S WX    SPD DR
================================================================================

 1  68  63  66  -2   0   1 0.00  0.0    0  7.3 12 240   M    M   8        16 240
 2  71  64  68  -1   0   3 0.00  0.0    0  5.8 14 210   M    M   6        16 230
 3  71  64  68  -1   0   3 0.00  0.0    0  6.1 13 260   M    M   7 8      16 270
 4  73  64  69   0   0   4 0.00  0.0    0  7.1 15 300   M    M   7        21 260
 5  74  66  70   1   0   5 0.00  0.0    0  7.5 13 280   M    M   6        20 290
 6  74  66  70   1   0   5 0.00  0.0    0  5.8 14 280   M    M   6        20 280
 7  74  65  70   1   0   5 0.00  0.0    0  5.6 13 280   M    M   6        18 260
 8  76  68  72   3   0   7 0.00  0.0    0  5.3 12 260   M    M   5        15 260
 9  78  68  73   3   0   8 0.00  0.0    0  5.5 13 300   M    M   5        18 290
10  77  66  72   2   0   7 0.00  0.0    0  6.1 12 280   M    M   6        17 300
11  69  64  67  -3   0   2 0.00  0.0    0  9.2 16 190   M    M   6        20 200
12  74  64  69  -1   0   4 0.00  0.0    0  6.4 13 250   M    M   5 8      20 270
13  77  65  71   1   0   6 0.00  0.0    0  4.7 12 280   M    M   5 8      16 290
14  77  66  72   2   0   7 0.00  0.0    0  6.3 15 300   M    M   5 8      19 290
15  75  66  71   1   0   6 0.00  0.0    0  7.3 15 290   M    M   6        19 300
16  74  65  70   0   0   5 0.00  0.0    0  5.7 14 250   M    M   6        18 260
17  73  65  69  -1   0   4 0.00  0.0    0  6.0 13 260   M    M   7        18 260
18  74  65  70   0   0   5 0.00  0.0    0  4.9 13 280   M    M   5        18 260
19  78  66  72   2   0   7 0.00  0.0    0  6.3 17 280   M    M   5        21 280
20  81  66  74   4   0   9 0.00  0.0    0  6.7 15 290   M    M   7        19 290
21  84  69  77   7   0  12 0.00  0.0    0  6.7 14 300   M    M   4        18 300
22  85  67  76   5   0  11 0.00  0.0    0  6.8 14 310   M    M   4 1      17 320
23  73  66  70  -1   0   5 0.00  0.0    0  7.8 20 200   M    M   5 1      24 210
24  76  64  70  -1   0   5 0.00  0.0    0  6.6 15 180   M    M   7 1      20 170
================================================================================
SM 1806 1572         0 136  0.00     0.0 153.5          M      139
================================================================================
AV 75.2 65.5                               6.4 FASTST   M    M   6    MAX(MPH)
                                 MISC ---->  # 20 200               # 24  210
================================================================================
NOTES:
# LAST OF SEVERAL OCCURRENCES

COLUMN 17 PEAK WIND IN M.P.H.

PRELIMINARY LOCAL CLIMATOLOGICAL DATA (WS FORM: F-6) , PAGE 2

                                          STATION:  SAN DIEGO INTL AIRPORT  CA
                                          MONTH:    JULY
                                          YEAR:     2016
                                          LATITUDE:   32 43 N
                                          LONGITUDE: 117 10 W

[TEMPERATURE DATA]      [PRECIPITATION DATA]       SYMBOLS USED IN COLUMN 16

AVERAGE MONTHLY: 70.4   TOTAL FOR MONTH:   0.00    1 = FOG OR MIST
DPTR FM NORMAL:   0.6   DPTR FM NORMAL:   -0.02    2 = FOG REDUCING VISIBILITY
HIGHEST:    85 ON 22    GRTST 24HR  0.00 ON 24-24      TO 1/4 MILE OR LESS
LOWEST:     63 ON  1                               3 = THUNDER
                        SNOW, ICE PELLETS, HAIL    4 = ICE PELLETS
                        TOTAL MONTH:   0.0 INCH    5 = HAIL
                        GRTST 24HR     0.0         6 = FREEZING RAIN OR DRIZZLE
                        GRTST DEPTH:   0           7 = DUSTSTORM OR SANDSTORM:
                                                       VSBY 1/2 MILE OR LESS
                                                   8 = SMOKE OR HAZE
[NO. OF DAYS WITH]      [WEATHER - DAYS WITH]      9 = BLOWING SNOW
                                                   X = TORNADO
MAX 32 OR BELOW:   0    0.01 INCH OR MORE:   0
MAX 90 OR ABOVE:   0    0.10 INCH OR MORE:   0
MIN 32 OR BELOW:   0    0.50 INCH OR MORE:   0
MIN  0 OR BELOW:   0    1.00 INCH OR MORE:   0

[HDD (BASE 65) ]
TOTAL THIS MO.     0    CLEAR  (SCALE 0-3)   0
DPTR FM NORMAL     0    PTCLDY (SCALE 4-7)  23
TOTAL FM JUL 1     0    CLOUDY (SCALE 8-10)  1
DPTR FM NORMAL     0

[CDD (BASE 65) ]
TOTAL THIS MO.   136
DPTR FM NORMAL    20    [PRESSURE DATA]
TOTAL FM JAN 1   379    HIGHEST SLP M ON M
DPTR FM NORMAL   154    LOWEST  SLP 29.79 ON 23

[REMARKS]
