000
CXUS55 KLOX 261155
CF6SBA
PRELIMINARY LOCAL CLIMATOLOGICAL DATA (WS FORM: F-6)

                                          STATION:   SANTA BARBARA AIRPORT CA
                                          MONTH:     MAY
                                          YEAR:      2015
                                          LATITUDE:   34 25 N
                                          LONGITUDE: 119 50 W

  TEMPERATURE IN F:       :PCPN:    SNOW:  WIND      :SUNSHINE: SKY     :PK WND
================================================================================
1   2   3   4   5  6A  6B    7    8   9   10  11  12  13   14  15   16   17  18
                                     12Z  AVG MX 2MIN
DY MAX MIN AVG DEP HDD CDD  WTR  SNW DPTH SPD SPD DIR MIN PSBL S-S WX    SPD DR
================================================================================

 1  68  51  60   1   5   0 0.00  0.0    0  6.4 16 260   M    M   3 18     19 280
 2  65  47  56  -3   9   0 0.00  0.0    0  7.1 20 260   M    M   1 12     24 270
 3  65  51  58  -1   7   0 0.00  0.0    0  8.1 20 270   M    M   3        25 260
 4  66  53  60   1   5   0 0.00  0.0    0  7.0 15 260   M    M   2        20 270
 5  67  50  59  -1   6   0 0.00  0.0    0  6.2  M   M   M    M   5         M  M
 6  69  46  58  -2   7   0 0.00  0.0    0  6.0 23 250   M    M   3        28 270
 7  65  45  55  -5  10   0    T    M    0  9.0 26 270   M    M   5        34 260
 8  65  48  57  -3   8   0    T    M    0  6.0 17 270   M    M   7         M  M
 9  67  47  57  -3   8   0 0.00  0.0    0  4.9 14 260   M    M   2        19 240
10  70  47  59  -1   6   0 0.00  0.0    0  5.3 15 270   M    M   0        19 270
11  70  51  61   1   4   0 0.00  0.0    0  4.9 10 250   M    M   2 18     15 220
12  69  45  57  -3   8   0 0.00  0.0    0  5.6 16 140   M    M   1        19 110
13  67  50  59  -1   6   0 0.00  0.0    0  6.2 16 260   M    M   1        19 270
14  63  51  57  -3   8   0 0.32  0.0    0  5.1 15 140   M    M   7 1      18 150
15  73  50  62   2   3   0 0.00  0.0    0  5.6 20 250   M    M   4        26 260
16  66  51  59  -1   6   0 0.00  0.0    0  6.2 18 140   M    M   1        23  10
17  67  49  58  -2   7   0 0.00  0.0    0  4.5 13 250   M    M   3        16 150
18  74  48  61   1   4   0 0.00  0.0    0  7.6 22 260   M    M   1        28 260
19  70  49  60   0   5   0 0.00  0.0    0  5.5 18 260   M    M   1        21 270
20  70  52  61   1   4   0 0.00  0.0    0  5.6 16 260   M    M   2        19 250
21  68  51  60   0   5   0 0.00  0.0    0  8.3 22 270   M    M   6        31 270
22  70  50  60   0   5   0 0.00  0.0    0  9.7 25 280   M    M   1        33 280
23  71  51  61   1   4   0 0.00  0.0    0  4.6  M   M   M    M   0         M  M
24  70  49  60   0   5   0 0.00  0.0    0  6.2 14 130   M    M   1        17 250
25  67  50  59  -2   6   0 0.00  0.0    0  5.3 15 150   M    M   2        18 150
================================================================================
SM 1702 1232       151   0  0.32     0.0 156.9          M       64
================================================================================
AV 68.1 49.3                               6.3 FASTST   M    M   3    MAX(MPH)
                                 MISC ---->    26   M                 34    M
================================================================================
NOTES:
# LAST OF SEVERAL OCCURRENCES

COLUMN 17 PEAK WIND IN M.P.H.

PRELIMINARY LOCAL CLIMATOLOGICAL DATA (WS FORM: F-6) , PAGE 2

                                          STATION:  SANTA BARBARA AIRPORT CA
                                          MONTH:    MAY
                                          YEAR:     2015
                                          LATITUDE:   34 25 N
                                          LONGITUDE: 119 50 W

[TEMPERATURE DATA]      [PRECIPITATION DATA]       SYMBOLS USED IN COLUMN 16

AVERAGE MONTHLY: 58.7   TOTAL FOR MONTH:   0.32    1 = FOG OR MIST
DPTR FM NORMAL:  -1.2   DPTR FM NORMAL:    0.02    2 = FOG REDUCING VISIBILITY
HIGHEST:    74 ON 18    GRTST 24HR  0.32 ON 14-14      TO 1/4 MILE OR LESS
LOWEST:     45 ON 12, 7                            3 = THUNDER
                        SNOW, ICE PELLETS, HAIL    4 = ICE PELLETS
                        TOTAL MONTH:   0.0 INCH    5 = HAIL
                        GRTST 24HR     0.0         6 = FREEZING RAIN OR DRIZZLE
                        GRTST DEPTH:   0           7 = DUSTSTORM OR SANDSTORM:
                                                       VSBY 1/2 MILE OR LESS
                                                   8 = SMOKE OR HAZE
[NO. OF DAYS WITH]      [WEATHER - DAYS WITH]      9 = BLOWING SNOW
                                                   X = TORNADO
MAX 32 OR BELOW:   0    0.01 INCH OR MORE:   1
MAX 90 OR ABOVE:   0    0.10 INCH OR MORE:   1
MIN 32 OR BELOW:   0    0.50 INCH OR MORE:   0
MIN  0 OR BELOW:   0    1.00 INCH OR MORE:   0

[HDD (BASE 65) ]
TOTAL THIS MO.   151    CLEAR  (SCALE 0-3)  17
DPTR FM NORMAL    17    PTCLDY (SCALE 4-7)   8
TOTAL FM JUL 1  1240    CLOUDY (SCALE 8-10)  0
DPTR FM NORMAL -1019

[CDD (BASE 65) ]
TOTAL THIS MO.     0
DPTR FM NORMAL     0    [PRESSURE DATA]
TOTAL FM JAN 1    38    HIGHEST SLP M ON M
DPTR FM NORMAL    31    LOWEST  SLP 29.75 ON M

[REMARKS]
