000
CXUS53 KMKX 300648
CF6SBM
PRELIMINARY LOCAL CLIMATOLOGICAL DATA (WS FORM: F-6)

                                          STATION:   SHEBOYGAN WI
                                          MONTH:     SEPTEMBER
                                          YEAR:      2016
                                          LATITUDE:   43 46 N
                                          LONGITUDE:  87 51 W

  TEMPERATURE IN F:       :PCPN:    SNOW:  WIND      :SUNSHINE: SKY     :PK WND
================================================================================
1   2   3   4   5  6A  6B    7    8   9   10  11  12  13   14  15   16   17  18
                                     12Z  AVG MX 2MIN
DY MAX MIN AVG DEP HDD CDD  WTR  SNW DPTH SPD SPD DIR MIN PSBL S-S WX    SPD DR
================================================================================

 1  72  53  63  -2   2   0 0.00    M    M  9.7 22  50   M    M   4        27  50
 2  73  48  61  -4   4   0 0.00  0.0    0  3.1 10  70   M    M   0        14  50
 3  74  46  60  -4   5   0 0.00  0.0    0  3.2 12 180   M    M   1 12     16 110
 4  77  48  63  -1   2   0 0.00  0.0    0  6.5 17 180   M    M   1 1      24 180
 5  87  56  72   8   0   7 0.00  0.0    0  7.2 24 210   M    M   0 12     31 210
 6  93  65  79  16   0  14 1.12  0.0    0  7.9 28 340   M    M   2 13     37 330
 7  77  68  73  10   0   8 1.01  0.0    M  5.0 14  80   M    M   7 13     16  80
 8  82  57  70   7   0   5 0.00  0.0    0  5.2 16 280   M    M   4 1      20 270
 9  81  53  67   5   0   2    T  0.0    0  4.3 14 180   M    M   1 12     19 180
10  72  51  62   0   3   0 0.16    M    M  7.7 29 290   M    M   6 12     37 280
11  74  48  61  -1   4   0 0.00    M    M  7.5 15 210   M    M   0 1      19 170
12  77  51  64   3   1   0 0.00  0.0    0  9.6 22 170   M    M   1        29 170
13  74  55  65   4   0   0 0.16  0.0    0  6.5 28 260   M    M   7 13     37 260
14  69  50  60  -1   5   0 0.01  0.0    0  5.5 14  50   M    M   6 1      18  70
15  73  48  61   1   4   0 0.00  0.0    0  5.0 16 170   M    M   3 1      20 150
16  76  64  70  10   0   5 0.32    M    M  8.6 21 230   M    M   3 13     27 230
17  79  56  68   9   0   3 0.00    M    M  7.4 21 240   M    M   2 128    29 210
18  76  53  65   6   0   0 0.00    M    M  6.5 14 170   M    M   0 1      19 220
19  83  58  71  12   0   6 0.28    M    M  9.1 22 240   M    M   3 13     28 240
20  80  50  65   7   0   0 0.00  0.0    0  5.3 15 180   M    M   1 12     18 180
21  75  51  63   5   2   0 1.03  0.0    0  5.1 39 310   M    M   2 13     55 300
22  74  62  68  11   0   3 0.10  0.0    0  4.6 15  40   M    M   7 1      18  30
23  69  60  65   8   0   0 0.00  0.0    0 12.1 22  60   M    M  10        27  50
24  67  60  64   7   1   0 0.00  0.0    0  6.3 14 110   M    M   8        18  80
25  71  61  66  10   0   1 0.21  0.0    0 11.2 22 170   M    M   6 13     31 170
26  65  49  57   1   8   0    T    M    0 14.4 28 260   M    M   3        37 270
27  58  48  53  -2  12   0 0.12    M    M 10.7 21 260   M    M   8 1      27 280
28  62  48  55   0  10   0 0.01    M    M 10.4 23  50   M    M   4 1      27  60
29  68  56  62   7   3   0    T    M    M 16.5 30  40   M    M   5        40  40
================================================================================
SM 2158 1573        66  54  4.53     0.0 222.1          M      105
================================================================================
AV 74.4 54.2                               7.7 FASTST   M    M   4    MAX(MPH)
                                 MISC ---->  # 39 310               # 55  300
================================================================================
NOTES:
# LAST OF SEVERAL OCCURRENCES

COLUMN 17 PEAK WIND IN M.P.H.

PRELIMINARY LOCAL CLIMATOLOGICAL DATA (WS FORM: F-6) , PAGE 2

                                          STATION:  SHEBOYGAN WI
                                          MONTH:    SEPTEMBER
                                          YEAR:     2016
                                          LATITUDE:   43 46 N
                                          LONGITUDE:  87 51 W

[TEMPERATURE DATA]      [PRECIPITATION DATA]       SYMBOLS USED IN COLUMN 16

AVERAGE MONTHLY: 64.3   TOTAL FOR MONTH:   4.53    1 = FOG OR MIST
DPTR FM NORMAL:   4.3   DPTR FM NORMAL:    1.29    2 = FOG REDUCING VISIBILITY
HIGHEST:    93 ON  6    GRTST 24HR  2.11 ON  6- 7      TO 1/4 MILE OR LESS
LOWEST:     46 ON  3                               3 = THUNDER
                        SNOW, ICE PELLETS, HAIL    4 = ICE PELLETS
                        TOTAL MONTH:   0.0 INCH    5 = HAIL
                        GRTST 24HR     0.0         6 = FREEZING RAIN OR DRIZZLE
                        GRTST DEPTH:   0           7 = DUSTSTORM OR SANDSTORM:
                                                       VSBY 1/2 MILE OR LESS
                                                   8 = SMOKE OR HAZE
[NO. OF DAYS WITH]      [WEATHER - DAYS WITH]      9 = BLOWING SNOW
                                                   X = TORNADO
MAX 32 OR BELOW:   0    0.01 INCH OR MORE:  12
MAX 90 OR ABOVE:   1    0.10 INCH OR MORE:  10
MIN 32 OR BELOW:   0    0.50 INCH OR MORE:   3
MIN  0 OR BELOW:   0    1.00 INCH OR MORE:   3

[HDD (BASE 65) ]
TOTAL THIS MO.    66    CLEAR  (SCALE 0-3)  16
DPTR FM NORMAL  -109    PTCLDY (SCALE 4-7)  12
TOTAL FM JUL 1    81    CLOUDY (SCALE 8-10)  1
DPTR FM NORMAL  -151

[CDD (BASE 65) ]
TOTAL THIS MO.    54
DPTR FM NORMAL    25    [PRESSURE DATA]
TOTAL FM JAN 1   524    HIGHEST SLP M ON M
DPTR FM NORMAL   135    LOWEST  SLP 29.72 ON 27

[REMARKS]
