000
CXUS51 KAKQ 231010
CF6SBY
PRELIMINARY LOCAL CLIMATOLOGICAL DATA (WS FORM: F-6)

                                          STATION:   SALISBURY MD
                                          MONTH:     APRIL
                                          YEAR:      2014
                                          LATITUDE:   38 20 N
                                          LONGITUDE:  75 30 W

  TEMPERATURE IN F:       :PCPN:    SNOW:  WIND      :SUNSHINE: SKY     :PK WND
================================================================================
1   2   3   4   5  6A  6B    7    8   9   10  11  12  13   14  15   16   17  18
                                     12Z  AVG MX 2MIN
DY MAX MIN AVG DEP HDD CDD  WTR  SNW DPTH SPD SPD DIR MIN PSBL S-S WX    SPD DR
================================================================================

 1  62  33  48  -2  17   0 0.00  0.0    0  2.9 12 120   M    M   0        18 290
 2  73  41  57   7   8   0 0.00  0.0    0  5.5 17  20   M    M   1        23  30
 3  68  49  59   9   6   0    T  0.0    0  5.6 15  90   M    M   5        23 100
 4  66  51  59   8   6   0 0.01  0.0    0  7.8 21  60   M    M   6 138    26  60
 5  64  45  55   4  10   0    T  0.0    0  9.9 22 330   M    M   3 1238   28 330
 6  61  32  47  -4  18   0 0.00  0.0    0  4.7 15 150   M    M   0        22 130
 7  63  34  49  -3  16   0 0.17  0.0    0  7.0 25 110   M    M   7 1      33 110
 8  68  53  61   9   4   0 0.04  0.0    0 10.1 18 270   M    M   5 1      25 230
 9  67  39  53   1  12   0 0.00  0.0    0  7.3 23 320   M    M   1        32 320
10  70  36  53   1  12   0 0.00  0.0    0  7.3 20 210   M    M   0        26 200
11  80  56  68  15   0   3 0.00  0.0    0 11.1 22 220   M    M   0        29 220
12  77  51  64  11   1   0 0.00  0.0    0  5.6 15 120   M    M   0        24 140
13  83  54  69  16   0   4 0.00  0.0    0 11.9 22 200   M    M   0 1      30 200
14  79  64  72  18   0   7 0.00  0.0    0 15.0 29 200   M    M   2        39 210
15  70  36  53  -1  12   0 1.70  0.0    0 15.7 31 340   M    M  10 13     45 330
16  51  34  43 -11  22   0 0.01  0.0    0 11.0 24 330   M    M   1 1      30 330
17  53  34  44 -10  21   0 0.00  0.0    0  9.1 20  30   M    M   6        25  60
18  56  38  47  -8  18   0 0.00  0.0    0  6.4 14  80   M    M   3        20  50
19  67  42  55   0  10   0 0.00  0.0    0  4.4 15  60   M    M   0        18  50
20  60  41  51  -4  14   0 0.00  0.0    0 12.6 24  60   M    M   0        32  70
21  69  40  55  -1  10   0 0.00  0.0    0  6.0 16  40   M    M   0        21  60
22  79  41  60   4   5   0    T  0.0    0  5.4 21 200   M    M   2        25 200
================================================================================
SM 1486  944       222  14  1.93     0.0 182.3          M       52
================================================================================
AV 67.5 42.9                               8.3 FASTST   M    M   2    MAX(MPH)
                                 MISC ---->  # 31 340               # 45  330
================================================================================
NOTES:
# LAST OF SEVERAL OCCURRENCES

COLUMN 17 PEAK WIND IN M.P.H.

PRELIMINARY LOCAL CLIMATOLOGICAL DATA (WS FORM: F-6) , PAGE 2

                                          STATION:  SALISBURY MD
                                          MONTH:    APRIL
                                          YEAR:     2014
                                          LATITUDE:   38 20 N
                                          LONGITUDE:  75 30 W

[TEMPERATURE DATA]      [PRECIPITATION DATA]       SYMBOLS USED IN COLUMN 16

AVERAGE MONTHLY: 55.2   TOTAL FOR MONTH:   1.93    1 = FOG OR MIST
DPTR FM NORMAL:   2.4   DPTR FM NORMAL:   -0.79    2 = FOG REDUCING VISIBILITY
HIGHEST:    83 ON 13    GRTST 24HR  1.71 ON 15-16      TO 1/4 MILE OR LESS
LOWEST:     32 ON  6                               3 = THUNDER
                        SNOW, ICE PELLETS, HAIL    4 = ICE PELLETS
                        TOTAL MONTH:   0.0 INCH    5 = HAIL
                        GRTST 24HR     0.0         6 = FREEZING RAIN OR DRIZZLE
                        GRTST DEPTH:   0           7 = DUSTSTORM OR SANDSTORM:
                                                       VSBY 1/2 MILE OR LESS
                                                   8 = SMOKE OR HAZE
[NO. OF DAYS WITH]      [WEATHER - DAYS WITH]      9 = BLOWING SNOW
                                                   X = TORNADO
MAX 32 OR BELOW:   0    0.01 INCH OR MORE:   5
MAX 90 OR ABOVE:   0    0.10 INCH OR MORE:   2
MIN 32 OR BELOW:   1    0.50 INCH OR MORE:   1
MIN  0 OR BELOW:   0    1.00 INCH OR MORE:   1

[HDD (BASE 65) ]
TOTAL THIS MO.   222    CLEAR  (SCALE 0-3)  15
DPTR FM NORMAL   -55    PTCLDY (SCALE 4-7)   6
TOTAL FM JUL 1  4051    CLOUDY (SCALE 8-10)  1
DPTR FM NORMAL  -161

[CDD (BASE 65) ]
TOTAL THIS MO.    14
DPTR FM NORMAL     5    [PRESSURE DATA]
TOTAL FM JAN 1    14    HIGHEST SLP M ON M
DPTR FM NORMAL     3    LOWEST  SLP 29.54 ON  8

[REMARKS]
