000
CXUS51 KAKQ 011010
CF6SBY
PRELIMINARY LOCAL CLIMATOLOGICAL DATA (WS FORM: F-6)

                                          STATION:   SALISBURY MD
                                          MONTH:     MAY
                                          YEAR:      2015
                                          LATITUDE:   38 20 N
                                          LONGITUDE:  75 30 W

  TEMPERATURE IN F:       :PCPN:    SNOW:  WIND      :SUNSHINE: SKY     :PK WND
================================================================================
1   2   3   4   5  6A  6B    7    8   9   10  11  12  13   14  15   16   17  18
                                     12Z  AVG MX 2MIN
DY MAX MIN AVG DEP HDD CDD  WTR  SNW DPTH SPD SPD DIR MIN PSBL S-S WX    SPD DR
================================================================================

 1  53  42  48 -10  17   0 0.13  0.0    0 10.6 21  40   M    M   6 1      28  40
 2  71  41  56  -3   9   0 0.00  0.0    0  6.3 14 320   M    M   3        18 350
 3  80  41  61   2   4   0 0.00  0.0    0  3.9 15 350   M    M   2        18 320
 4  83  48  66   7   0   1 0.00  0.0    0  7.6 18 210   M    M   0        26 230
 5  82  62  72  13   0   7 0.00  0.0    0  9.9 17 240   M    M   1        26 230
 6  82  53  68   8   0   3 0.00  0.0    0  5.3 15  60   M    M   1        19  60
 7  77  52  65   5   0   0 0.00  0.0    0  5.3 13 120   M    M   4 18     16 120
 8  81  55  68   8   0   3 0.00  0.0    0  5.6 14 110   M    M   5 128    18  90
 9  82  64  73  13   0   8 0.00  0.0    0  5.2 15 160   M    M   6 12     20 140
10  83  64  74  13   0   9 0.00  0.0    0  9.3 18 170   M    M   7 12     26 190
11  75  65  70   9   0   5 0.11  0.0    0  8.5 18 160   M    M   7 1      25 160
12  88  65  77  16   0  12 0.00  0.0    0  9.7 21 200   M    M   1 1      28 240
13  74  53  64   2   1   0 0.00  0.0    0 12.2 25 320   M    M   2        32 320
14  70  44  57  -5   8   0 0.00  0.0    0  5.9 16  70   M    M   0        20  70
15  74  43  59  -3   6   0 0.00  0.0    0  5.7 15 170   M    M   0        21 130
16  83  56  70   8   0   5 0.15  0.0    0  9.2 22 270   M    M   1 13     30 270
17  84  67  76  13   0  11 0.03  0.0    0  5.3 12 220   M    M   3 1      16 270
18  88  66  77  14   0  12 0.19  0.0    0  3.6 14 190   M    M   3 13     19 130
19  84  66  75  12   0  10 0.30  0.0    0  4.5 16 300   M    M   4 138    21 290
20  72  49  61  -3   4   0 0.00  0.0    0  9.5 22 330   M    M   0        27 330
21  57  47  52 -12  13   0 0.84  0.0    0  6.0 14 330   M    M   7 1      18  20
22  73  49  61  -3   4   0 0.00  0.0    0  9.2 21 270   M    M   1 1      25 250
23  71  48  60  -4   5   0 0.00  0.0    0  6.1 14 360   M    M   0        19 330
24  78  44  61  -4   4   0 0.00  0.0    0  6.2 15 170   M    M   0        23 200
25  81  57  69   4   0   4 0.00  0.0    0  9.9 23 200   M    M   0        27 190
26  84  60  72   7   0   7 0.00  0.0    0  9.9 18 200   M    M   0        24 160
27  86  68  77  11   0  12 0.00  0.0    0 10.7 20 200   M    M   3        28 210
28  84  66  75   9   0  10 0.00  0.0    0  5.9 13 180   M    M   3        16 190
29  86  62  74   8   0   9 0.00  0.0    0  3.8 15 150   M    M   3 3      20 110
30  85  62  74   7   0   9 0.00  0.0    0  7.8 16 160   M    M   4 12     21 170
31  87  66  77  10   0  12 0.00  0.0    0 10.5 17 180   M    M   1        23 200
================================================================================
SM 2438 1725        75 149  1.75     0.0 229.1          M       78
================================================================================
AV 78.6 55.6                               7.4 FASTST   M    M   3    MAX(MPH)
                                 MISC ---->  # 25 320               # 32  320
================================================================================
NOTES:
# LAST OF SEVERAL OCCURRENCES

COLUMN 17 PEAK WIND IN M.P.H.

PRELIMINARY LOCAL CLIMATOLOGICAL DATA (WS FORM: F-6) , PAGE 2

                                          STATION:  SALISBURY MD
                                          MONTH:    MAY
                                          YEAR:     2015
                                          LATITUDE:   38 20 N
                                          LONGITUDE:  75 30 W

[TEMPERATURE DATA]      [PRECIPITATION DATA]       SYMBOLS USED IN COLUMN 16

AVERAGE MONTHLY: 67.1   TOTAL FOR MONTH:   1.75    1 = FOG OR MIST
DPTR FM NORMAL:   4.5   DPTR FM NORMAL:   -1.87    2 = FOG REDUCING VISIBILITY
HIGHEST:    88 ON 18,12 GRTST 24HR  0.84 ON 21-21      TO 1/4 MILE OR LESS
LOWEST:     41 ON  3, 2                            3 = THUNDER
                        SNOW, ICE PELLETS, HAIL    4 = ICE PELLETS
                        TOTAL MONTH:   0.0 INCH    5 = HAIL
                        GRTST 24HR     0.0         6 = FREEZING RAIN OR DRIZZLE
                        GRTST DEPTH:   0           7 = DUSTSTORM OR SANDSTORM:
                                                       VSBY 1/2 MILE OR LESS
                                                   8 = SMOKE OR HAZE
[NO. OF DAYS WITH]      [WEATHER - DAYS WITH]      9 = BLOWING SNOW
                                                   X = TORNADO
MAX 32 OR BELOW:   0    0.01 INCH OR MORE:   7
MAX 90 OR ABOVE:   0    0.10 INCH OR MORE:   6
MIN 32 OR BELOW:   0    0.50 INCH OR MORE:   1
MIN  0 OR BELOW:   0    1.00 INCH OR MORE:   0

[HDD (BASE 65) ]
TOTAL THIS MO.    75    CLEAR  (SCALE 0-3)  21
DPTR FM NORMAL   -67    PTCLDY (SCALE 4-7)  10
TOTAL FM JUL 1  4272    CLOUDY (SCALE 8-10)  0
DPTR FM NORMAL  -150

[CDD (BASE 65) ]
TOTAL THIS MO.   149
DPTR FM NORMAL    82    [PRESSURE DATA]
TOTAL FM JAN 1   156    HIGHEST SLP 30.47 ON 23
DPTR FM NORMAL    72    LOWEST  SLP 29.80 ON  1

[REMARKS]
#FINAL-05-15#
