000
CXUS55 KPSR 241005
CF6SDL
PRELIMINARY LOCAL CLIMATOLOGICAL DATA (WS FORM: F-6)

                                          STATION:   SCOTTSDALE AZ
                                          MONTH:     SEPTEMBER
                                          YEAR:      2017
                                          LATITUDE:   33 37 N
                                          LONGITUDE: 111 55 W

  TEMPERATURE IN F:       :PCPN:    SNOW:  WIND      :SUNSHINE: SKY     :PK WND
================================================================================
1   2   3   4   5  6A  6B    7    8   9   10  11  12  13   14  15   16   17  18
                                     12Z  AVG MX 2MIN
DY MAX MIN AVG DEP HDD CDD  WTR  SNW DPTH SPD SPD DIR MIN PSBL S-S WX    SPD DR
================================================================================

 1 108  81  95   5   0  30 0.00  0.0    0  3.4 14 190   M    M   0        17 200
 2 100  83  92   2   0  27 0.00  0.0    0  3.6 13 260   M    M   0        17 250
 3 103  82  93   3   0  28 0.00  0.0    0  5.0 12 270   M    M   0        18 220
 4 102  79  91   2   0  26 0.00  0.0    0  5.6 16 300   M    M   0        27 290
 5 106  82  94   5   0  29 0.00  0.0    0  4.6 24  80   M    M   0 3      34  80
 6 107  82  95   6   0  30 0.00  0.0    0  3.2 13 220   M    M   0        20 220
 7 102  83  93   4   0  28    T  0.0    0  4.9 20 240   M    M   0 38     27 240
 8  96  81  89   1   0  24 0.00  0.0    0  5.6 20 100   M    M   1        30 100
 9  94  78  86  -2   0  21 0.00  0.0    0  3.4 12 250   M    M   2        16 250
10 103  78  91   3   0  26 0.00  0.0    0  1.9 12 190   M    M   0        15 210
11 106  86  96   8   0  31 0.00  0.0    0  4.9 14 100   M    M   0        17  80
12 108  83  96   9   0  31 0.00  0.0    0  3.7 13 250   M    M   0        17 240
13 105  82  94   7   0  29 0.00  0.0    0  5.5 15 250   M    M   0        21 250
14  99  83  91   4   0  26 0.00  0.0    0  7.4 21 260   M    M   0        29 260
15  95  75  85  -1   0  20 0.00  0.0    0  4.6 13 260   M    M   0        18 220
16  94  73  84  -2   0  19 0.00  0.0    0  3.4 13 210   M    M   0        17 140
17  96  74  85  -1   0  20 0.00  0.0    0  3.6 15 220   M    M   0        19 220
18  96  70  83  -2   0  18 0.00  0.0    0  2.3 12 200   M    M   0        17 190
19  97  70  84  -1   0  19 0.00  0.0    0  5.3 16 230   M    M   0        23 240
20  97  73  85   0   0  20 0.00  0.0    0  5.9 15 190   M    M   0        21 170
21  95  71  83  -1   0  18 0.00  0.0    0  7.2 16 220   M    M   0        21 240
22  87  71  79  -5   0  14 0.00  0.0    0  5.2 14 260   M    M   1        18 280
23  83  62  73 -10   0   8 0.00  0.0    0  3.8 14 250   M    M   0        21 250
================================================================================
SM 2279 1782         0 542    T      0.0 104.0          M        4
================================================================================
AV 99.1 77.5                               4.5 FASTST   M    M   0    MAX(MPH)
                                 MISC ---->  # 24  80               # 34   80
================================================================================
NOTES:
# LAST OF SEVERAL OCCURRENCES

COLUMN 17 PEAK WIND IN M.P.H.

PRELIMINARY LOCAL CLIMATOLOGICAL DATA (WS FORM: F-6) , PAGE 2

                                          STATION:  SCOTTSDALE AZ
                                          MONTH:    SEPTEMBER
                                          YEAR:     2017
                                          LATITUDE:   33 37 N
                                          LONGITUDE: 111 55 W

[TEMPERATURE DATA]      [PRECIPITATION DATA]       SYMBOLS USED IN COLUMN 16

AVERAGE MONTHLY: 88.3   TOTAL FOR MONTH:      T    1 = FOG OR MIST
DPTR FM NORMAL:   1.2   DPTR FM NORMAL:   -0.67    2 = FOG REDUCING VISIBILITY
HIGHEST:   108 ON 12, 1 GRTST 24HR    T  ON  7- 7      TO 1/4 MILE OR LESS
LOWEST:     62 ON 23                               3 = THUNDER
                        SNOW, ICE PELLETS, HAIL    4 = ICE PELLETS
                        TOTAL MONTH:   0.0 INCH    5 = HAIL
                        GRTST 24HR     0.0         6 = FREEZING RAIN OR DRIZZLE
                        GRTST DEPTH:   0           7 = DUSTSTORM OR SANDSTORM:
                                                       VSBY 1/2 MILE OR LESS
                                                   8 = SMOKE OR HAZE
[NO. OF DAYS WITH]      [WEATHER - DAYS WITH]      9 = BLOWING SNOW
                                                   X = TORNADO
MAX 32 OR BELOW:   0    0.01 INCH OR MORE:   0
MAX 90 OR ABOVE:  21    0.10 INCH OR MORE:   0
MIN 32 OR BELOW:   0    0.50 INCH OR MORE:   0
MIN  0 OR BELOW:   0    1.00 INCH OR MORE:   0

[HDD (BASE 65) ]
TOTAL THIS MO.     0    CLEAR  (SCALE 0-3)  23
DPTR FM NORMAL     0    PTCLDY (SCALE 4-7)   0
TOTAL FM JUL 1     0    CLOUDY (SCALE 8-10)  0
DPTR FM NORMAL     0

[CDD (BASE 65) ]
TOTAL THIS MO.   542
DPTR FM NORMAL    35    [PRESSURE DATA]
TOTAL FM JAN 1  3962    HIGHEST SLP M ON M
DPTR FM NORMAL   460    LOWEST  SLP 29.56 ON 21

[REMARKS]
