000
CXUS55 KPSR 181005
CF6SDL
PRELIMINARY LOCAL CLIMATOLOGICAL DATA (WS FORM: F-6)

                                          STATION:   SCOTTSDALE AZ
                                          MONTH:     SEPTEMBER
                                          YEAR:      2014
                                          LATITUDE:   33 37 N
                                          LONGITUDE: 111 55 W

  TEMPERATURE IN F:       :PCPN:    SNOW:  WIND      :SUNSHINE: SKY     :PK WND
================================================================================
1   2   3   4   5  6A  6B    7    8   9   10  11  12  13   14  15   16   17  18
                                     12Z  AVG MX 2MIN
DY MAX MIN AVG DEP HDD CDD  WTR  SNW DPTH SPD SPD DIR MIN PSBL S-S WX    SPD DR
================================================================================

 1 104  79  92   2   0  27 0.00  0.0    0  2.7 10 180   M    M   0        15 140
 2 105  77  91   1   0  26 0.00  0.0    0  2.0 10 150   M    M   0        15 160
 3 105  77  91   1   0  26 0.00  0.0    0  2.0 12 170   M    M   0        18 210
 4 103  81  92   3   0  27    T  0.0    0  5.3 21 240   M    M   1 38     29 240
 5  98  78  88  -1   0  23 0.00  0.0    0  3.5 13 240   M    M   0        16 250
 6 102  81  92   3   0  27 0.21  0.0    0  2.9 18 100   M    M   1 38     26  90
 7  99  81  90   1   0  25 0.00  0.0    0  4.5 17 260   M    M   0        23 250
 8  87  70  79  -9   0  14 2.49  0.0    0  6.4 23 190   M    M   7 13     32 180
 9  89  76  83  -5   0  18 0.07  0.0    0  2.7 15 240   M    M   5 1      20 260
10  93  76  85  -3   0  20 0.00  0.0    0  1.8 10 210   M    M   2        14 220
11  98  76  87  -1   0  22 0.00  0.0    0  0.9  9 210   M    M   0        14 200
12 102  75  89   2   0  24 0.00  0.0    0  2.5  9 230   M    M   0        13 110
13  97  82  90   3   0  25 0.00  0.0    0  7.6 15 110   M    M   0        22 150
14  98  81  90   3   0  25 0.00  0.0    0  4.1 13  90   M    M   0        22 100
15 102  84  93   7   0  28 0.00  0.0    0  3.6 10  80   M    M   0        15 110
16  91  80  86   0   0  21    T  0.0    0  5.3 16 150   M    M   4        23 160
17  88  76  82  -4   0  17 0.03  0.0    0  4.3 15 160   M    M   5        22 150
================================================================================
SM 1661 1330         0 395  2.80     0.0  62.1          M       25
================================================================================
AV 97.7 78.2                               3.7 FASTST   M    M   1    MAX(MPH)
                                 MISC ---->  # 23 190               # 32  180
================================================================================
NOTES:
# LAST OF SEVERAL OCCURRENCES

COLUMN 17 PEAK WIND IN M.P.H.

PRELIMINARY LOCAL CLIMATOLOGICAL DATA (WS FORM: F-6) , PAGE 2

                                          STATION:  SCOTTSDALE AZ
                                          MONTH:    SEPTEMBER
                                          YEAR:     2014
                                          LATITUDE:   33 37 N
                                          LONGITUDE: 111 55 W

[TEMPERATURE DATA]      [PRECIPITATION DATA]       SYMBOLS USED IN COLUMN 16

AVERAGE MONTHLY: 88.0   TOTAL FOR MONTH:   2.80    1 = FOG OR MIST
DPTR FM NORMAL:  -0.1   DPTR FM NORMAL:    2.32    2 = FOG REDUCING VISIBILITY
HIGHEST:   105 ON  3, 2 GRTST 24HR  2.49 ON  8- 8      TO 1/4 MILE OR LESS
LOWEST:     70 ON  8                               3 = THUNDER
                        SNOW, ICE PELLETS, HAIL    4 = ICE PELLETS
                        TOTAL MONTH:   0.0 INCH    5 = HAIL
                        GRTST 24HR     0.0         6 = FREEZING RAIN OR DRIZZLE
                        GRTST DEPTH:   0           7 = DUSTSTORM OR SANDSTORM:
                                                       VSBY 1/2 MILE OR LESS
                                                   8 = SMOKE OR HAZE
[NO. OF DAYS WITH]      [WEATHER - DAYS WITH]      9 = BLOWING SNOW
                                                   X = TORNADO
MAX 32 OR BELOW:   0    0.01 INCH OR MORE:   4
MAX 90 OR ABOVE:  14    0.10 INCH OR MORE:   2
MIN 32 OR BELOW:   0    0.50 INCH OR MORE:   1
MIN  0 OR BELOW:   0    1.00 INCH OR MORE:   1

[HDD (BASE 65) ]
TOTAL THIS MO.     0    CLEAR  (SCALE 0-3)  13
DPTR FM NORMAL     0    PTCLDY (SCALE 4-7)   4
TOTAL FM JUL 1     0    CLOUDY (SCALE 8-10)  0
DPTR FM NORMAL     0

[CDD (BASE 65) ]
TOTAL THIS MO.   395
DPTR FM NORMAL     4    [PRESSURE DATA]
TOTAL FM JAN 1  3562    HIGHEST SLP M ON M
DPTR FM NORMAL   176    LOWEST  SLP 29.53 ON  3

[REMARKS]
