000
CXUS56 KMTR 221000
CF6SFD
PRELIMINARY LOCAL CLIMATOLOGICAL DATA (WS FORM: F-6)

                                          STATION:   SAN FRANCISCO DWTN CA
                                          MONTH:     DECEMBER
                                          YEAR:      2014
                                          LATITUDE:   37 46 N
                                          LONGITUDE: 122 26 W

  TEMPERATURE IN F:       :PCPN:    SNOW:  WIND      :SUNSHINE: SKY     :PK WND
================================================================================
1   2   3   4   5  6A  6B    7    8   9   10  11  12  13   14  15   16   17  18
                                     12Z  AVG MX 2MIN
DY MAX MIN AVG DEP HDD CDD  WTR  SNW DPTH SPD SPD DIR MIN PSBL S-S WX    SPD DR
================================================================================

 1  65  57  61   8   4   0 0.00  0.0    0   M   M   M   M    M   M         M  M
 2  61  55  58   5   7   0 1.61  0.0    0   M   M   M   M    M   M         M  M
 3  64  57  61   8   4   0 1.80  0.0    0   M   M   M   M    M   M         M  M
 4  66  57  62   9   3   0 0.09  0.0    0   M   M   M   M    M   M         M  M
 5  64  57  61   8   4   0 0.11  0.0    0   M   M   M   M    M   M         M  M
 6  66  58  62   9   3   0 0.18  0.0    0   M   M   M   M    M   M         M  M
 7  63  57  60   7   5   0 0.00  0.0    0   M   M   M   M    M   M         M  M
 8  68  57  63  11   2   0 0.00  0.0    0   M   M   M   M    M   M         M  M
 9  63  58  61   9   4   0 0.01  0.0    0   M   M   M   M    M   M         M  M
10  64  57  61   9   4   0 0.00  0.0    0   M   M   M   M    M   M         M  M
11  64  50  57   5   8   0 3.40  0.0    0   M   M   M   M    M   M         M  M
12  57  49  53   1  12   0 0.25  0.0    0   M   M   M   M    M   M         M  M
13  56  50  53   1  12   0 0.00  0.0    0   M   M   M   M    M   M         M  M
14  59  50  55   3  10   0 0.18  0.0    0   M   M   M   M    M   M         M  M
15  55  50  53   1  12   0 1.23  0.0    0   M   M   M   M    M   M         M  M
16  61  50  56   5   9   0 1.12  0.0    0   M   M   M   M    M   M         M  M
17  58  50  54   3  11   0 0.27  0.0    0   M   M   M   M    M   M         M  M
18  60  50  55   4  10   0 0.04  0.0    0   M   M   M   M    M   M         M  M
19  57  54  56   5   9   0 1.24  0.0    0   M   M   M   M    M   M         M  M
20  61  55  58   7   7   0 0.04  0.0    0   M   M   M   M    M   M         M  M
21  62  57  60   9   5   0 0.06  0.0    0   M   M   M   M    M   M         M  M
================================================================================
SM 1294 1135       145   0 11.63     0.0     M          M        M
================================================================================
AV 61.6 54.0                                 M FASTST   M    M  -2    MAX(MPH)
                                 MISC ---->     M   M                  M    M
================================================================================
NOTES:
# LAST OF SEVERAL OCCURRENCES

COLUMN 17 PEAK WIND IN M.P.H.

PRELIMINARY LOCAL CLIMATOLOGICAL DATA (WS FORM: F-6) , PAGE 2

                                          STATION:  SAN FRANCISCO DWTN CA
                                          MONTH:    DECEMBER
                                          YEAR:     2014
                                          LATITUDE:   37 46 N
                                          LONGITUDE: 122 26 W

[TEMPERATURE DATA]      [PRECIPITATION DATA]       SYMBOLS USED IN COLUMN 16

AVERAGE MONTHLY: 57.8   TOTAL FOR MONTH:  11.63    1 = FOG OR MIST
DPTR FM NORMAL:   5.8   DPTR FM NORMAL:    8.61    2 = FOG REDUCING VISIBILITY
HIGHEST:    68 ON  8    GRTST 24HR  3.45 ON 11-12      TO 1/4 MILE OR LESS
LOWEST:     49 ON 12                               3 = THUNDER
                        SNOW, ICE PELLETS, HAIL    4 = ICE PELLETS
                        TOTAL MONTH:   0.0 INCH    5 = HAIL
                        GRTST 24HR     0.0         6 = FREEZING RAIN OR DRIZZLE
                        GRTST DEPTH:   0           7 = DUSTSTORM OR SANDSTORM:
                                                       VSBY 1/2 MILE OR LESS
                                                   8 = SMOKE OR HAZE
[NO. OF DAYS WITH]      [WEATHER - DAYS WITH]      9 = BLOWING SNOW
                                                   X = TORNADO
MAX 32 OR BELOW:   0    0.01 INCH OR MORE:  16
MAX 90 OR ABOVE:   0    0.10 INCH OR MORE:  11
MIN 32 OR BELOW:   0    0.50 INCH OR MORE:   6
MIN  0 OR BELOW:   0    1.00 INCH OR MORE:   6

[HDD (BASE 65) ]
TOTAL THIS MO.   145    CLEAR  (SCALE 0-3)   0
DPTR FM NORMAL     M    PTCLDY (SCALE 4-7)   0
TOTAL FM JUL 1   514    CLOUDY (SCALE 8-10)  0
DPTR FM NORMAL     M

[CDD (BASE 65) ]
TOTAL THIS MO.     0
DPTR FM NORMAL     0    [PRESSURE DATA]
TOTAL FM JAN 1   163    HIGHEST SLP M ON M
DPTR FM NORMAL   163    LOWEST  SLP M ON M

[REMARKS]
