000
CXUS56 KOTX 260900
CF6SFF
PRELIMINARY LOCAL CLIMATOLOGICAL DATA (WS FORM: F-6)

                                          STATION:   SPOKANE WA FELTS AIRPORT
                                          MONTH:     JULY
                                          YEAR:      2017
                                          LATITUDE:   47 40 N
                                          LONGITUDE: 117 20 W

  TEMPERATURE IN F:       :PCPN:    SNOW:  WIND      :SUNSHINE: SKY     :PK WND
================================================================================
1   2   3   4   5  6A  6B    7    8   9   10  11  12  13   14  15   16   17  18
                                     12Z  AVG MX 2MIN
DY MAX MIN AVG DEP HDD CDD  WTR  SNW DPTH SPD SPD DIR MIN PSBL S-S WX    SPD DR
================================================================================

 1  92  57  75   9   0  10 0.00    M    M  4.0 13 210   M    M   0        16 260
 2  91  59  75   8   0  10 0.00    M    M  4.3 14 230   M    M   0        17 290
 3  88  59  74   7   0   9 0.00    M    M  8.1 20 240   M    M   0        25 240
 4  91  54  73   6   0   8 0.00    M    M  2.7 12 170   M    M   0        16 170
 5  97  54  76   8   0  11 0.00    M    M  2.8  9 260   M    M   0        13 290
 6 102  61  82  14   0  17 0.00    M    M  3.9 14 200   M    M   0 8      19 210
 7 101  62  82  14   0  17 0.00    M    M  3.6 21 220   M    M   0        27 230
 8  96  64  80  12   0  15 0.00    M    M  2.9 12 240   M    M   0        18 200
 9  94  57  76   7   0  11 0.00    M    M  5.3 16 240   M    M   0        24 220
10  86  65  76   7   0  11 0.00    M    M  8.7 22 220   M    M   0        27 220
11  85  61  73   4   0   8 0.00    M    M  5.5 15 210   M    M   0        20 200
12  90  56  73   4   0   8 0.00    M    M  4.3 14 190   M    M   0        20 170
13  91  56  74   4   0   9 0.00    M    M  6.8 21 220   M    M   0        26 230
14  96  57  77   7   0  12 0.00    M    M  1.8  8 260   M    M   0        12 250
15  93  65  79   9   0  14 0.00    M    M  5.2 13 240   M    M   1        17 190
16  80  56  68  -2   0   3 0.00    M    M  9.2 20 220   M    M   0        32 230
17  84  51  68  -2   0   3 0.00    M    M  3.1 12 290   M    M   0        18 290
18  89  51  70  -1   0   5 0.00    M    M  2.4  9 330   M    M   0        14 290
19  91  54  73   2   0   8 0.00    M    M  4.7 13 210   M    M   0        18 200
20  83  58  71   0   0   6    T    M    M  9.6 23 210   M    M   2 3      29 220
21  83  56  70  -1   0   5 0.00    M    M  5.3 14 230   M    M   0        19 260
22  91  56  74   3   0   9 0.00    M    M  3.8 13 280   M    M   0        20 260
23  96  62  79   8   0  14 0.00    M    M  6.9 20 230   M    M   0        26 250
24  88  60  74   3   0   9 0.00    M    M  5.3 12 330   M    M   0        19 330
25  92  54  73   1   0   8 0.00    M    M  2.8 14 230   M    M   0        17 290
================================================================================
SM 2270 1445         0 240    T     M    123.0          M        3
================================================================================
AV 90.8 57.8                               4.9 FASTST   M    M   0    MAX(MPH)
                                 MISC ---->  # 23 210               # 32  230
================================================================================
NOTES:
# LAST OF SEVERAL OCCURRENCES

COLUMN 17 PEAK WIND IN M.P.H.

PRELIMINARY LOCAL CLIMATOLOGICAL DATA (WS FORM: F-6) , PAGE 2

                                          STATION:  SPOKANE WA FELTS AIRPORT
                                          MONTH:    JULY
                                          YEAR:     2017
                                          LATITUDE:   47 40 N
                                          LONGITUDE: 117 20 W

[TEMPERATURE DATA]      [PRECIPITATION DATA]       SYMBOLS USED IN COLUMN 16

AVERAGE MONTHLY: 74.3   TOTAL FOR MONTH:      T    1 = FOG OR MIST
DPTR FM NORMAL:   4.9   DPTR FM NORMAL:   -0.73    2 = FOG REDUCING VISIBILITY
HIGHEST:   102 ON  6    GRTST 24HR    T  ON 20-20      TO 1/4 MILE OR LESS
LOWEST:     51 ON 18,17                            3 = THUNDER
                        SNOW, ICE PELLETS, HAIL    4 = ICE PELLETS
                        TOTAL MONTH:    M          5 = HAIL
                        GRTST 24HR    M  ON   M    6 = FREEZING RAIN OR DRIZZLE
                        GRTST DEPTH:  M  ON   M    7 = DUSTSTORM OR SANDSTORM:
                                                       VSBY 1/2 MILE OR LESS
                                                   8 = SMOKE OR HAZE
[NO. OF DAYS WITH]      [WEATHER - DAYS WITH]      9 = BLOWING SNOW
                                                   X = TORNADO
MAX 32 OR BELOW:   0    0.01 INCH OR MORE:   0
MAX 90 OR ABOVE:  16    0.10 INCH OR MORE:   0
MIN 32 OR BELOW:   0    0.50 INCH OR MORE:   0
MIN  0 OR BELOW:   0    1.00 INCH OR MORE:   0

[HDD (BASE 65) ]
TOTAL THIS MO.     0    CLEAR  (SCALE 0-3)  25
DPTR FM NORMAL   -18    PTCLDY (SCALE 4-7)   0
TOTAL FM JUL 1     0    CLOUDY (SCALE 8-10)  0
DPTR FM NORMAL   -18

[CDD (BASE 65) ]
TOTAL THIS MO.   240
DPTR FM NORMAL   110    [PRESSURE DATA]
TOTAL FM JAN 1   342    HIGHEST SLP M ON M
DPTR FM NORMAL   165    LOWEST  SLP 29.73 ON 23

[REMARKS]
