903
CXUS56 KMTR 291000
CF6SFO
PRELIMINARY LOCAL CLIMATOLOGICAL DATA (WS FORM: F-6)

                                          STATION:   SAN FRANCISCO AIRPORT
                                          MONTH:     SEPTEMBER
                                          YEAR:      2016
                                          LATITUDE:   37 37 N
                                          LONGITUDE: 122 23 W

  TEMPERATURE IN F:       :PCPN:    SNOW:  WIND      :SUNSHINE: SKY     :PK WND
================================================================================
1   2   3   4   5  6A  6B    7    8   9   10  11  12  13   14  15   16   17  18
                                     12Z  AVG MX 2MIN
DY MAX MIN AVG DEP HDD CDD  WTR  SNW DPTH SPD SPD DIR MIN PSBL S-S WX    SPD DR
================================================================================

 1  68  58  63  -2   2   0 0.00  0.0    0 10.9 23 260   M    M   7        29 270
 2  71  55  63  -2   2   0 0.00  0.0    0 12.0 26 270   M    M   4        32 260
 3  66  57  62  -3   3   0 0.00  0.0    0 14.2 29 240   M    M   6        36 240
 4  67  56  62  -3   3   0 0.00  0.0    0 13.9 28 260   M    M   4        33 260
 5  72  53  63  -2   2   0 0.00  0.0    0  9.3 25 280   M    M   2        28 280
 6  84  54  69   4   0   4 0.00  0.0    0  9.1 28 280   M    M   1        32 290
 7  88  58  73   8   0   8 0.00  0.0    0  7.9 24 280   M    M   0        27 280
 8  73  57  65   0   0   0 0.00  0.0    0 10.0 22 280   M    M   2        26 290
 9  67  56  62  -3   3   0 0.00  0.0    0 13.2 25 290   M    M   4 8      31 290
10  67  55  61  -4   4   0 0.00  0.0    0 12.8 25 290   M    M   4        30 290
11  71  55  63  -2   2   0 0.00  0.0    0  8.4 20 270   M    M   2        24 270
12  66  54  60  -5   5   0 0.00  0.0    0 10.2 26 230   M    M   5        33 240
13  71  56  64  -1   1   0 0.00  0.0    0  9.8 22 200   M    M   3        26 200
14  74  56  65   0   0   0 0.00  0.0    0 10.0 22 280   M    M   1        26 280
15  65  55  60  -5   5   0 0.00  0.0    0 15.0 25 290   M    M   3        31 290
16  69  55  62  -3   3   0 0.00  0.0    0 11.1 24 300   M    M   5        29 290
17  71  53  62  -3   3   0 0.00  0.0    0  9.9 25 300   M    M   3        29 300
18  88  56  72   7   0   7 0.00  0.0    0  8.1 23 280   M    M   0        26 280
19  85  61  73   8   0   8 0.00  0.0    0  8.0 22 290   M    M   3        24 290
20  73  58  66   1   0   1 0.00  0.0    0 11.7 22 290   M    M   4 8      25 280
21  66  57  62  -3   3   0 0.00  0.0    0 22.0 41 270   M    M   4        49 270
22  68  56  62  -2   3   0 0.00  0.0    0 18.8 35 270   M    M   4        40 290
23  73  52  63  -1   2   0 0.00  0.0    0 12.2 28 270   M    M   3        33 280
24  82  58  70   6   0   5 0.00  0.0    0  8.3 24 290   M    M   0        28 280
25  94  58  76  12   0  11 0.00  0.0    0  5.5 20 280   M    M   0        22 280
26  93  63  78  14   0  13 0.00  0.0    0  5.9 21 290   M    M   1        22 280
27  79  56  68   4   0   3 0.00  0.0    0  9.2 20 300   M    M   1        24 290
28  68  55  62  -2   3   0 0.00  0.0    0 13.8 25 280   M    M   2        32 290
================================================================================
SM 2079 1573        49  60  0.00     0.0 311.2          M       78
================================================================================
AV 74.2 56.2                              11.1 FASTST   M    M   3    MAX(MPH)
                                 MISC ---->  # 41 270               # 49  270
================================================================================
NOTES:
# LAST OF SEVERAL OCCURRENCES

COLUMN 17 PEAK WIND IN M.P.H.

PRELIMINARY LOCAL CLIMATOLOGICAL DATA (WS FORM: F-6) , PAGE 2

                                          STATION:  SAN FRANCISCO AIRPORT
                                          MONTH:    SEPTEMBER
                                          YEAR:     2016
                                          LATITUDE:   37 37 N
                                          LONGITUDE: 122 23 W

[TEMPERATURE DATA]      [PRECIPITATION DATA]       SYMBOLS USED IN COLUMN 16

AVERAGE MONTHLY: 65.2   TOTAL FOR MONTH:   0.00    1 = FOG OR MIST
DPTR FM NORMAL:   0.5   DPTR FM NORMAL:   -0.14    2 = FOG REDUCING VISIBILITY
HIGHEST:    94 ON 25    GRTST 24HR  0.00 ON 28-28      TO 1/4 MILE OR LESS
LOWEST:     52 ON 23                               3 = THUNDER
                        SNOW, ICE PELLETS, HAIL    4 = ICE PELLETS
                        TOTAL MONTH:   0.0 INCH    5 = HAIL
                        GRTST 24HR     0.0         6 = FREEZING RAIN OR DRIZZLE
                        GRTST DEPTH:   0           7 = DUSTSTORM OR SANDSTORM:
                                                       VSBY 1/2 MILE OR LESS
                                                   8 = SMOKE OR HAZE
[NO. OF DAYS WITH]      [WEATHER - DAYS WITH]      9 = BLOWING SNOW
                                                   X = TORNADO
MAX 32 OR BELOW:   0    0.01 INCH OR MORE:   0
MAX 90 OR ABOVE:   2    0.10 INCH OR MORE:   0
MIN 32 OR BELOW:   0    0.50 INCH OR MORE:   0
MIN  0 OR BELOW:   0    1.00 INCH OR MORE:   0

[HDD (BASE 65) ]
TOTAL THIS MO.    49    CLEAR  (SCALE 0-3)  15
DPTR FM NORMAL    -7    PTCLDY (SCALE 4-7)  13
TOTAL FM JUL 1   152    CLOUDY (SCALE 8-10)  0
DPTR FM NORMAL   -17

[CDD (BASE 65) ]
TOTAL THIS MO.    60
DPTR FM NORMAL    17    [PRESSURE DATA]
TOTAL FM JAN 1   125    HIGHEST SLP M ON M
DPTR FM NORMAL   -15    LOWEST  SLP 29.81 ON M

[REMARKS]
