000
CXUS56 KMTR 171000
CF6SFO
PRELIMINARY LOCAL CLIMATOLOGICAL DATA (WS FORM: F-6)

                                          STATION:   SAN FRANCISCO AIRPORT
                                          MONTH:     APRIL
                                          YEAR:      2014
                                          LATITUDE:   37 37 N
                                          LONGITUDE: 122 23 W

  TEMPERATURE IN F:       :PCPN:    SNOW:  WIND      :SUNSHINE: SKY     :PK WND
================================================================================
1   2   3   4   5  6A  6B    7    8   9   10  11  12  13   14  15   16   17  18
                                     12Z  AVG MX 2MIN
DY MAX MIN AVG DEP HDD CDD  WTR  SNW DPTH SPD SPD DIR MIN PSBL S-S WX    SPD DR
================================================================================

 1  59  48  54  -2  11   0 0.62  0.0    0  8.7 24 200   M    M   8 1      36 200
 2  61  47  54  -2  11   0 0.36  0.0    0  8.7 22 280   M    M   5 1      25 280
 3  64  49  57   1   8   0 0.00  0.0    0  6.0 16 240   M    M   7        24 220
 4  60  51  56   0   9   0 0.22  0.0    0 11.2 22 280   M    M   7 1      28 270
 5  63  50  57   1   8   0 0.00  0.0    0 13.2 28 270   M    M   2        33 280
 6  74  50  62   6   3   0 0.00  0.0    0  6.9 23 280   M    M   2        26 280
 7  82  55  69  13   0   4 0.00  0.0    0  6.1 22 280   M    M   1        24 250
 8  78  55  67  11   0   2 0.00  0.0    0  9.1 22 280   M    M   5        25 290
 9  64  51  58   2   7   0 0.00  0.0    0 13.7 25 290   M    M   5        29 290
10  72  48  60   4   5   0 0.00  0.0    0  8.4 25 280   M    M   6 18     29 290
11  64  53  59   3   6   0 0.00  0.0    0  9.9 20 300   M    M   7        23 290
12  67  51  59   2   6   0 0.00  0.0    0  7.6 22 270   M    M   3        28 250
13  71  54  63   6   2   0 0.00  0.0    0  9.8 25 280   M    M   5        30 280
14  68  52  60   3   5   0 0.00  0.0    0 11.7 28 280   M    M   6 8      31 280
15  65  52  59   2   6   0 0.00  0.0    M 10.3 24 280   M    M   3        29 290
16  73  52  63   6   2   0 0.00  0.0    0 11.9 28 270   M    M   3 8      32 270
================================================================================
SM 1085  818        89   6  1.20     0.0 153.2          M       75
================================================================================
AV 67.8 51.1                               9.6 FASTST   M    M   5    MAX(MPH)
                                 MISC ---->  # 28 270               # 36  200
================================================================================
NOTES:
# LAST OF SEVERAL OCCURRENCES

COLUMN 17 PEAK WIND IN M.P.H.

PRELIMINARY LOCAL CLIMATOLOGICAL DATA (WS FORM: F-6) , PAGE 2

                                          STATION:  SAN FRANCISCO AIRPORT
                                          MONTH:    APRIL
                                          YEAR:     2014
                                          LATITUDE:   37 37 N
                                          LONGITUDE: 122 23 W

[TEMPERATURE DATA]      [PRECIPITATION DATA]       SYMBOLS USED IN COLUMN 16

AVERAGE MONTHLY: 59.5   TOTAL FOR MONTH:   1.20    1 = FOG OR MIST
DPTR FM NORMAL:   3.2   DPTR FM NORMAL:    0.38    2 = FOG REDUCING VISIBILITY
HIGHEST:    82 ON  7    GRTST 24HR  0.96 ON  1- 2      TO 1/4 MILE OR LESS
LOWEST:     47 ON  2                               3 = THUNDER
                        SNOW, ICE PELLETS, HAIL    4 = ICE PELLETS
                        TOTAL MONTH:   0.0 INCH    5 = HAIL
                        GRTST 24HR     0.0         6 = FREEZING RAIN OR DRIZZLE
                        GRTST DEPTH:   0           7 = DUSTSTORM OR SANDSTORM:
                                                       VSBY 1/2 MILE OR LESS
                                                   8 = SMOKE OR HAZE
[NO. OF DAYS WITH]      [WEATHER - DAYS WITH]      9 = BLOWING SNOW
                                                   X = TORNADO
MAX 32 OR BELOW:   0    0.01 INCH OR MORE:   3
MAX 90 OR ABOVE:   0    0.10 INCH OR MORE:   3
MIN 32 OR BELOW:   0    0.50 INCH OR MORE:   1
MIN  0 OR BELOW:   0    1.00 INCH OR MORE:   0

[HDD (BASE 65) ]
TOTAL THIS MO.    89    CLEAR  (SCALE 0-3)   5
DPTR FM NORMAL   -52    PTCLDY (SCALE 4-7)  11
TOTAL FM JUL 1  1810    CLOUDY (SCALE 8-10)  0
DPTR FM NORMAL  -451

[CDD (BASE 65) ]
TOTAL THIS MO.     6
DPTR FM NORMAL     6    [PRESSURE DATA]
TOTAL FM JAN 1     6    HIGHEST SLP M ON M
DPTR FM NORMAL     5    LOWEST  SLP 29.83 ON 16

[REMARKS]
