000
CXUS53 KSGF 260800
CF6SGF
PRELIMINARY LOCAL CLIMATOLOGICAL DATA (WS FORM: F-6)

                                          STATION:   SPRINGFIELD MO
                                          MONTH:     JULY
                                          YEAR:      2017
                                          LATITUDE:   37 13 N
                                          LONGITUDE:  93 23 W

  TEMPERATURE IN F:       :PCPN:    SNOW:  WIND      :SUNSHINE: SKY     :PK WND
================================================================================
1   2   3   4   5  6A  6B    7    8   9   10  11  12  13   14  15   16   17  18
                                     12Z  AVG MX 2MIN
DY MAX MIN AVG DEP HDD CDD  WTR  SNW DPTH SPD SPD DIR MIN PSBL S-S WX    SPD DR
================================================================================

 1  83  66  75  -2   0  10 0.00  0.0    0  3.6 10 320   M    M   1 1      13 330
 2  89  60  75  -2   0  10 0.00  0.0    0  5.4 24 220   M    M   0 1      28 220
 3  86  68  77   0   0  12 0.00  0.0    0  5.2 10 150   M    M   1        14 160
 4  80  69  75  -2   0  10 0.50  0.0    0  9.8 21 120   M    M   6 13     26 120
 5  81  70  76  -2   0  11 0.13  0.0    0  6.6 16 280   M    M   9 1      19 270
 6  86  70  78   0   0  13 0.00  0.0    M  5.3 13 350   M    M   6 1      16 340
 7  93  67  80   2   0  15 0.00  0.0    0  7.5 20 280   M    M   1        23 280
 8  90  67  79   1   0  14 0.00  0.0    0  4.4 13 110   M    M   0        15 150
 9  90  68  79   1   0  14 0.00  0.0    0  7.4 15 200   M    M   1        20 210
10  90  70  80   2   0  15 0.00  0.0    0 11.5 18 220   M    M   1        24 210
11  91  71  81   3   0  16 0.00  0.0    0 10.7 17 170   M    M   1        20 190
12  93  73  83   5   0  18 0.00  0.0    0 10.5 18 240   M    M   1        23 220
13  93  73  83   5   0  18 0.00  0.0    0  6.7 15 240   M    M   0        20 240
14  88  71  80   2   0  15 0.00  0.0    0  5.8 16 320   M    M   3        20 320
15  93  70  82   4   0  17 0.00  0.0    0  6.2 14  40   M    M   1        18  40
16  91  68  80   2   0  15 0.00  0.0    0  3.6 10  90   M    M   1        14 320
17  93  68  81   3   0  16 0.00  0.0    0  4.2 10 230   M    M   2        17 250
18  92  70  81   3   0  16 0.00  0.0    0  5.8 13 180   M    M   0        15 200
19  94  70  82   4   0  17 0.00  0.0    0  6.4 14 200   M    M   0        17 180
20  96  72  84   5   0  19 0.00  0.0    0  8.1 18 230   M    M   0        22 230
21  97  72  85   6   0  20 0.00  0.0    0  9.0 17 200   M    M   0        23 190
22  98  73  86   7   0  21 0.00  0.0    0  9.9 18 220   M    M   0        22 210
23  92  71  82   3   0  17    T  0.0    0  4.2 17 340   M    M   1        21 340
24  95  71  83   4   0  18 0.08  0.0    0  3.8 31  20   M    M   1 13     42  10
25  97  70  84   5   0  19 0.00  0.0    0  4.0 15 100   M    M   1        17  90
================================================================================
SM 2271 1738         0 386  0.71     0.0 165.6          M       38
================================================================================
AV 90.8 69.5                               6.6 FASTST   M    M   2    MAX(MPH)
                                 MISC ---->  # 31  20               # 42   10
================================================================================
NOTES:
# LAST OF SEVERAL OCCURRENCES

COLUMN 17 PEAK WIND IN M.P.H.

PRELIMINARY LOCAL CLIMATOLOGICAL DATA (WS FORM: F-6) , PAGE 2

                                          STATION:  SPRINGFIELD MO
                                          MONTH:    JULY
                                          YEAR:     2017
                                          LATITUDE:   37 13 N
                                          LONGITUDE:  93 23 W

[TEMPERATURE DATA]      [PRECIPITATION DATA]       SYMBOLS USED IN COLUMN 16

AVERAGE MONTHLY: 80.2   TOTAL FOR MONTH:   0.71    1 = FOG OR MIST
DPTR FM NORMAL:   2.1   DPTR FM NORMAL:   -2.38    2 = FOG REDUCING VISIBILITY
HIGHEST:    98 ON 22    GRTST 24HR  0.66 ON 30- 1      TO 1/4 MILE OR LESS
LOWEST:     60 ON  2                               3 = THUNDER
                        SNOW, ICE PELLETS, HAIL    4 = ICE PELLETS
                        TOTAL MONTH:   0.0 INCH    5 = HAIL
                        GRTST 24HR     0.0         6 = FREEZING RAIN OR DRIZZLE
                        GRTST DEPTH:   0           7 = DUSTSTORM OR SANDSTORM:
                                                       VSBY 1/2 MILE OR LESS
                                                   8 = SMOKE OR HAZE
[NO. OF DAYS WITH]      [WEATHER - DAYS WITH]      9 = BLOWING SNOW
                                                   X = TORNADO
MAX 32 OR BELOW:   0    0.01 INCH OR MORE:   3
MAX 90 OR ABOVE:  18    0.10 INCH OR MORE:   2
MIN 32 OR BELOW:   0    0.50 INCH OR MORE:   1
MIN  0 OR BELOW:   0    1.00 INCH OR MORE:   0

[HDD (BASE 65) ]
TOTAL THIS MO.     0    CLEAR  (SCALE 0-3)  22
DPTR FM NORMAL     0    PTCLDY (SCALE 4-7)   2
TOTAL FM JUL 1     0    CLOUDY (SCALE 8-10)  1
DPTR FM NORMAL     0

[CDD (BASE 65) ]
TOTAL THIS MO.   386
DPTR FM NORMAL    59    [PRESSURE DATA]
TOTAL FM JAN 1   804    HIGHEST SLP M ON M
DPTR FM NORMAL    99    LOWEST  SLP 29.79 ON 22

[REMARKS]
