000
CXUS53 KSGF 010800
CF6SGF
PRELIMINARY LOCAL CLIMATOLOGICAL DATA (WS FORM: F-6)

                                          STATION:   SPRINGFIELD MO
                                          MONTH:     APRIL
                                          YEAR:      2016
                                          LATITUDE:   37 13 N
                                          LONGITUDE:  93 23 W

  TEMPERATURE IN F:       :PCPN:    SNOW:  WIND      :SUNSHINE: SKY     :PK WND
================================================================================
1   2   3   4   5  6A  6B    7    8   9   10  11  12  13   14  15   16   17  18
                                     12Z  AVG MX 2MIN
DY MAX MIN AVG DEP HDD CDD  WTR  SNW DPTH SPD SPD DIR MIN PSBL S-S WX    SPD DR
================================================================================

 1  58  36  47  -4  18   0 0.00  0.0    0 10.6 20 320   M    M   2        28 320
 2  66  32  49  -3  16   0 0.00  0.0    0 11.6 26 330   M    M   0        34 280
 3  73  37  55   3  10   0 0.00  0.0    0 13.2 29 220   M    M   0        35 220
 4  75  52  64  12   1   0 0.00  0.0    0 10.4 20  30   M    M   0        25  30
 5  71  44  58   6   7   0 0.00  0.0    0 18.3 30 150   M    M   0        38 150
 6  64  46  55   2  10   0 0.12  0.0    0 12.9 31 280   M    M   4 1      41 290
 7  70  41  56   3   9   0 0.00  0.0    0 14.4 31 330   M    M   2        39 330
 8  64  38  51  -2  14   0 0.00  0.0    0 12.6 28 330   M    M   1        35 310
 9  66  36  51  -3  14   0 0.00  0.0    0 10.6 20 150   M    M   1        26 120
10  71  53  62   8   3   0 0.06  0.0    0 20.2 36 210   M    M   6 3      44 220
11  62  42  52  -2  13   0 0.63  0.0    0 10.9 29  30   M    M   2 13     35  20
12  63  36  50  -5  15   0 0.00  0.0    0  6.2 15  30   M    M   1        20 110
13  63  45  54  -1  11   0 0.00  0.0    0  7.8 18 150   M    M   1        22 150
14  71  41  56   1   9   0 0.00  0.0    0  5.7 14  60   M    M   2        20 140
15  70  51  61   5   4   0 0.00  0.0    0 13.3 21 140   M    M   6        28 150
16  69  59  64   8   1   0 0.00  0.0    0 16.0 24 130   M    M   8        30 130
17  76  61  69  13   0   4 0.00  0.0    0 16.4 28 130   M    M   5        35 130
18  72  61  67  11   0   2 0.01  0.0    0 11.3 18 160   M    M   8        26 130
19  71  54  63   6   2   0 0.00  0.0    0  8.6 18 130   M    M   8 12     22 140
20  70  48  59   2   6   0 0.01  0.0    0  7.7 17 180   M    M   7 1      22 180
21  70  46  58   0   7   0    T  0.0    0  9.1 23 280   M    M   5        31 290
22  75  48  62   4   3   0 0.00  0.0    0  7.4 18 320   M    M   1        24 340
23  79  45  62   4   3   0 0.00  0.0    0  6.1 16 150   M    M   0 1      19 150
24  81  57  69  11   0   4 0.00  0.0    0 14.0 25 190   M    M   1        32 190
25  80  60  70  11   0   5 0.00  0.0    0 11.2 20 190   M    M   6        24 200
26  84  66  75  16   0  10 0.04  0.0    0 14.8 30 150   M    M   5 3      37 150
27  77  51  64   5   1   0 0.54  0.0    0 13.5 35 240   M    M   2 13     46 240
28  72  48  60   0   5   0 0.00  0.0    0  7.5 16 270   M    M   0        20 290
29  64  52  58  -2   7   0 0.98  0.0    0 12.4 26 120   M    M   7 138    33 120
30  75  55  65   5   0   0 0.11  0.0    0 11.3 22 210   M    M   7 1      28 220
================================================================================
SM 2122 1441       189  25  2.50     0.0 346.0          M       98
================================================================================
AV 70.7 48.0                              11.5 FASTST   M    M   3    MAX(MPH)
                                 MISC ---->  # 36 210               # 46  240
================================================================================
NOTES:
# LAST OF SEVERAL OCCURRENCES

COLUMN 17 PEAK WIND IN M.P.H.

PRELIMINARY LOCAL CLIMATOLOGICAL DATA (WS FORM: F-6) , PAGE 2

                                          STATION:  SPRINGFIELD MO
                                          MONTH:    APRIL
                                          YEAR:     2016
                                          LATITUDE:   37 13 N
                                          LONGITUDE:  93 23 W

[TEMPERATURE DATA]      [PRECIPITATION DATA]       SYMBOLS USED IN COLUMN 16

AVERAGE MONTHLY: 59.4   TOTAL FOR MONTH:   2.50    1 = FOG OR MIST
DPTR FM NORMAL:   3.6   DPTR FM NORMAL:   -1.82    2 = FOG REDUCING VISIBILITY
HIGHEST:    84 ON 26    GRTST 24HR  1.09 ON 29-30      TO 1/4 MILE OR LESS
LOWEST:     32 ON  2                               3 = THUNDER
                        SNOW, ICE PELLETS, HAIL    4 = ICE PELLETS
                        TOTAL MONTH:   0.0 INCH    5 = HAIL
                        GRTST 24HR     0.0         6 = FREEZING RAIN OR DRIZZLE
                        GRTST DEPTH:   0           7 = DUSTSTORM OR SANDSTORM:
                                                       VSBY 1/2 MILE OR LESS
                                                   8 = SMOKE OR HAZE
[NO. OF DAYS WITH]      [WEATHER - DAYS WITH]      9 = BLOWING SNOW
                                                   X = TORNADO
MAX 32 OR BELOW:   0    0.01 INCH OR MORE:   9
MAX 90 OR ABOVE:   0    0.10 INCH OR MORE:   5
MIN 32 OR BELOW:   1    0.50 INCH OR MORE:   3
MIN  0 OR BELOW:   0    1.00 INCH OR MORE:   0

[HDD (BASE 65) ]
TOTAL THIS MO.   189    CLEAR  (SCALE 0-3)  17
DPTR FM NORMAL  -111    PTCLDY (SCALE 4-7)  12
TOTAL FM JUL 1  3500    CLOUDY (SCALE 8-10)  1
DPTR FM NORMAL  -974

[CDD (BASE 65) ]
TOTAL THIS MO.    25
DPTR FM NORMAL     3    [PRESSURE DATA]
TOTAL FM JAN 1    27    HIGHEST SLP M ON M
DPTR FM NORMAL     2    LOWEST  SLP 29.52 ON 27

[REMARKS]
#FINAL-04-16#
