000
CXUS55 KBYZ 201055
CF6SHR
PRELIMINARY LOCAL CLIMATOLOGICAL DATA (WS FORM: F-6)

                                          STATION:   SHERIDAN WY
                                          MONTH:     FEBRUARY
                                          YEAR:      2017
                                          LATITUDE:   44 46 N
                                          LONGITUDE: 106 58 W

  TEMPERATURE IN F:       :PCPN:    SNOW:  WIND      :SUNSHINE: SKY     :PK WND
================================================================================
1   2   3   4   5  6A  6B    7    8   9   10  11  12  13   14  15   16   17  18
                                     12Z  AVG MX 2MIN
DY MAX MIN AVG DEP HDD CDD  WTR  SNW DPTH SPD SPD DIR MIN PSBL S-S WX    SPD DR
================================================================================

 1  16   6  11 -13  54   0 0.10    M    M  8.2 15 130   M    M  10 18     20 280
 2  12 -14  -1 -26  66   0 0.05    M    M  9.6 16 120   M    M   8 18     20 120
 3  13 -22  -4 -29  69   0 0.00    M    M  9.7 18 160   M    M   1 18     22 150
 4  52   4  28   3  37   0 0.00    M    M  8.7 24 220   M    M   1        33 240
 5  52   4  28   3  37   0 0.00    M    M 10.4 28 230   M    M   0        35 220
 6  53  10  32   7  33   0 0.01    M    M  9.0 31 230   M    M   4 18     41 240
 7  16   6  11 -14  54   0 0.23    M    M  7.2 16 130   M    M  10 18     19 130
 8  16  -3   7 -18  58   0 0.04    M    M  8.1 16 120   M    M  10 18     19 100
 9  64   8  36  11  29   0 0.00    M    M 10.6 41 250   M    M   2        59 250
10  64  36  50  25  15   0    T    M    M 10.0 36 220   M    M   4        45 210
11  43  19  31   5  34   0 0.00    M    M 11.7 29 320   M    M   2        40 320
12  45  11  28   2  37   0 0.00    M    M  6.8 14 140   M    M   0        19 120
13  44  20  32   6  33   0 0.00    M    M  8.2 16 340   M    M   0        18 330
14  52  21  37  11  28   0 0.00    M    M  7.3 16 210   M    M   0        18 330
15  64  23  44  18  21   0 0.00    M    M  5.5 20 240   M    M   0        21 240
16  53  29  41  15  24   0 0.00    M    M  7.4 14 270   0    0   0        35 260
17  55  32  44  17  21   0 0.00    M    M 11.0 32 240   M    M   0        42 230
18  54  30  42  15  23   0 0.00    M    M  6.2 16 210   M    M   2        19 150
19  48  29  39  12  26   0 0.07    M    M  8.0 23 230   M    M   3        28 240
================================================================================
SM  816  249       699   0  0.50    M    163.6            0     57
================================================================================
AV 43.0 13.1                               8.6 FASTST    0   0   3    MAX(MPH)
                                 MISC ---->  # 41 250               # 59  250
================================================================================
NOTES:
# LAST OF SEVERAL OCCURRENCES

COLUMN 17 PEAK WIND IN M.P.H.

PRELIMINARY LOCAL CLIMATOLOGICAL DATA (WS FORM: F-6) , PAGE 2

                                          STATION:  SHERIDAN WY
                                          MONTH:    FEBRUARY
                                          YEAR:     2017
                                          LATITUDE:   44 46 N
                                          LONGITUDE: 106 58 W

[TEMPERATURE DATA]      [PRECIPITATION DATA]       SYMBOLS USED IN COLUMN 16

AVERAGE MONTHLY: 28.0   TOTAL FOR MONTH:   0.50    1 = FOG OR MIST
DPTR FM NORMAL:   2.4   DPTR FM NORMAL:    0.14    2 = FOG REDUCING VISIBILITY
HIGHEST:    64 ON 15,10 GRTST 24HR  0.56 ON 31- 1      TO 1/4 MILE OR LESS
LOWEST:    -22 ON  3                               3 = THUNDER
                        SNOW, ICE PELLETS, HAIL    4 = ICE PELLETS
                        TOTAL MONTH:    M          5 = HAIL
                        GRTST 24HR    M  ON   M    6 = FREEZING RAIN OR DRIZZLE
                        GRTST DEPTH:  M  ON   M    7 = DUSTSTORM OR SANDSTORM:
                                                       VSBY 1/2 MILE OR LESS
                                                   8 = SMOKE OR HAZE
[NO. OF DAYS WITH]      [WEATHER - DAYS WITH]      9 = BLOWING SNOW
                                                   X = TORNADO
MAX 32 OR BELOW:   5    0.01 INCH OR MORE:   6
MAX 90 OR ABOVE:   0    0.10 INCH OR MORE:   2
MIN 32 OR BELOW:  18    0.50 INCH OR MORE:   0
MIN  0 OR BELOW:   3    1.00 INCH OR MORE:   0

[HDD (BASE 65) ]
TOTAL THIS MO.   699    CLEAR  (SCALE 0-3)  13
DPTR FM NORMAL   -48    PTCLDY (SCALE 4-7)   3
TOTAL FM JUL 1  5220    CLOUDY (SCALE 8-10)  3
DPTR FM NORMAL    13

[CDD (BASE 65) ]
TOTAL THIS MO.     0
DPTR FM NORMAL     0    [PRESSURE DATA]
TOTAL FM JAN 1     0    HIGHEST SLP  0.00 ON 16
DPTR FM NORMAL     0    LOWEST  SLP  0.00 ON 16

[REMARKS]
