000
CXUS55 KBYZ 261055
CF6SHR
PRELIMINARY LOCAL CLIMATOLOGICAL DATA (WS FORM: F-6)

                                          STATION:   SHERIDAN WY
                                          MONTH:     MARCH
                                          YEAR:      2017
                                          LATITUDE:   44 46 N
                                          LONGITUDE: 106 58 W

  TEMPERATURE IN F:       :PCPN:    SNOW:  WIND      :SUNSHINE: SKY     :PK WND
================================================================================
1   2   3   4   5  6A  6B    7    8   9   10  11  12  13   14  15   16   17  18
                                     12Z  AVG MX 2MIN
DY MAX MIN AVG DEP HDD CDD  WTR  SNW DPTH SPD SPD DIR MIN PSBL S-S WX    SPD DR
================================================================================

 1  45  15  30   0  35   0 0.09    M    M 13.1 31 280   M    M   7 1      41 310
 2  39  20  30  -1  35   0    T    M    M 10.4 22 140   M    M   5 1      28 120
 3  58  23  41  10  24   0 0.00    M    M  9.3 18 250   M    M   2        22 250
 4  65  28  47  16  18   0 0.00    M    M 10.3 26 210   M    M   0        33 220
 5  64  32  48  16  17   0 0.02    M    M 18.0 37 200   M    M   1 1      49 210
 6  35  20  28  -4  37   0 0.18    M    M 14.1 35 300   M    M   6 12     43 310
 7  38  21  30  -2  35   0 0.00    M    M 15.5 35 280   M    M   4        42 290
 8  50  16  33   0  32   0 0.00    M    M  9.4 25 310   M    M   1        31 320
 9  35  24  30  -3  35   0 0.23    M    M 10.5 26 130   M    M   9 1      32 130
10  33  23  28  -5  37   0 0.04    M    M  8.4 24 120   M    M   9 1      30 120
11  42  20  31  -3  34   0 0.00    M    M  7.2 18 120   M    M   6        22 120
12  48  22  35   1  30   0 0.03    M    M 10.5 26 320   M    M   7 16     33 330
13  52  20  36   2  29   0 0.00    M    M  8.9 17 120   M    M   8        19 120
14  57  32  45  10  20   0 0.00    M    M  6.8 17 150   M    M   8        22 130
15  74  33  54  19  11   0 0.00    M    M  6.7 15 230   M    M   0        22 250
16  65  41  53  18  12   0    T    M    M 10.6 35 310   M    M   6        42 310
17  56  29  43   7  22   0 0.00    M    M  8.3 20 300   M    M   1        23 300
18  76  30  53  17  12   0 0.00    M    M  5.9 25 200   M    M   0        32 200
19  70  43  57  21   8   0 0.00    M    M  9.3 22 310   M    M   0        27 310
20  50  34  42   5  23   0 0.25    M    M  4.2 14  30   M    M   9 1      17  30
21  47  35  41   4  24   0    T    M    M  7.2 21 140   M    M   8 1      29 140
22  60  33  47  10  18   0 0.00    M    M  3.9 10 260   M    M   5 12     12 260
23  46  37  42   4  23   0 0.67    M    M  7.0 18 300   M    M   8 1      21 300
24  63  28  46   8  19   0    T    M    M  6.9 18 150   M    M   0        23 130
25  53  38  46   8  19   0 0.33    M    M  7.5 17 310   M    M   8        20 330
================================================================================
SM 1321  697       609   0  1.84    M    229.9          M      118
================================================================================
AV 52.8 27.9                               9.2 FASTST   M    M   5    MAX(MPH)
                                 MISC ---->  # 37 200               # 49  210
================================================================================
NOTES:
# LAST OF SEVERAL OCCURRENCES

COLUMN 17 PEAK WIND IN M.P.H.

PRELIMINARY LOCAL CLIMATOLOGICAL DATA (WS FORM: F-6) , PAGE 2

                                          STATION:  SHERIDAN WY
                                          MONTH:    MARCH
                                          YEAR:     2017
                                          LATITUDE:   44 46 N
                                          LONGITUDE: 106 58 W

[TEMPERATURE DATA]      [PRECIPITATION DATA]       SYMBOLS USED IN COLUMN 16

AVERAGE MONTHLY: 40.4   TOTAL FOR MONTH:   1.84    1 = FOG OR MIST
DPTR FM NORMAL:   6.0   DPTR FM NORMAL:    1.10    2 = FOG REDUCING VISIBILITY
HIGHEST:    76 ON 18    GRTST 24HR  0.67 ON 23-23      TO 1/4 MILE OR LESS
LOWEST:     15 ON  1                               3 = THUNDER
                        SNOW, ICE PELLETS, HAIL    4 = ICE PELLETS
                        TOTAL MONTH:    M          5 = HAIL
                        GRTST 24HR    M  ON   M    6 = FREEZING RAIN OR DRIZZLE
                        GRTST DEPTH:  M  ON   M    7 = DUSTSTORM OR SANDSTORM:
                                                       VSBY 1/2 MILE OR LESS
                                                   8 = SMOKE OR HAZE
[NO. OF DAYS WITH]      [WEATHER - DAYS WITH]      9 = BLOWING SNOW
                                                   X = TORNADO
MAX 32 OR BELOW:   0    0.01 INCH OR MORE:   9
MAX 90 OR ABOVE:   0    0.10 INCH OR MORE:   5
MIN 32 OR BELOW:  17    0.50 INCH OR MORE:   1
MIN  0 OR BELOW:   0    1.00 INCH OR MORE:   0

[HDD (BASE 65) ]
TOTAL THIS MO.   609    CLEAR  (SCALE 0-3)   9
DPTR FM NORMAL  -159    PTCLDY (SCALE 4-7)  12
TOTAL FM JUL 1  6131    CLOUDY (SCALE 8-10)  4
DPTR FM NORMAL  -172

[CDD (BASE 65) ]
TOTAL THIS MO.     0
DPTR FM NORMAL     0    [PRESSURE DATA]
TOTAL FM JAN 1     0    HIGHEST SLP M ON M
DPTR FM NORMAL     0    LOWEST  SLP 29.21 ON  5

[REMARKS]
