000
CXUS54 KSJT 261210
CF6SJT
PRELIMINARY LOCAL CLIMATOLOGICAL DATA (WS FORM: F-6)

                                          STATION:   SAN ANGELO
                                          MONTH:     JULY
                                          YEAR:      2017
                                          LATITUDE:   31 21 N
                                          LONGITUDE: 100 30 W

  TEMPERATURE IN F:       :PCPN:    SNOW:  WIND      :SUNSHINE: SKY     :PK WND
================================================================================
1   2   3   4   5  6A  6B    7    8   9   10  11  12  13   14  15   16   17  18
                                     12Z  AVG MX 2MIN
DY MAX MIN AVG DEP HDD CDD  WTR  SNW DPTH SPD SPD DIR MIN PSBL S-S WX    SPD DR
================================================================================

 1  95  65  80  -2   0  15 0.52  0.0    0  8.7 32  10   M    M   3 13     42  10
 2  98  71  85   3   0  20 0.01  0.0    0  9.2 22 350   M    M   1        26 340
 3  99  74  87   5   0  22 0.00  0.0    0  9.6 20 200   M    M   0        25 160
 4 101  71  86   4   0  21 0.70  0.0    0 12.9 41 130   M    M   2 138    55 350
 5  93  68  81  -2   0  16 0.32  0.0    0  8.6 20 280   M    M   3 13     25 330
 6  85  69  77  -6   0  12 0.12  0.0    0  2.8 14 130   M    M   5 1      17 130
 7  95  68  82  -1   0  17 0.00  0.0    0  3.2 23 280   M    M   1 3      26 270
 8  95  66  81  -2   0  16 0.00  0.0    0  5.7 12 180   M    M   0        17 140
 9  96  68  82  -1   0  17    T  0.0    0  7.6 38  50   M    M   1        50  40
10  97  70  84   1   0  19 0.00  0.0    0  7.7 18 170   M    M   0        25 210
11  96  70  83   0   0  18 0.00  0.0    0 11.1 22 190   M    M   0        29 180
12  95  69  82  -1   0  17 0.00  0.0    0 10.2 21 190   M    M   1        27 190
13  95  74  85   2   0  20 0.00  0.0    0  8.4 21 170   M    M   1        26 180
14  94  73  84   1   0  19 0.00  0.0    0  4.3 13 140   M    M   0        18 170
15 101  68  85   2   0  20 0.00  0.0    0  5.3 13  30   M    M   1        16  20
16 100  68  84   1   0  19 0.02  0.0    0  6.0 24  60   M    M   0        32  60
17 100  69  85   2   0  20 0.00  0.0    0  5.5 18 150   M    M   1 3      25 150
18  97  68  83   0   0  18 0.00  0.0    0  5.6 17 120   M    M   3        23 110
19  98  71  85   2   0  20 0.00  0.0    0  7.7 17 150   M    M   2        30 140
20 101  72  87   4   0  22 0.00  0.0    0  7.8 15 120   M    M   1 8      21 200
21 103  73  88   4   0  23 0.00  0.0    0  8.9 18 160   M    M   0        27 120
22 103  76  90   6   0  25 0.00  0.0    0  9.0 17 170   M    M   2        23 210
23 100  73  87   3   0  22    T  0.0    0  8.0 25 250   M    M   1 3      31 260
24 101  72  87   3   0  22 0.00  0.0    0  6.8 24 140   M    M   2 3      30 130
25  99  70  85   1   0  20 0.00  0.0    0  7.4 17 150   M    M   1        23 150
================================================================================
SM 2437 1756         0 480  1.69     0.0 188.0          M       32
================================================================================
AV 97.5 70.2                               7.5 FASTST   M    M   1    MAX(MPH)
                                 MISC ---->  # 41 130               # 55  350
================================================================================
NOTES:
# LAST OF SEVERAL OCCURRENCES

COLUMN 17 PEAK WIND IN M.P.H.

PRELIMINARY LOCAL CLIMATOLOGICAL DATA (WS FORM: F-6) , PAGE 2

                                          STATION:  SAN ANGELO
                                          MONTH:    JULY
                                          YEAR:     2017
                                          LATITUDE:   31 21 N
                                          LONGITUDE: 100 30 W

[TEMPERATURE DATA]      [PRECIPITATION DATA]       SYMBOLS USED IN COLUMN 16

AVERAGE MONTHLY: 83.9   TOTAL FOR MONTH:   1.69    1 = FOG OR MIST
DPTR FM NORMAL:   0.8   DPTR FM NORMAL:    0.72    2 = FOG REDUCING VISIBILITY
HIGHEST:   103 ON 22,21 GRTST 24HR  0.70 ON  4- 4      TO 1/4 MILE OR LESS
LOWEST:     65 ON  1                               3 = THUNDER
                        SNOW, ICE PELLETS, HAIL    4 = ICE PELLETS
                        TOTAL MONTH:   0.0 INCH    5 = HAIL
                        GRTST 24HR     0.0         6 = FREEZING RAIN OR DRIZZLE
                        GRTST DEPTH:   0           7 = DUSTSTORM OR SANDSTORM:
                                                       VSBY 1/2 MILE OR LESS
                                                   8 = SMOKE OR HAZE
[NO. OF DAYS WITH]      [WEATHER - DAYS WITH]      9 = BLOWING SNOW
                                                   X = TORNADO
MAX 32 OR BELOW:   0    0.01 INCH OR MORE:   6
MAX 90 OR ABOVE:  24    0.10 INCH OR MORE:   4
MIN 32 OR BELOW:   0    0.50 INCH OR MORE:   2
MIN  0 OR BELOW:   0    1.00 INCH OR MORE:   0

[HDD (BASE 65) ]
TOTAL THIS MO.     0    CLEAR  (SCALE 0-3)  24
DPTR FM NORMAL     0    PTCLDY (SCALE 4-7)   1
TOTAL FM JUL 1     0    CLOUDY (SCALE 8-10)  0
DPTR FM NORMAL     0

[CDD (BASE 65) ]
TOTAL THIS MO.   480
DPTR FM NORMAL    30    [PRESSURE DATA]
TOTAL FM JAN 1  1618    HIGHEST SLP M ON M
DPTR FM NORMAL   244    LOWEST  SLP 29.76 ON 22

[REMARKS]
