000
CXUS54 KSJT 291210
CF6SJT
PRELIMINARY LOCAL CLIMATOLOGICAL DATA (WS FORM: F-6)

                                          STATION:   SAN ANGELO
                                          MONTH:     AUGUST
                                          YEAR:      2015
                                          LATITUDE:   31 21 N
                                          LONGITUDE: 100 30 W

  TEMPERATURE IN F:       :PCPN:    SNOW:  WIND      :SUNSHINE: SKY     :PK WND
================================================================================
1   2   3   4   5  6A  6B    7    8   9   10  11  12  13   14  15   16   17  18
                                     12Z  AVG MX 2MIN
DY MAX MIN AVG DEP HDD CDD  WTR  SNW DPTH SPD SPD DIR MIN PSBL S-S WX    SPD DR
================================================================================

 1  99  72  86   2   0  21 0.00  0.0    0  7.6 17  70   M    M   1        22  80
 2 101  70  86   2   0  21 0.00  0.0    0  7.1 16 100   M    M   0        19 110
 3 101  74  88   4   0  23 0.00  0.0    0  8.6 16 130   M    M   0        19  80
 4 101  74  88   4   0  23 0.00  0.0    0  7.0 13 120   M    M   1        18 160
 5 104  79  92   8   0  27 0.00  0.0    0  9.8 18 220   M    M   0        23 200
 6 105  78  92   8   0  27 0.00  0.0    0  9.9 17 200   M    M   0        22 180
 7 105  77  91   7   0  26 0.00  0.0    0 10.4 18 150   M    M   0        24 180
 8 106  77  92   8   0  27 0.00  0.0    0 10.6 20 160   M    M   0        25 160
 9 105  77  91   7   0  26 0.00  0.0    0  9.9 17 170   M    M   0        24 180
10 105  76  91   7   0  26 0.00  0.0    0  9.2 17  90   M    M   0        22 100
11 104  68  86   2   0  21 0.00  0.0    0  5.4 16  40   M    M   0        22  40
12 103  73  88   5   0  23 0.00  0.0    0  5.7 17  40   M    M   1        22  40
13 104  70  87   4   0  22 0.00  0.0    0  4.6 15  80   M    M   0        22  60
14 104  73  89   6   0  24 0.00  0.0    0  5.5 18 140   M    M   1 3      25 130
15 100  75  88   5   0  23    T  0.0    0  6.1 18 130   M    M   3        24 120
16  98  69  84   1   0  19 0.00  0.0    0  5.7 14 100   M    M   0 8      17 100
17  99  73  86   3   0  21 0.00  0.0    0  7.5 14 120   M    M   1        23 120
18 102  75  89   6   0  24 0.00  0.0    0 12.3 20 170   M    M   0        29 170
19  97  72  85   2   0  20 0.00  0.0    0 13.6 28  30   M    M   1        34  30
20  93  67  80  -3   0  15 0.00  0.0    0 10.3 22 140   M    M   5        27 150
21  98  71  85   3   0  20 0.00  0.0    0  9.0 18 150   M    M   4        24 150
22 102  75  89   7   0  24 0.00  0.0    0 11.3 20 200   M    M   0        27 200
23 102  77  90   8   0  25 0.53  0.0    0  8.4 33  20   M    M   1 3      43  50
24  98  69  84   2   0  19 0.75  0.0    0  6.5 39 310   M    M   1 3      56 310
25  98  74  86   4   0  21 0.00  0.0    0  6.7 25 110   M    M   1 3      33 100
26  97  68  83   1   0  18 0.00  0.0    0  4.8 14  70   M    M   0 1      19  50
27 100  68  84   3   0  19 0.00  0.0    0  5.9 14 130   M    M   1        17 140
28 100  71  86   5   0  21 0.00  0.0    0  8.7 17 190   M    M   0        22 180
================================================================================
SM 2831 2042         0 626  1.28     0.0 228.1          M       22
================================================================================
AV101.1 72.9                               8.1 FASTST   M    M   1    MAX(MPH)
                                 MISC ---->  # 39 310               # 56  310
================================================================================
NOTES:
# LAST OF SEVERAL OCCURRENCES

COLUMN 17 PEAK WIND IN M.P.H.

PRELIMINARY LOCAL CLIMATOLOGICAL DATA (WS FORM: F-6) , PAGE 2

                                          STATION:  SAN ANGELO
                                          MONTH:    AUGUST
                                          YEAR:     2015
                                          LATITUDE:   31 21 N
                                          LONGITUDE: 100 30 W

[TEMPERATURE DATA]      [PRECIPITATION DATA]       SYMBOLS USED IN COLUMN 16

AVERAGE MONTHLY: 87.0   TOTAL FOR MONTH:   1.28    1 = FOG OR MIST
DPTR FM NORMAL:   4.0   DPTR FM NORMAL:   -0.68    2 = FOG REDUCING VISIBILITY
HIGHEST:   106 ON  8    GRTST 24HR  0.75 ON 24-24      TO 1/4 MILE OR LESS
LOWEST:     67 ON 20                               3 = THUNDER
                        SNOW, ICE PELLETS, HAIL    4 = ICE PELLETS
                        TOTAL MONTH:   0.0 INCH    5 = HAIL
                        GRTST 24HR     0.0         6 = FREEZING RAIN OR DRIZZLE
                        GRTST DEPTH:   0           7 = DUSTSTORM OR SANDSTORM:
                                                       VSBY 1/2 MILE OR LESS
                                                   8 = SMOKE OR HAZE
[NO. OF DAYS WITH]      [WEATHER - DAYS WITH]      9 = BLOWING SNOW
                                                   X = TORNADO
MAX 32 OR BELOW:   0    0.01 INCH OR MORE:   2
MAX 90 OR ABOVE:  28    0.10 INCH OR MORE:   2
MIN 32 OR BELOW:   0    0.50 INCH OR MORE:   2
MIN  0 OR BELOW:   0    1.00 INCH OR MORE:   0

[HDD (BASE 65) ]
TOTAL THIS MO.     0    CLEAR  (SCALE 0-3)  26
DPTR FM NORMAL     0    PTCLDY (SCALE 4-7)   2
TOTAL FM JUL 1     0    CLOUDY (SCALE 8-10)  0
DPTR FM NORMAL     0

[CDD (BASE 65) ]
TOTAL THIS MO.   626
DPTR FM NORMAL   122    [PRESSURE DATA]
TOTAL FM JAN 1  2167    HIGHEST SLP M ON M
DPTR FM NORMAL   176    LOWEST  SLP 29.61 ON 18

[REMARKS]
