000
CXUS56 KSLC 291237
CF6SLC
PRELIMINARY LOCAL CLIMATOLOGICAL DATA (WS FORM: F-6)

                                          STATION:   SALT LAKE CITY UT
                                          MONTH:     AUGUST
                                          YEAR:      2015
                                          LATITUDE:   40 46 N
                                          LONGITUDE: 111 58 W

  TEMPERATURE IN F:       :PCPN:    SNOW:  WIND      :SUNSHINE: SKY     :PK WND
================================================================================
1   2   3   4   5  6A  6B    7    8   9   10  11  12  13   14  15   16   17  18
                                     12Z  AVG MX 2MIN
DY MAX MIN AVG DEP HDD CDD  WTR  SNW DPTH SPD SPD DIR MIN PSBL S-S WX    SPD DR
================================================================================

 1  95  65  80   0   0  15 0.00  0.0    0  6.7 14 310   M    M   0        19 310
 2  92  66  79  -1   0  14    T  0.0    0  9.5 33 230   M    M   1 3      41 230
 3  75  62  69 -11   0   4 0.44  0.0    0  8.1 29 160   M    M   7 1      38 160
 4  92  59  76  -4   0  11 0.00  0.0    0  4.8 14 180   M    M   0        17 180
 5  90  63  77  -2   0  12    T  0.0    0 13.9 43 340   M    M   1 8      50 340
 6  88  59  74  -5   0   9 0.00  0.0    0  6.8 14 150   M    M   0        17 150
 7  84  61  73  -6   0   8 0.40  0.0    0 13.6 51 280   M    M   6 138    63 280
 8  79  59  69 -10   0   4    T  0.0    0  6.9 18 340   M    M   1        22 330
 9  87  58  73  -6   0   8 0.00  0.0    0  5.8 12 360   M    M   0        16 360
10  94  64  79   0   0  14 0.00  0.0    0  8.7 29 170   M    M   0 8      35 170
11  94  70  82   4   0  17 0.04  0.0    0  8.2 39 270   M    M   3 378    50 280
12  90  71  81   3   0  16 0.00  0.0    0  9.6 21 160   M    M   2        26 170
13  95  70  83   5   0  18 0.00  0.0    0  8.2 16  10   M    M   0        20 160
14  98  77  88  10   0  23 0.00  0.0    0 12.3 23 170   M    M   1        28 170
15  93  72  83   5   0  18 0.00  0.0    0  7.4 16 340   M    M   1        24  20
16  90  68  79   2   0  14 0.00  0.0    0  6.1 15 350   M    M   0        19 360
17  91  62  77   0   0  12 0.00  0.0    0  6.2 18 330   M    M   0 8      23 350
18  83  60  72  -5   0   7 0.00  0.0    0  6.8 16 290   M    M   0 8      21 290
19  86  61  74  -3   0   9 0.00  0.0    0  7.0 17 290   M    M   0 8      22 280
20  90  62  76   0   0  11 0.00  0.0    0  7.6 17  20   M    M   0 8      22  20
21  95  67  81   5   0  16 0.00  0.0    0  9.1 22 190   M    M   0 8      27 170
22  85  62  74  -2   0   9 0.00  0.0    0  6.9 15 360   M    M   0        20 330
23  92  59  76   1   0  11 0.00  0.0    0  6.0 13 350   M    M   0 8      17 340
24  98  70  84   9   0  19 0.00  0.0    0  9.8 18 200   M    M   0        21 200
25  98  71  85  10   0  20 0.00  0.0    0  8.4 20 280   M    M   2 78     24 280
26  84  68  76   2   0  11 0.01  0.0    0  7.5 20 170   M    M   6 8      25 190
27  88  65  77   3   0  12 0.00  0.0    0  7.2 15 300   M    M   0        19 340
28  94  66  80   6   0  15 0.00  0.0    0  8.2 14 160   M    M   0        19 180
================================================================================
SM 2520 1817         0 357  0.89     0.0 227.3          M       31
================================================================================
AV 90.0 64.9                               8.1 FASTST   M    M   1    MAX(MPH)
                                 MISC ---->  # 51 280               # 63  280
================================================================================
NOTES:
# LAST OF SEVERAL OCCURRENCES

COLUMN 17 PEAK WIND IN M.P.H.

PRELIMINARY LOCAL CLIMATOLOGICAL DATA (WS FORM: F-6) , PAGE 2

                                          STATION:  SALT LAKE CITY UT
                                          MONTH:    AUGUST
                                          YEAR:     2015
                                          LATITUDE:   40 46 N
                                          LONGITUDE: 111 58 W

[TEMPERATURE DATA]      [PRECIPITATION DATA]       SYMBOLS USED IN COLUMN 16

AVERAGE MONTHLY: 77.4   TOTAL FOR MONTH:   0.89    1 = FOG OR MIST
DPTR FM NORMAL:   0.1   DPTR FM NORMAL:    0.29    2 = FOG REDUCING VISIBILITY
HIGHEST:    98 ON 25,24 GRTST 24HR  0.44 ON  3- 3      TO 1/4 MILE OR LESS
LOWEST:     58 ON  9                               3 = THUNDER
                        SNOW, ICE PELLETS, HAIL    4 = ICE PELLETS
                        TOTAL MONTH:   0.0 INCH    5 = HAIL
                        GRTST 24HR     0.0         6 = FREEZING RAIN OR DRIZZLE
                        GRTST DEPTH:   0           7 = DUSTSTORM OR SANDSTORM:
                                                       VSBY 1/2 MILE OR LESS
                                                   8 = SMOKE OR HAZE
[NO. OF DAYS WITH]      [WEATHER - DAYS WITH]      9 = BLOWING SNOW
                                                   X = TORNADO
MAX 32 OR BELOW:   0    0.01 INCH OR MORE:   4
MAX 90 OR ABOVE:  18    0.10 INCH OR MORE:   2
MIN 32 OR BELOW:   0    0.50 INCH OR MORE:   0
MIN  0 OR BELOW:   0    1.00 INCH OR MORE:   0

[HDD (BASE 65) ]
TOTAL THIS MO.     0    CLEAR  (SCALE 0-3)  25
DPTR FM NORMAL     0    PTCLDY (SCALE 4-7)   3
TOTAL FM JUL 1     0    CLOUDY (SCALE 8-10)  0
DPTR FM NORMAL    -2

[CDD (BASE 65) ]
TOTAL THIS MO.   357
DPTR FM NORMAL     9    [PRESSURE DATA]
TOTAL FM JAN 1  1161    HIGHEST SLP M ON M
DPTR FM NORMAL   151    LOWEST  SLP 29.59 ON 21

[REMARKS]
