000
CXUS51 KBTV 180700
CF6SLK
PRELIMINARY LOCAL CLIMATOLOGICAL DATA (WS FORM: F-6)

                                          STATION:   SARANAC LAKE NY
                                          MONTH:     NOVEMBER
                                          YEAR:      2017
                                          LATITUDE:   44 23 N
                                          LONGITUDE:  74 12 W

  TEMPERATURE IN F:       :PCPN:    SNOW:  WIND      :SUNSHINE: SKY     :PK WND
================================================================================
1   2   3   4   5  6A  6B    7    8   9   10  11  12  13   14  15   16   17  18
                                     12Z  AVG MX 2MIN
DY MAX MIN AVG DEP HDD CDD  WTR  SNW DPTH SPD SPD DIR MIN PSBL S-S WX    SPD DR
================================================================================

 1  44  32  38   0  27   0 0.07    M    0  5.1 18 210   M    M   8        25 210
 2  58  39  49  12  16   0 0.38    M    M 11.8 26 190   M    M  10 1      36 190
 3  59  29  44   7  21   0 0.51    M    0  6.7 22 210   M    M   8 13     28 200
 4  41  23  32  -5  33   0 0.00  0.0    0  4.2 13  60   M    M   5        15  50
 5  54  31  43   7  22   0 0.22    M    0 13.0 23 190   M    M   9 1      33 200
 6  56  31  44   8  21   0 0.47    M    0  7.4 24 200   M    M   9 1      32 200
 7  33  17  25 -11  40   0 0.00  0.0    0  2.3  8  40   M    M   5        13 270
 8  38  11  25 -11  40   0 0.00  0.0    0  1.6  9 220   M    M   5        12 250
 9  42  15  29  -6  36   0 0.04    M    0  9.1 25 210   M    M   4 1      33 200
10  33  10  22 -13  43   0 0.08    M    0  8.5 17 270   M    M   6 18     28 280
11  28   4  16 -18  49   0    T    M    0  0.6  6  99   M    M   5 18      M  M
12  33  19  26  -8  39   0 0.00  0.0    0  2.3 12 210   M    M   8        14 210
13  32  15  24 -10  41   0 0.01    M    0  2.0  7  60   M    M   9 1       8  50
14  33  27  30  -3  35   0 0.00  0.0    0  2.3  7  60   M    M  10         9  40
15  40  15  28  -5  37   0 0.00  0.0    0  3.5 14 180   M    M   3        20 190
16  46  27  37   5  28   0 0.06    M    0 13.4 23 200   M    M  10 1      32 200
17  27   8  18 -14  47   0 0.01    M    0  5.7 16 280   M    M   5 1      28 280
================================================================================
SM  697  353       575   0  1.85     0.0  99.5          M      119
================================================================================
AV 41.0 20.8                               5.9 FASTST   M    M   7    MAX(MPH)
                                 MISC ---->  # 26 190               # 36  190
================================================================================
NOTES:
# LAST OF SEVERAL OCCURRENCES

COLUMN 17 PEAK WIND IN M.P.H.

PRELIMINARY LOCAL CLIMATOLOGICAL DATA (WS FORM: F-6) , PAGE 2

                                          STATION:  SARANAC LAKE NY
                                          MONTH:    NOVEMBER
                                          YEAR:     2017
                                          LATITUDE:   44 23 N
                                          LONGITUDE:  74 12 W

[TEMPERATURE DATA]      [PRECIPITATION DATA]       SYMBOLS USED IN COLUMN 16

AVERAGE MONTHLY: 30.9   TOTAL FOR MONTH:   1.85    1 = FOG OR MIST
DPTR FM NORMAL:  -4.1   DPTR FM NORMAL:   -0.11    2 = FOG REDUCING VISIBILITY
HIGHEST:    59 ON  3    GRTST 24HR  0.51 ON  3- 3      TO 1/4 MILE OR LESS
LOWEST:      4 ON 11                               3 = THUNDER
                        SNOW, ICE PELLETS, HAIL    4 = ICE PELLETS
                        TOTAL MONTH:   0.0 INCH    5 = HAIL
                        GRTST 24HR     0.0         6 = FREEZING RAIN OR DRIZZLE
                        GRTST DEPTH:   0           7 = DUSTSTORM OR SANDSTORM:
                                                       VSBY 1/2 MILE OR LESS
                                                   8 = SMOKE OR HAZE
[NO. OF DAYS WITH]      [WEATHER - DAYS WITH]      9 = BLOWING SNOW
                                                   X = TORNADO
MAX 32 OR BELOW:   3    0.01 INCH OR MORE:  10
MAX 90 OR ABOVE:   0    0.10 INCH OR MORE:   4
MIN 32 OR BELOW:  16    0.50 INCH OR MORE:   1
MIN  0 OR BELOW:   0    1.00 INCH OR MORE:   0

[HDD (BASE 65) ]
TOTAL THIS MO.   575    CLEAR  (SCALE 0-3)   1
DPTR FM NORMAL    64    PTCLDY (SCALE 4-7)  10
TOTAL FM JUL 1  1565    CLOUDY (SCALE 8-10)  6
DPTR FM NORMAL  -238

[CDD (BASE 65) ]
TOTAL THIS MO.     0
DPTR FM NORMAL     0    [PRESSURE DATA]
TOTAL FM JAN 1    69    HIGHEST SLP M ON M
DPTR FM NORMAL   -45    LOWEST  SLP 29.72 ON 16

[REMARKS]
