000
CXUS55 KLOX 281655
CF6SMX
PRELIMINARY LOCAL CLIMATOLOGICAL DATA (WS FORM: F-6)

                                          STATION:   SANTA MARIA AIRPORT CA
                                          MONTH:     JUNE
                                          YEAR:      2017
                                          LATITUDE:   34 54 N
                                          LONGITUDE: 120 27 W

  TEMPERATURE IN F:       :PCPN:    SNOW:  WIND      :SUNSHINE: SKY     :PK WND
================================================================================
1   2   3   4   5  6A  6B    7    8   9   10  11  12  13   14  15   16   17  18
                                     12Z  AVG MX 2MIN
DY MAX MIN AVG DEP HDD CDD  WTR  SNW DPTH SPD SPD DIR MIN PSBL S-S WX    SPD DR
================================================================================

 1  71  51  61   2   4   0 0.00  0.0    0 10.8 26 320   M    M   5 12     33 310
 2  74  50  62   3   3   0 0.00  0.0    0  6.2 18 310   M    M   3 12     23 290
 3  75  49  62   3   3   0 0.00  0.0    M  6.2 16 320   M    M   1 18     20 300
 4  71  48  60   1   5   0 0.00  0.0    0  6.7 17 310   M    M   4 18     22 320
 5  70  46  58  -1   7   0 0.00  0.0    0  5.8 17 320   M    M   4 18     26 290
 6  66  51  59  -1   6   0 0.00  0.0    0  6.7 15 300   M    M   7 18     20 280
 7  73  50  62   2   3   0 0.00  0.0    0  5.6 17 320   M    M   8 18      M  M
 8  72  48  60   0   5   0    T    M    0  7.4 18 320   M    M   5 18     23 330
 9  73  50  62   2   3   0    T  0.0    0  8.3 20 300   M    M   8 18     26 310
10  69  47  58  -2   7   0 0.00    M    0 13.0 30 300   M    M   1 178    36 290
11  67  47  57  -3   8   0 0.00  0.0    0 14.5 32 290   M    M   2 18     39 300
12  69  45  57  -3   8   0 0.00  0.0    0 12.6 32 300   M    M   2 18     39 300
13  70  49  60   0   5   0 0.00  0.0    0 14.0 31 300   M    M   0 1      37 310
14  73  48  61   1   4   0 0.00  0.0    0  7.2 23 300   M    M   1 18     29 290
15  73  49  61   1   4   0 0.00  0.0    0  6.7 22 290   M    M   0 18     27 300
16  77  52  65   5   0   0 0.00  0.0    0  6.3 20 310   M    M   0 18     25 310
17  77  54  66   5   0   1 0.00  0.0    0  4.6 13 300   M    M   0 18     16 300
18  80  54  67   6   0   2 0.00  0.0    0  4.8 14 340   M    M   0 18     18 340
19  85  54  70   9   0   5 0.00  0.0    0  4.9 18 310   M    M   2 18     22 300
20  72  53  63   2   2   0 0.00  0.0    0  5.3 14 290   M    M   6 1      19 290
21  70  54  62   1   3   0 0.00  0.0    0  5.7 15 300   M    M   6 18     19 300
22  74  54  64   3   1   0 0.00  0.0    0  5.8 15 330   M    M   5 18     19 320
23  74  55  65   4   0   0 0.00  0.0    0  5.9 15 330   M    M   6 1      24 330
24  70  55  63   1   2   0 0.00  0.0    0  9.3 20 300   M    M   7 1      25 300
25  71  53  62   0   3   0 0.00  0.0    0  7.6 17 310   M    M   4 18     23 330
26  76  50  63   1   2   0 0.00  0.0    0  8.7 23 300   M    M   0        27 300
27  70  54  62   0   3   0 0.00  0.0    0  9.6 22 300   M    M   7 1      25 300
================================================================================
SM 1962 1370        91   8    T      0.0 210.1          M       94
================================================================================
AV 72.7 50.7                               7.8 FASTST   M    M   3    MAX(MPH)
                                 MISC ---->  # 32 290               # 39  300
================================================================================
NOTES:
# LAST OF SEVERAL OCCURRENCES

COLUMN 17 PEAK WIND IN M.P.H.

PRELIMINARY LOCAL CLIMATOLOGICAL DATA (WS FORM: F-6) , PAGE 2

                                          STATION:  SANTA MARIA AIRPORT CA
                                          MONTH:    JUNE
                                          YEAR:     2017
                                          LATITUDE:   34 54 N
                                          LONGITUDE: 120 27 W

[TEMPERATURE DATA]      [PRECIPITATION DATA]       SYMBOLS USED IN COLUMN 16

AVERAGE MONTHLY: 61.7   TOTAL FOR MONTH:      T    1 = FOG OR MIST
DPTR FM NORMAL:   1.3   DPTR FM NORMAL:   -0.04    2 = FOG REDUCING VISIBILITY
HIGHEST:    85 ON 19    GRTST 24HR    T  ON  9- 9      TO 1/4 MILE OR LESS
LOWEST:     45 ON 12                               3 = THUNDER
                        SNOW, ICE PELLETS, HAIL    4 = ICE PELLETS
                        TOTAL MONTH:   0.0 INCH    5 = HAIL
                        GRTST 24HR     0.0         6 = FREEZING RAIN OR DRIZZLE
                        GRTST DEPTH:   0           7 = DUSTSTORM OR SANDSTORM:
                                                       VSBY 1/2 MILE OR LESS
                                                   8 = SMOKE OR HAZE
[NO. OF DAYS WITH]      [WEATHER - DAYS WITH]      9 = BLOWING SNOW
                                                   X = TORNADO
MAX 32 OR BELOW:   0    0.01 INCH OR MORE:   0
MAX 90 OR ABOVE:   0    0.10 INCH OR MORE:   0
MIN 32 OR BELOW:   0    0.50 INCH OR MORE:   0
MIN  0 OR BELOW:   0    1.00 INCH OR MORE:   0

[HDD (BASE 65) ]
TOTAL THIS MO.    91    CLEAR  (SCALE 0-3)  12
DPTR FM NORMAL   -42    PTCLDY (SCALE 4-7)  15
TOTAL FM JUL 1  2437    CLOUDY (SCALE 8-10)  0
DPTR FM NORMAL  -378

[CDD (BASE 65) ]
TOTAL THIS MO.     8
DPTR FM NORMAL     8    [PRESSURE DATA]
TOTAL FM JAN 1    22    HIGHEST SLP M ON M
DPTR FM NORMAL    12    LOWEST  SLP 29.64 ON 21

[REMARKS]
