000
CXUS55 KLOX 241155
CF6SMX
PRELIMINARY LOCAL CLIMATOLOGICAL DATA (WS FORM: F-6)

                                          STATION:   SANTA MARIA AIRPORT CA
                                          MONTH:     AUGUST
                                          YEAR:      2016
                                          LATITUDE:   34 54 N
                                          LONGITUDE: 120 27 W

  TEMPERATURE IN F:       :PCPN:    SNOW:  WIND      :SUNSHINE: SKY     :PK WND
================================================================================
1   2   3   4   5  6A  6B    7    8   9   10  11  12  13   14  15   16   17  18
                                     12Z  AVG MX 2MIN
DY MAX MIN AVG DEP HDD CDD  WTR  SNW DPTH SPD SPD DIR MIN PSBL S-S WX    SPD DR
================================================================================

 1  75  57  66   2   0   1 0.00  0.0    0  6.2  M   M   M    M   6 12      M  M
 2  73  58  66   2   0   1 0.00  0.0    0  6.0  M   M   M    M   7 1      21 290
 3  72  57  65   1   0   0 0.00  0.0    0  5.6 15 300   M    M   7 18     19 300
 4  68  55  62  -2   3   0 0.00  0.0    0  8.0 20 310   M    M   7 18     23 300
 5  69  53  61  -3   4   0 0.00  0.0    0  8.5 21 310   M    M   6 18     25 300
 6  68  53  61  -3   4   0 0.00  0.0    0  7.0 17 310   M    M   6 18     21 320
 7  69  54  62  -2   3   0 0.00  0.0    0  8.2 22 300   M    M   4 18     26 300
 8  69  51  60  -4   5   0 0.00  0.0    0  6.3 16 320   M    M   7 18     24 330
 9  69  54  62  -2   3   0 0.00  0.0    0  5.8 18 320   M    M   8 18     23 300
10  71  55  63  -1   2   0 0.00  0.0    0  6.5 16 300   M    M   7 18     20 290
11  76  55  66   2   0   1 0.00  0.0    0  5.8 16 320   M    M   6 18     22 300
12  69  54  62  -2   3   0 0.00  0.0    0  4.9 15 300   M    M   7 18     20 290
13  71  54  63  -1   2   0 0.00  0.0    0  5.4 14 320   M    M   6 18     25 320
14  74  54  64   0   1   0 0.00  0.0    0  5.0 13 300   M    M   6 128    17 310
15  69  54  62  -2   3   0    T  0.0    0  5.4 14 290   M    M   7 12     19 290
16  69  52  61  -3   4   0 0.00  0.0    0  5.7 14 300   M    M   7 18     18 310
17  71  53  62  -2   3   0 0.00  0.0    0  4.9 13 310   M    M   6 128    18 290
18  71  52  62  -2   3   0 0.00  0.0    0  5.3 15 300   M    M   6 128    21 300
19  72  55  64   0   1   0 0.00  0.0    0  5.4 14 310   M    M   6 18     19 340
20  69  55  62  -2   3   0 0.00  0.0    0  5.4 15 310   M    M   7 18     22 300
21  71  52  62  -2   3   0 0.00  0.0    0  5.4 16 320   M    M   6 128    20 310
22  70  55  63  -1   2   0 0.00  0.0    0  5.8 15 290   M    M   6 18     19 300
23  69  55  62  -2   3   0 0.00  0.0    0  7.3 17 310   M    M   5 1      22 300
================================================================================
SM 1624 1247        55   3    T      0.0 139.8          M      146
================================================================================
AV 70.6 54.2                               6.1 FASTST   M    M   6    MAX(MPH)
                                 MISC ---->  # 22 300               # 26  300
================================================================================
NOTES:
# LAST OF SEVERAL OCCURRENCES

COLUMN 17 PEAK WIND IN M.P.H.

PRELIMINARY LOCAL CLIMATOLOGICAL DATA (WS FORM: F-6) , PAGE 2

                                          STATION:  SANTA MARIA AIRPORT CA
                                          MONTH:    AUGUST
                                          YEAR:     2016
                                          LATITUDE:   34 54 N
                                          LONGITUDE: 120 27 W

[TEMPERATURE DATA]      [PRECIPITATION DATA]       SYMBOLS USED IN COLUMN 16

AVERAGE MONTHLY: 62.4   TOTAL FOR MONTH:      T    1 = FOG OR MIST
DPTR FM NORMAL:  -1.6   DPTR FM NORMAL:   -0.01    2 = FOG REDUCING VISIBILITY
HIGHEST:    76 ON 11    GRTST 24HR    T  ON 15-15      TO 1/4 MILE OR LESS
LOWEST:     51 ON  8                               3 = THUNDER
                        SNOW, ICE PELLETS, HAIL    4 = ICE PELLETS
                        TOTAL MONTH:   0.0 INCH    5 = HAIL
                        GRTST 24HR     0.0         6 = FREEZING RAIN OR DRIZZLE
                        GRTST DEPTH:   0           7 = DUSTSTORM OR SANDSTORM:
                                                       VSBY 1/2 MILE OR LESS
                                                   8 = SMOKE OR HAZE
[NO. OF DAYS WITH]      [WEATHER - DAYS WITH]      9 = BLOWING SNOW
                                                   X = TORNADO
MAX 32 OR BELOW:   0    0.01 INCH OR MORE:   0
MAX 90 OR ABOVE:   0    0.10 INCH OR MORE:   0
MIN 32 OR BELOW:   0    0.50 INCH OR MORE:   0
MIN  0 OR BELOW:   0    1.00 INCH OR MORE:   0

[HDD (BASE 65) ]
TOTAL THIS MO.    55    CLEAR  (SCALE 0-3)   0
DPTR FM NORMAL     9    PTCLDY (SCALE 4-7)  22
TOTAL FM JUL 1   116    CLOUDY (SCALE 8-10)  1
DPTR FM NORMAL    -5

[CDD (BASE 65) ]
TOTAL THIS MO.     3
DPTR FM NORMAL   -20    [PRESSURE DATA]
TOTAL FM JAN 1    52    HIGHEST SLP M ON M
DPTR FM NORMAL    -6    LOWEST  SLP 29.72 ON  7

[REMARKS]
