000
CXUS55 KLOX 261655
CF6SMX
PRELIMINARY LOCAL CLIMATOLOGICAL DATA (WS FORM: F-6)

                                          STATION:   SANTA MARIA AIRPORT CA
                                          MONTH:     SEPTEMBER
                                          YEAR:      2016
                                          LATITUDE:   34 54 N
                                          LONGITUDE: 120 27 W

  TEMPERATURE IN F:       :PCPN:    SNOW:  WIND      :SUNSHINE: SKY     :PK WND
================================================================================
1   2   3   4   5  6A  6B    7    8   9   10  11  12  13   14  15   16   17  18
                                     12Z  AVG MX 2MIN
DY MAX MIN AVG DEP HDD CDD  WTR  SNW DPTH SPD SPD DIR MIN PSBL S-S WX    SPD DR
================================================================================

 1  68  53  61  -3   4   0 0.00  0.0    0  8.4 23 290   M    M   6 1      27 290
 2  75  54  65   1   0   0 0.00  0.0    0  5.8 17 310   M    M   7 1      19 310
 3  70  55  63  -1   2   0 0.00  0.0    0  9.1 21 290   M    M   8 1      24 300
 4  68  53  61  -3   4   0 0.00  0.0    0 11.6 24 300   M    M   7        29 280
 5  68  51  60  -4   5   0 0.00  0.0    0  6.5 21 300   M    M   6 1      26 290
 6  78  46  62  -2   3   0 0.00  0.0    0  4.8 18 310   M    M   2 1      23 320
 7  76  48  62  -2   3   0 0.00  0.0    0  5.0 16 320   M    M   5 128    19 340
 8  75  56  66   2   0   1 0.00  0.0    0  5.9 17 320   M    M   5 18     22 320
 9  71  53  62  -2   3   0 0.00  0.0    M  5.7 16 320   M    M   4 18     19 320
10  69  56  63  -1   2   0 0.00  0.0    0  5.0 14 300   M    M   7 1      18 300
11  67  55  61  -3   4   0 0.00  0.0    0  6.2 14 310   M    M   8 1      18 310
12  70  55  63   0   2   0 0.00  0.0    0  6.2 17 330   M    M   9 18     21 330
13  71  52  62  -1   3   0 0.00  0.0    0  5.2 20 300   M    M   5 8      23 350
14  72  46  59  -4   6   0 0.00  0.0    0  5.6 21 320   M    M   1        24 320
15  78  47  63   0   2   0 0.00  0.0    0  5.7 17 330   M    M   3 1      21 340
16  71  55  63   0   2   0 0.00  0.0    0  5.0 16 320   M    M   6 1      20 320
17  74  52  63   0   2   0 0.00  0.0    0  3.9 15 320   M    M   5 128    19 320
18  85  49  67   4   0   2 0.00  0.0    0  3.5 12 300   M    M   1 12     14 300
19  82  56  69   6   0   4 0.00  0.0    0  4.4 15 320   M    M   5 128    18 260
20  81  58  70   7   0   5 0.00  0.0    0  5.5 16 320   M    M   3 18     19 310
21  71  51  61  -2   4   0 0.00  0.0    0  7.6 22 300   M    M   7 128    25 290
22  69  46  58  -5   7   0 0.00  0.0    0 11.8 33 300   M    M   3 178    40 290
23  74  46  60  -3   5   0 0.00  0.0    0  7.5 25 300   M    M   2 1      30 300
24  88  52  70   7   0   5 0.00  0.0    0  8.7 23 300   M    M   0        26 300
25  97  53  75  12   0  10 0.00  0.0    0  4.6 17 300   M    M   0 8      20 330
================================================================================
SM 1868 1298        63  27  0.00     0.0 159.2          M      115
================================================================================
AV 74.7 51.9                               6.4 FASTST   M    M   5    MAX(MPH)
                                 MISC ---->  # 33 300               # 40  290
================================================================================
NOTES:
# LAST OF SEVERAL OCCURRENCES

COLUMN 17 PEAK WIND IN M.P.H.

PRELIMINARY LOCAL CLIMATOLOGICAL DATA (WS FORM: F-6) , PAGE 2

                                          STATION:  SANTA MARIA AIRPORT CA
                                          MONTH:    SEPTEMBER
                                          YEAR:     2016
                                          LATITUDE:   34 54 N
                                          LONGITUDE: 120 27 W

[TEMPERATURE DATA]      [PRECIPITATION DATA]       SYMBOLS USED IN COLUMN 16

AVERAGE MONTHLY: 63.3   TOTAL FOR MONTH:   0.00    1 = FOG OR MIST
DPTR FM NORMAL:  -0.1   DPTR FM NORMAL:   -0.10    2 = FOG REDUCING VISIBILITY
HIGHEST:    97 ON 25    GRTST 24HR  0.00 ON 25-25      TO 1/4 MILE OR LESS
LOWEST:     46 ON 23,22                            3 = THUNDER
                        SNOW, ICE PELLETS, HAIL    4 = ICE PELLETS
                        TOTAL MONTH:   0.0 INCH    5 = HAIL
                        GRTST 24HR     0.0         6 = FREEZING RAIN OR DRIZZLE
                        GRTST DEPTH:   0           7 = DUSTSTORM OR SANDSTORM:
                                                       VSBY 1/2 MILE OR LESS
                                                   8 = SMOKE OR HAZE
[NO. OF DAYS WITH]      [WEATHER - DAYS WITH]      9 = BLOWING SNOW
                                                   X = TORNADO
MAX 32 OR BELOW:   0    0.01 INCH OR MORE:   0
MAX 90 OR ABOVE:   1    0.10 INCH OR MORE:   0
MIN 32 OR BELOW:   0    0.50 INCH OR MORE:   0
MIN  0 OR BELOW:   0    1.00 INCH OR MORE:   0

[HDD (BASE 65) ]
TOTAL THIS MO.    63    CLEAR  (SCALE 0-3)   7
DPTR FM NORMAL    -2    PTCLDY (SCALE 4-7)  17
TOTAL FM JUL 1   199    CLOUDY (SCALE 8-10)  1
DPTR FM NORMAL    -2

[CDD (BASE 65) ]
TOTAL THIS MO.    27
DPTR FM NORMAL     2    [PRESSURE DATA]
TOTAL FM JAN 1    79    HIGHEST SLP M ON M
DPTR FM NORMAL    -1    LOWEST  SLP 29.72 ON  5

[REMARKS]
