000
CXUS56 KSGX 291445
CF6SNA
PRELIMINARY LOCAL CLIMATOLOGICAL DATA (WS FORM: F-6)

                                          STATION:   JOHN WAYNE AIRPORT CA
                                          MONTH:     AUGUST
                                          YEAR:      2014
                                          LATITUDE:   33 40 N
                                          LONGITUDE: 117 53 W

  TEMPERATURE IN F:       :PCPN:    SNOW:  WIND      :SUNSHINE: SKY     :PK WND
================================================================================
1   2   3   4   5  6A  6B    7    8   9   10  11  12  13   14  15   16   17  18
                                     12Z  AVG MX 2MIN
DY MAX MIN AVG DEP HDD CDD  WTR  SNW DPTH SPD SPD DIR MIN PSBL S-S WX    SPD DR
================================================================================

 1  81  71  76   4   0  11 0.00  0.0    0  7.2 16 220   M    M   6        22 220
 2  83  71  77   5   0  12    T  0.0    0  3.1 14 220   M    M   9        16 220
 3  85  75  80   8   0  15 0.03  0.0    0  7.0 16 210   M    M   6 8      22 210
 4  86  70  78   6   0  13 0.00  0.0    0  4.9 16 190   M    M   3        21 220
 5  83  67  75   3   0  10 0.00  0.0    0  4.2 13 210   M    M   1        16 240
 6  79  68  74   2   0   9 0.00  0.0    0  4.9 13 220   M    M   5        17 220
 7  80  68  74   2   0   9 0.00  0.0    0  5.1 13 220   M    M   5        18 190
 8  81  71  76   4   0  11 0.00  0.0    0  5.0 14 190   M    M   6        21 190
 9  81  71  76   4   0  11 0.00  0.0    0  4.5 14 210   M    M   7        17 210
10  84  69  77   5   0  12 0.00  0.0    0  3.9 13 210   M    M   4 8      16 220
11  83  70  77   5   0  12 0.00  0.0    0  4.8 12 220   M    M   5        15 220
12  82  70  76   3   0  11 0.00  0.0    0  4.7 15 220   M    M   3        20 220
13  81  69  75   2   0  10 0.00  0.0    0  4.1 13 230   M    M   5        16 220
14  82  68  75   2   0  10 0.00  0.0    0  3.8 13 220   M    M   3        16 210
15  89  68  79   6   0  14 0.00  0.0    0  4.0 14 210   M    M   0        16 220
16  90  70  80   7   0  15 0.00  0.0    0  3.5 12 220   M    M   0        15 210
17  86  70  78   5   0  13 0.00  0.0    0  5.6 12 230   M    M   1        16 220
18  84  69  77   4   0  12 0.00  0.0    0  7.2 17 210   M    M   4        22 210
19  81  71  76   3   0  11 0.00  0.0    0  8.1 17 190   M    M   8        24 200
20  81  70  76   3   0  11 0.00  0.0    0  5.6 13 210   M    M   5        18 240
21  81  70  76   3   0  11 0.00  0.0    0  3.5 12 230   M    M   4        16 190
22  82  69  76   3   0  11 0.00  0.0    0  3.9 14 210   M    M   4 8      17 220
23  81  68  75   2   0  10 0.00  0.0    0  4.0 13 200   M    M   4        18 190
24  81  70  76   3   0  11 0.00  0.0    0  4.0 14 210   M    M   6        18 220
25  80  70  75   2   0  10 0.00  0.0    0  4.0 10 230   M    M   5        17 230
26  84  69  77   4   0  12 0.00  0.0    0  3.1 12 230   M    M   2        16 240
27  93  69  81   8   0  16 0.00  0.0    0  3.5 13 210   M    M   0 8      16 210
28  93  73  83  10   0  18 0.00  0.0    0  3.7 12 220   M    M   0        15 220
================================================================================
SM 2337 1954         0 331  0.03     0.0 130.9          M      111
================================================================================
AV 83.5 69.8                               4.7 FASTST   M    M   4    MAX(MPH)
                                 MISC ---->  # 17 210               # 24  200
================================================================================
NOTES:
# LAST OF SEVERAL OCCURRENCES

COLUMN 17 PEAK WIND IN M.P.H.

PRELIMINARY LOCAL CLIMATOLOGICAL DATA (WS FORM: F-6) , PAGE 2

                                          STATION:  JOHN WAYNE AIRPORT CA
                                          MONTH:    AUGUST
                                          YEAR:     2014
                                          LATITUDE:   33 40 N
                                          LONGITUDE: 117 53 W

[TEMPERATURE DATA]      [PRECIPITATION DATA]       SYMBOLS USED IN COLUMN 16

AVERAGE MONTHLY: 76.6   TOTAL FOR MONTH:   0.03    1 = FOG OR MIST
DPTR FM NORMAL:   4.0   DPTR FM NORMAL:    0.00    2 = FOG REDUCING VISIBILITY
HIGHEST:    93 ON 28,27 GRTST 24HR  0.03 ON  3- 3      TO 1/4 MILE OR LESS
LOWEST:     67 ON  5                               3 = THUNDER
                        SNOW, ICE PELLETS, HAIL    4 = ICE PELLETS
                        TOTAL MONTH:   0.0 INCH    5 = HAIL
                        GRTST 24HR     0.0         6 = FREEZING RAIN OR DRIZZLE
                        GRTST DEPTH:   0           7 = DUSTSTORM OR SANDSTORM:
                                                       VSBY 1/2 MILE OR LESS
                                                   8 = SMOKE OR HAZE
[NO. OF DAYS WITH]      [WEATHER - DAYS WITH]      9 = BLOWING SNOW
                                                   X = TORNADO
MAX 32 OR BELOW:   0    0.01 INCH OR MORE:   1
MAX 90 OR ABOVE:   3    0.10 INCH OR MORE:   0
MIN 32 OR BELOW:   0    0.50 INCH OR MORE:   0
MIN  0 OR BELOW:   0    1.00 INCH OR MORE:   0

[HDD (BASE 65) ]
TOTAL THIS MO.     0    CLEAR  (SCALE 0-3)   9
DPTR FM NORMAL     0    PTCLDY (SCALE 4-7)  18
TOTAL FM JUL 1     0    CLOUDY (SCALE 8-10)  1
DPTR FM NORMAL     0

[CDD (BASE 65) ]
TOTAL THIS MO.   331
DPTR FM NORMAL   116    [PRESSURE DATA]
TOTAL FM JAN 1  1207    HIGHEST SLP M ON M
DPTR FM NORMAL   658    LOWEST  SLP 29.78 ON 18

[REMARKS]
