000
CXUS55 KPIH 231200
CF6SNT

PRELIMINARY LOCAL CLIMATOLOGICAL DATA (WS FORM: F-6)

                                          STATION:   STANLEY_ID
                                          MONTH:     JANUARY
                                          YEAR:      2017
                                          LATITUDE:   44 10 N
                                          LONGITUDE: 114 56 W

  TEMPERATURE IN F:       :PCPN:    SNOW:  WIND      :SUNSHINE: SKY     :PK WND
================================================================================
1   2   3   4   5  6A  6B    7    8   9   10  11  12  13   14  15   16   17  18
                                     12Z  AVG MX 2MIN
DY MAX MIN AVG DEP HDD CDD  WTR  SNW DPTH SPD SPD DIR MIN PSBL S-S WX    SPD DR
================================================================================

 1  21 -11   5  -9  60   0 0.00    M    M  2.3 10 100   M    M   0        13 130
 2  12  -7   3 -11  62   0 0.00    M    M  0.8  6 170   M    M   0         7 170
 3  11  -9   1 -13  64   0 0.00    M    M  0.1  5 340   M    M   0         6 340
 4  16  -5   6  -8  59   0 0.00    M    M  2.6 10 340   M    M   0        18 320
 5  -1 -30 -15 -29  80   0 0.00    M    M  1.4  6 170   M    M   0         7  90
 6  -1 -28 -14 -28  79   0 0.00    M    M  0.8  7 110   M    M   0         9 100
 7  16 -28  -6 -20  71   0 0.00    M    M  1.1  9 350   M    M   0        12 360
 8  36  15  26  12  39   0    M    M    M  7.2 22 150   M    M   0        33 160
 9  38  21  30  16  35   0    M    M    M  6.6 18 230   M    M   0        31 230
10  31  20  26  12  39   0    M    M    M  5.3 15 160   M    M   0        20 170
11  32   5  19   5  46   0    M    M    M  4.6 14 330   M    M   0        20 320
12  10 -20  -5 -19  70   0    M    M    M  2.2  8 130   M    M   0        13 120
13   1 -31 -15 -29  80   0    M    M    M  0.9  8  60   M    M   0         9  60
14   0 -31 -15 -29  80   0    M    M    M  0.0  6  80   M    M   0         8  90
15   4 -27 -11 -25  76   0    M    M    M  0.1  6  80   M    M   0         7  80
16   9 -26  -8 -22  73   0    M    M    M  0.9  7  80   M    M   0         9 150
17  22 -14   4 -10  61   0    M    M    M  0.4  8 190   M    M   0        10 220
18  34   0  17   3  48   0    M    M    M  4.0 16 150   M    M   0        26 150
19  34  20  27  13  38   0    M    M    M  6.6 14 150   M    M   0        21 150
20  30  10  20   6  45   0    M    M    M  4.6 18 150   M    M   0        28 160
21  31  12  22   8  43   0    M    M    M  1.3  8 140   M    M   0        12 150
22  29   8  19   4  46   0    M    M    M  6.9 22 150   M    M   0        31 150
================================================================================
SM  415 -156      1294   0  0.00    M     60.7          M        0
================================================================================
AV 18.9 -7.1                               2.8 FASTST   M    M   0    MAX(MPH)
                                 MISC ---->  # 22 150               # 33  160
================================================================================
NOTES:
# LAST OF SEVERAL OCCURRENCES
PRECIPITATION SUSPECT DURING FREEZING/FROZEN EVENTS

COLUMN 17 PEAK WIND IN M.P.H.

PRELIMINARY LOCAL CLIMATOLOGICAL DATA (WS FORM: F-6) , PAGE 2

                                          STATION:  STANLEY_ID
                                          MONTH:    JANUARY
                                          YEAR:     2017
                                          LATITUDE:   44 10 N
                                          LONGITUDE: 114 56 W

[TEMPERATURE DATA]      [PRECIPITATION DATA]       SYMBOLS USED IN COLUMN 16

AVERAGE MONTHLY:  5.9   TOTAL FOR MONTH:   0.00    1 = FOG OR MIST
DPTR FM NORMAL:  -8.2   DPTR FM NORMAL:   -1.14    2 = FOG REDUCING VISIBILITY
HIGHEST:    38 ON  9    GRTST 24HR  4.39 ON  8- 9      TO 1/4 MILE OR LESS
LOWEST:    -31 ON 14,13                            3 = THUNDER
                        SNOW, ICE PELLETS, HAIL    4 = ICE PELLETS
                        TOTAL MONTH:    M          5 = HAIL
                        GRTST 24HR    M  ON   M    6 = FREEZING RAIN OR DRIZZLE
                        GRTST DEPTH:  M  ON   M    7 = DUSTSTORM OR SANDSTORM:
                                                       VSBY 1/2 MILE OR LESS
                                                   8 = SMOKE OR HAZE
[NO. OF DAYS WITH]      [WEATHER - DAYS WITH]      9 = BLOWING SNOW
                                                   X = TORNADO
MAX 32 OR BELOW:  18    0.01 INCH OR MORE:   0
MAX 90 OR ABOVE:   0    0.10 INCH OR MORE:   0
MIN 32 OR BELOW:  22    0.50 INCH OR MORE:   0
MIN  0 OR BELOW:  14    1.00 INCH OR MORE:   0

[HDD (BASE 65) ]
TOTAL THIS MO.  1294    CLEAR  (SCALE 0-3)  22
DPTR FM NORMAL   174    PTCLDY (SCALE 4-7)   0
TOTAL FM JUL 1  5656    CLOUDY (SCALE 8-10)  0
DPTR FM NORMAL  -126

[CDD (BASE 65) ]
TOTAL THIS MO.     0
DPTR FM NORMAL     0    [PRESSURE DATA]
TOTAL FM JAN 1     0    HIGHEST SLP M ON M
DPTR FM NORMAL     0    LOWEST  SLP 29.28 ON 21

[REMARKS]
