000
CXUS55 KCYS 191000
CF6SNY
PRELIMINARY LOCAL CLIMATOLOGICAL DATA (WS FORM: F-6)

                                          STATION:   SIDNEY NEBRASKA AIRPORT
                                          MONTH:     AUGUST
                                          YEAR:      2017
                                          LATITUDE:   41  5 N
                                          LONGITUDE: 102 59 W

  TEMPERATURE IN F:       :PCPN:    SNOW:  WIND      :SUNSHINE: SKY     :PK WND
================================================================================
1   2   3   4   5  6A  6B    7    8   9   10  11  12  13   14  15   16   17  18
                                     12Z  AVG MX 2MIN
DY MAX MIN AVG DEP HDD CDD  WTR  SNW DPTH SPD SPD DIR MIN PSBL S-S WX    SPD DR
================================================================================

 1  92  54  73  -2   0   8 0.01    M    M  9.3 24  70   M    M   0        29  80
 2  88  56  72  -3   0   7 0.06    M    M 10.2 24  30   M    M   1 13     31  50
 3  73  50  62 -13   3   0 0.00    M    M  7.7 16  50   M    M   7        23  40
 4  84  46  65 -10   0   0 0.01    M    M 16.1 25 160   M    M   1 3      32 160
 5  86  56  71  -4   0   6    T    M    M  9.5 22  10   M    M   1        27  10
 6  81  57  69  -6   0   4 0.05    M    M  8.0 22  60   M    M   6 13     28  50
 7  73  55  64 -11   1   0    T    M    M  7.4 15 150   M    M   8 1      21  50
 8  79  55  67  -8   0   2 0.43    M    M 13.9 28 140   M    M   5 13     35 180
 9  81  58  70  -4   0   5    T    M    M  8.0 17 320   M    M   4 1      21 320
10  66  45  56 -18   9   0 0.20    M    M  7.5 18  20   M    M   7 13     22  10
11  79  43  61 -13   4   0 0.30    M    M 10.7 30 120   M    M   3 123    37 120
12  80  53  67  -7   0   2    T    M    M  7.4 25  30   M    M   5 13     34  10
13  87  48  68  -6   0   3 0.00    M    M  5.9 25 220   M    M   0        30 220
14  92  51  72  -2   0   7 0.04    M    M  7.2 20 350   M    M   1 13     26  10
15  84  52  68  -6   0   3 0.10    M    M 10.4 33 320   M    M   7 1238   43 320
16  77  49  63 -11   2   0    T    M    M 10.5 20 360   M    M   3 8      28 360
17  90  49  70  -3   0   5    T    M    M 10.7 22 230   M    M   0 3      28 300
18  89  51  70  -3   0   5 0.00    M    M  8.7 13 160   M    M   0        17 160
================================================================================
SM 1481  928        19  57  1.20    M    169.1          M       59
================================================================================
AV 82.3 51.6                               9.4 FASTST   M    M   3    MAX(MPH)
                                 MISC ---->  # 33 320               # 43  320
================================================================================
NOTES:
# LAST OF SEVERAL OCCURRENCES

COLUMN 17 PEAK WIND IN M.P.H.

PRELIMINARY LOCAL CLIMATOLOGICAL DATA (WS FORM: F-6) , PAGE 2

                                          STATION:  SIDNEY NEBRASKA AIRPORT
                                          MONTH:    AUGUST
                                          YEAR:     2017
                                          LATITUDE:   41  5 N
                                          LONGITUDE: 102 59 W

[TEMPERATURE DATA]      [PRECIPITATION DATA]       SYMBOLS USED IN COLUMN 16

AVERAGE MONTHLY: 66.9   TOTAL FOR MONTH:   1.20    1 = FOG OR MIST
DPTR FM NORMAL:  -7.4   DPTR FM NORMAL:   -0.20    2 = FOG REDUCING VISIBILITY
HIGHEST:    92 ON 14, 1 GRTST 24HR  0.43 ON  8- 8      TO 1/4 MILE OR LESS
LOWEST:     43 ON 11                               3 = THUNDER
                        SNOW, ICE PELLETS, HAIL    4 = ICE PELLETS
                        TOTAL MONTH:    M          5 = HAIL
                        GRTST 24HR    M  ON   M    6 = FREEZING RAIN OR DRIZZLE
                        GRTST DEPTH:  M  ON   M    7 = DUSTSTORM OR SANDSTORM:
                                                       VSBY 1/2 MILE OR LESS
                                                   8 = SMOKE OR HAZE
[NO. OF DAYS WITH]      [WEATHER - DAYS WITH]      9 = BLOWING SNOW
                                                   X = TORNADO
MAX 32 OR BELOW:   0    0.01 INCH OR MORE:   9
MAX 90 OR ABOVE:   3    0.10 INCH OR MORE:   4
MIN 32 OR BELOW:   0    0.50 INCH OR MORE:   0
MIN  0 OR BELOW:   0    1.00 INCH OR MORE:   0

[HDD (BASE 65) ]
TOTAL THIS MO.    19    CLEAR  (SCALE 0-3)   8
DPTR FM NORMAL    19    PTCLDY (SCALE 4-7)  10
TOTAL FM JUL 1    19    CLOUDY (SCALE 8-10)  0
DPTR FM NORMAL    16

[CDD (BASE 65) ]
TOTAL THIS MO.    57
DPTR FM NORMAL  -114    [PRESSURE DATA]
TOTAL FM JAN 1   469    HIGHEST SLP M ON M
DPTR FM NORMAL  -180    LOWEST  SLP 29.68 ON 14

[REMARKS]
