000
CXUS55 KCYS 240728
CF6SNY
PRELIMINARY LOCAL CLIMATOLOGICAL DATA (WS FORM: F-6)

                                          STATION:   SIDNEY NEBRASKA AIRPORT
                                          MONTH:     APRIL
                                          YEAR:      2014
                                          LATITUDE:   41  5 N
                                          LONGITUDE: 102 59 W

  TEMPERATURE IN F:       :PCPN:    SNOW:  WIND      :SUNSHINE: SKY     :PK WND
================================================================================
1   2   3   4   5  6A  6B    7    8   9   10  11  12  13   14  15   16   17  18
                                     12Z  AVG MX 2MIN
DY MAX MIN AVG DEP HDD CDD  WTR  SNW DPTH SPD SPD DIR MIN PSBL S-S WX    SPD DR
================================================================================

 1  55  26  41  -2  24   0 0.00    M    M 17.3 31 160   M    M   3        39 170
 2  50  29  40  -3  25   0 0.16    M    M 10.7 21 130   M    M   8 1      25 130
 3  49  21  35  -8  30   0 0.02    M    M 18.0 40 350   M    M   5 1      47 350
 4  58  21  40  -4  25   0 0.00    M    M  9.9 18 210   M    M   2        24 240
 5  63  27  45   1  20   0 0.00    M    M  6.7 21 320   M    M   3        25 330
 6  61  33  47   3  18   0    T    M    M 12.8 35 340   M    M   4        40 330
 7  56  27  42  -2  23   0 0.00    M    M 20.7 39 330   M    M   3        53 330
 8  71  27  49   4  16   0 0.00    M    M 13.4 25 350   M    M   3        32 290
 9  81  43  62  17   3   0 0.00    M    M 16.9 36 290   M    M   1        44 290
10  63  32  48   3  17   0    T    M    M  9.4 22  40   M    M   2        26 160
11  76  29  53   7  12   0 0.00    M    M 11.0 25 220   M    M   0        33 220
12  70  43  57  11   8   0    T    M    M 13.9 25  30   M    M   2        32  30
13  45  24  35 -11  30   0 0.02    M    M 24.0 31 350   M    M  10 12     39  10
14  41  17  29 -18  36   0    T    M    M 15.9 31 310   M    M   2 18     40 300
15  67  23  45  -2  20   0 0.00    M    M 13.0 26 300   M    M   0        32 270
16  57  30  44  -4  21   0 0.00    M    M 22.0 39 330   M    M   5 1      50 290
17  62  31  47  -1  18   0 0.00    M    M 14.2 22 190   M    M   6 128    26 170
18  81  38  60  12   5   0 0.00    M    M 15.7 36 190   M    M   0        44 170
19  64  41  53   4  12   0 0.00    M    M 12.1 21  20   M    M   2        27  20
20  79  35  57   8   8   0    T    M    M  8.8 20 330   M    M   1        24 320
21  68  39  54   5  11   0 0.00    M    M  9.2 17 360   M    M   2        22 360
22  82  46  64  14   1   0 0.00    M    M 18.7 35 190   M    M   0        40 190
23  71  47  59   9   6   0    T    M    M 18.9 38 320   M    M   3        51 350
================================================================================
SM 1470  729       389   0  0.20    M    333.2          M       67
================================================================================
AV 63.9 31.7                              14.5 FASTST   M    M   3    MAX(MPH)
                                 MISC ---->  # 40 350               # 53  330
================================================================================
NOTES:
# LAST OF SEVERAL OCCURRENCES

COLUMN 17 PEAK WIND IN M.P.H.

PRELIMINARY LOCAL CLIMATOLOGICAL DATA (WS FORM: F-6) , PAGE 2

                                          STATION:  SIDNEY NEBRASKA AIRPORT
                                          MONTH:    APRIL
                                          YEAR:     2014
                                          LATITUDE:   41  5 N
                                          LONGITUDE: 102 59 W

[TEMPERATURE DATA]      [PRECIPITATION DATA]       SYMBOLS USED IN COLUMN 16

AVERAGE MONTHLY: 47.8   TOTAL FOR MONTH:   0.20    1 = FOG OR MIST
DPTR FM NORMAL:   1.6   DPTR FM NORMAL:   -1.26    2 = FOG REDUCING VISIBILITY
HIGHEST:    82 ON 22    GRTST 24HR  0.18 ON  2- 3      TO 1/4 MILE OR LESS
LOWEST:     17 ON 14                               3 = THUNDER
                        SNOW, ICE PELLETS, HAIL    4 = ICE PELLETS
                        TOTAL MONTH:    M          5 = HAIL
                        GRTST 24HR    M  ON   M    6 = FREEZING RAIN OR DRIZZLE
                        GRTST DEPTH:  M  ON   M    7 = DUSTSTORM OR SANDSTORM:
                                                       VSBY 1/2 MILE OR LESS
                                                   8 = SMOKE OR HAZE
[NO. OF DAYS WITH]      [WEATHER - DAYS WITH]      9 = BLOWING SNOW
                                                   X = TORNADO
MAX 32 OR BELOW:   0    0.01 INCH OR MORE:   3
MAX 90 OR ABOVE:   0    0.10 INCH OR MORE:   1
MIN 32 OR BELOW:  14    0.50 INCH OR MORE:   0
MIN  0 OR BELOW:   0    1.00 INCH OR MORE:   0

[HDD (BASE 65) ]
TOTAL THIS MO.   389    CLEAR  (SCALE 0-3)  15
DPTR FM NORMAL   -44    PTCLDY (SCALE 4-7)   7
TOTAL FM JUL 1  6191    CLOUDY (SCALE 8-10)  1
DPTR FM NORMAL   373

[CDD (BASE 65) ]
TOTAL THIS MO.     0
DPTR FM NORMAL     0    [PRESSURE DATA]
TOTAL FM JAN 1     0    HIGHEST SLP M ON M
DPTR FM NORMAL     0    LOWEST  SLP 29.37 ON 23

[REMARKS]
