000
CXUS53 KILX 260900
CF6SPI
PRELIMINARY LOCAL CLIMATOLOGICAL DATA (WS FORM: F-6)

                                          STATION:   SPRINGFIELD IL
                                          MONTH:     MAY
                                          YEAR:      2017
                                          LATITUDE:   39 50 N
                                          LONGITUDE:  89 41 W

  TEMPERATURE IN F:       :PCPN:    SNOW:  WIND      :SUNSHINE: SKY     :PK WND
================================================================================
1   2   3   4   5  6A  6B    7    8   9   10  11  12  13   14  15   16   17  18
                                     12Z  AVG MX 2MIN
DY MAX MIN AVG DEP HDD CDD  WTR  SNW DPTH SPD SPD DIR MIN PSBL S-S WX    SPD DR
================================================================================

 1  58  47  53  -6  12   0    T  0.0    0 16.9 31 250   M    M   9        36 250
 2  63  44  54  -5  11   0 0.00  0.0    0 13.8 30 270   M    M   3        38 280
 3  50  43  47 -13  18   0 0.46  0.0    0  9.8 20 140   M    M   8 1      24 140
 4  55  46  51  -9  14   0 0.53  0.0    0 18.0 31  30   M    M   7 1      41  10
 5  68  44  56  -4   9   0 0.00  0.0    0 11.5 26  10   M    M   0        35  20
 6  67  47  57  -4   8   0    T  0.0    0  8.7 21 360   M    M   3        26  10
 7  73  42  58  -3   7   0 0.00  0.0    0  4.2 13 330   M    M   1        17 360
 8  75  48  62   1   3   0 0.00  0.0    0  8.0 15 140   M    M   1        19 180
 9  89  62  76  14   0  11 0.00  0.0    0 10.6 21 260   M    M   1        27 250
10  85  58  72  10   0   7 0.49  0.0    0  7.9 35 310   M    M   3 138    46 310
11  66  56  61  -1   4   0 0.01  0.0    0  6.9 16  40   M    M   8 18     19  40
12  75  52  64   2   1   0 0.00  0.0    0  7.0 17  20   M    M   0 1      23  50
13  83  51  67   4   0   2 0.00  0.0    0  4.8 14 280   M    M   0        18 320
14  84  56  70   7   0   5 0.00  0.0    0  6.6 22 190   M    M   0        27 200
15  88  61  75  12   0  10 0.00  0.0    0  8.9 18 180   M    M   0        24 190
16  88  64  76  12   0  11 0.00  0.0    0 15.3 30 180   M    M   0        37 180
17  85  70  78  14   0  13    T  0.0    0 21.2 36 170   M    M   2 38     44 190
18  90  67  79  15   0  14 0.01  0.0    0 12.7 25 210   M    M   1 38     34 200
19  67  51  59  -6   6   0 1.62  0.0    0 13.2 26  60   M    M   6 13     32  60
20  76  52  64  -1   1   0 0.61  0.0    0  9.2 22 130   M    M   8 13     25 150
21  69  52  61  -4   4   0 0.00  0.0    0 11.2 24 270   M    M   6        29 280
22  76  49  63  -3   2   0 0.09  0.0    0  7.6 23 310   M    M   3 1      25 310
23  64  55  60  -6   5   0 0.11  0.0    0  4.3 16 310   M    M   9 1      20 310
24  68  52  60  -6   5   0 0.12  0.0    0  9.3 16 340   M    M   6 1      21 330
25  75  55  65  -1   0   0 0.00  0.0    0  7.5 16 310   M    M   5        20 320
================================================================================
SM 1837 1324       110  73  4.05     0.0 255.1          M       90
================================================================================
AV 73.5 53.0                              10.2 FASTST   M    M   4    MAX(MPH)
                                 MISC ---->  # 36 170               # 46  310
================================================================================
NOTES:
# LAST OF SEVERAL OCCURRENCES

COLUMN 17 PEAK WIND IN M.P.H.

PRELIMINARY LOCAL CLIMATOLOGICAL DATA (WS FORM: F-6) , PAGE 2

                                          STATION:  SPRINGFIELD IL
                                          MONTH:    MAY
                                          YEAR:     2017
                                          LATITUDE:   39 50 N
                                          LONGITUDE:  89 41 W

[TEMPERATURE DATA]      [PRECIPITATION DATA]       SYMBOLS USED IN COLUMN 16

AVERAGE MONTHLY: 63.2   TOTAL FOR MONTH:   4.05    1 = FOG OR MIST
DPTR FM NORMAL:   0.5   DPTR FM NORMAL:    0.66    2 = FOG REDUCING VISIBILITY
HIGHEST:    90 ON 18    GRTST 24HR  1.62 ON 19-19      TO 1/4 MILE OR LESS
LOWEST:     42 ON  7                               3 = THUNDER
                        SNOW, ICE PELLETS, HAIL    4 = ICE PELLETS
                        TOTAL MONTH:   0.0 INCH    5 = HAIL
                        GRTST 24HR     0.0         6 = FREEZING RAIN OR DRIZZLE
                        GRTST DEPTH:   0           7 = DUSTSTORM OR SANDSTORM:
                                                       VSBY 1/2 MILE OR LESS
                                                   8 = SMOKE OR HAZE
[NO. OF DAYS WITH]      [WEATHER - DAYS WITH]      9 = BLOWING SNOW
                                                   X = TORNADO
MAX 32 OR BELOW:   0    0.01 INCH OR MORE:  10
MAX 90 OR ABOVE:   1    0.10 INCH OR MORE:   7
MIN 32 OR BELOW:   0    0.50 INCH OR MORE:   3
MIN  0 OR BELOW:   0    1.00 INCH OR MORE:   1

[HDD (BASE 65) ]
TOTAL THIS MO.   110    CLEAR  (SCALE 0-3)  15
DPTR FM NORMAL    -4    PTCLDY (SCALE 4-7)   8
TOTAL FM JUL 1  4164    CLOUDY (SCALE 8-10)  2
DPTR FM NORMAL -1295

[CDD (BASE 65) ]
TOTAL THIS MO.    73
DPTR FM NORMAL    15    [PRESSURE DATA]
TOTAL FM JAN 1   110    HIGHEST SLP M ON M
DPTR FM NORMAL    32    LOWEST  SLP 29.43 ON  1

[REMARKS]
