000
CXUS54 KOUN 200800
CF6SPS
PRELIMINARY LOCAL CLIMATOLOGICAL DATA (WS FORM: F-6)

                                          STATION:   WICHITA FALLS
                                          MONTH:     AUGUST
                                          YEAR:      2014
                                          LATITUDE:   33 58 N
                                          LONGITUDE:  98 29 W

  TEMPERATURE IN F:       :PCPN:    SNOW:  WIND      :SUNSHINE: SKY     :PK WND
================================================================================
1   2   3   4   5  6A  6B    7    8   9   10  11  12  13   14  15   16   17  18
                                     12Z  AVG MX 2MIN
DY MAX MIN AVG DEP HDD CDD  WTR  SNW DPTH SPD SPD DIR MIN PSBL S-S WX    SPD DR
================================================================================

 1  84  65  75 -10   0  10 0.00  0.0    0  4.0 10 150   M    M   4 1      14  50
 2  88  65  77  -8   0  12 0.00  0.0    0  3.5 12 130   M    M   0        15 130
 3  90  66  78  -7   0  13 0.00  0.0    0  3.7 12 100   M    M   1        15 150
 4  90  68  79  -6   0  14 0.00  0.0    0  4.6 14 140   M    M   1 1      16 140
 5  93  66  80  -5   0  15 0.00  0.0    0  6.4 14 120   M    M   2        14 120
 6 101  75  88   3   0  23 0.00  0.0    0 11.4 20 130   M    M   2        26 140
 7 103  74  89   4   0  24 0.00  0.0    0 12.0 21 110   M    M   2        25 130
 8  96  73  85   0   0  20    T  0.0    0  6.0 20 150   M    M   4        22  80
 9  98  75  87   2   0  22    T  0.0    0  8.7 17 280   M    M   0 3      22 290
10 103  74  89   4   0  24 0.88    T    0  8.5 53 280   M    M   3 35     77 260
11  96  73  85   0   0  20 0.06  0.0    0  5.7 14  10   M    M   5 13     18  50
12  93  67  80  -5   0  15 0.00  0.0    0  5.4 13  60   M    M   1        16  70
13  92  66  79  -6   0  14 0.00  0.0    0  7.3 14 170   M    M   0        25 210
14  97  66  82  -3   0  17 0.00  0.0    0  9.7 17 140   M    M   3        21 140
15 101  69  85   1   0  20 0.00  0.0    0 12.3 21 140   M    M   1        26 140
16  93  76  85   1   0  20 0.18  0.0    0  9.6 21 150   M    M   3        24 150
17 100  71  86   2   0  21 0.00  0.0    0  6.4 14 120   M    M   0        17 110
18  99  70  85   1   0  20 0.00  0.0    0 10.2 23 200   M    M   2        27 220
19  96  73  85   1   0  20 0.00  0.0    0 12.3 25 150   M    M   4        35 180
================================================================================
SM 1813 1332         0 344  1.12    T    147.7          M       38
================================================================================
AV 95.4 70.1                               7.8 FASTST   M    M   2    MAX(MPH)
                                 MISC ---->  # 53 280               # 77  260
================================================================================
NOTES:
# LAST OF SEVERAL OCCURRENCES

COLUMN 17 PEAK WIND IN M.P.H.

PRELIMINARY LOCAL CLIMATOLOGICAL DATA (WS FORM: F-6) , PAGE 2

                                          STATION:  WICHITA FALLS
                                          MONTH:    AUGUST
                                          YEAR:     2014
                                          LATITUDE:   33 58 N
                                          LONGITUDE:  98 29 W

[TEMPERATURE DATA]      [PRECIPITATION DATA]       SYMBOLS USED IN COLUMN 16

AVERAGE MONTHLY: 82.8   TOTAL FOR MONTH:   1.12    1 = FOG OR MIST
DPTR FM NORMAL:  -2.0   DPTR FM NORMAL:   -0.33    2 = FOG REDUCING VISIBILITY
HIGHEST:   103 ON 10, 7 GRTST 24HR  0.94 ON 10-11      TO 1/4 MILE OR LESS
LOWEST:     65 ON  2, 1                            3 = THUNDER
                        SNOW, ICE PELLETS, HAIL    4 = ICE PELLETS
                        TOTAL MONTH:    T          5 = HAIL
                        GRTST 24HR    T  ON 10-10  6 = FREEZING RAIN OR DRIZZLE
                        GRTST DEPTH:   0           7 = DUSTSTORM OR SANDSTORM:
                                                       VSBY 1/2 MILE OR LESS
                                                   8 = SMOKE OR HAZE
[NO. OF DAYS WITH]      [WEATHER - DAYS WITH]      9 = BLOWING SNOW
                                                   X = TORNADO
MAX 32 OR BELOW:   0    0.01 INCH OR MORE:   3
MAX 90 OR ABOVE:  17    0.10 INCH OR MORE:   2
MIN 32 OR BELOW:   0    0.50 INCH OR MORE:   1
MIN  0 OR BELOW:   0    1.00 INCH OR MORE:   0

[HDD (BASE 65) ]
TOTAL THIS MO.     0    CLEAR  (SCALE 0-3)  14
DPTR FM NORMAL     0    PTCLDY (SCALE 4-7)   5
TOTAL FM JUL 1     0    CLOUDY (SCALE 8-10)  0
DPTR FM NORMAL     0

[CDD (BASE 65) ]
TOTAL THIS MO.   344
DPTR FM NORMAL   -32    [PRESSURE DATA]
TOTAL FM JAN 1  1734    HIGHEST SLP M ON M
DPTR FM NORMAL     2    LOWEST  SLP 28.62 ON 14

[REMARKS]
