000
CXUS54 KLZK 301330
CF6SRC
PRELIMINARY LOCAL CLIMATOLOGICAL DATA (WS FORM: F-6)

                                          STATION:   Searcy Airport
                                          MONTH:     MAY
                                          YEAR:      2015
                                          LATITUDE:   35 12 N
                                          LONGITUDE:  91 44 W

  TEMPERATURE IN F:       :PCPN:    SNOW:  WIND      :SUNSHINE: SKY     :PK WND
================================================================================
1   2   3   4   5  6A  6B    7    8   9   10  11  12  13   14  15   16   17  18
                                     12Z  AVG MX 2MIN
DY MAX MIN AVG DEP HDD CDD  WTR  SNW DPTH SPD SPD DIR MIN PSBL S-S WX    SPD DR
================================================================================

 1  73  48  61  -4   4   0 0.00  0.0    0  6.1 12  70   M    M   0        22  70
 2  78  44  61  -4   4   0 0.00  0.0    0  2.7  9 170   M    M   0         M  M
 3  84  48  66   0   0   1 0.00  0.0    0  3.7 13 190   M    M   1        18 180
 4  84  55  70   4   0   5 0.00  0.0    0  4.5 14 180   M    M   1 1       M  M
 5  86  59  73   7   0   8 0.00  0.0    0  6.2 18 170   M    M   5        23 170
 6  85  58  72   5   0   7 0.00  0.0    0  5.8 13 140   M    M   3        18 140
 7  88  59  74   7   0   9 0.00  0.0    0  4.8 13 150   M    M   3        16 150
 8  83  69  76   9   0  11 0.07  0.0    0  6.1 16 180   M    M   6         M  M
 9  77  67  72   4   0   7 1.36  0.0    0  5.0  8 170   M    M   9 1       M  M
10  82  66  74   6   0   9 0.22  0.0    0  5.4  9 150   M    M   6         M  M
11  76  62  69   1   0   4 1.57  0.0    0  5.3 10 310   M    M   6 1      16 310
12  69  55  62  -6   3   0 0.00  0.0    0  4.7 12 330   M    M   0         M  M
13  72  50  61  -8   4   0    T  0.0    0  5.5 14  60   M    M   5         M  M
14  81  64  73   4   0   8 0.31  0.0    0  4.8  8 170   M    M   4         M  M
15  84  64  74   5   0   9 0.08  0.0    0  3.9  8 160   M    M   3 1       M  M
16  83  69  76   6   0  11 2.02  0.0    0  7.4 13 170   M    M   7 1       M  M
17   M   M   M   M   M   M 0.06    M    M   M   M   M   M    M   M         M  M
18  81  68  75   5   0  10    T  0.0    0  5.8 12 190   M    M   7 12      M  M
19  78  66  72   1   0   7 0.00  0.0    0  7.2 13  60   M    M   3 12     18  60
20  80  61  71   0   0   6 0.95  0.0    0  7.5 13  60   M    M   8 1       M  M
21  66  52  59 -12   6   0    T  0.0    0  8.6 14  10   M    M   6        18 350
22   M   M   M   M   M   M 0.00  0.0    M   M   M   M   M    M   M         M  M
23  81  62  72   0   0   7 0.00  0.0    0  5.7 12 100   M    M   5         M  M
24   M   M   M   M   M   M 0.36    M    0  9.8 18 160   M    M   7        25 160
25  83  64  74   2   0   9 0.68  0.0    0  7.7 13 160   M    M   9 1       M  M
26  79  63  71  -2   0   6 0.02  0.0    0  5.8 10 160   M    M   6         M  M
27  83  63  73   0   0   8 0.01  0.0    0  4.8 16 150   M    M   2 1      22 150
28  83  66  75   2   0  10 0.05  0.0    M  4.5 10 120   M    M   4 18      M  M
29  88  64  76   2   0  11 1.46  0.0    0  4.8 16 150   M    M   3 1      20 150
================================================================================
SM 2087 1566        21 163  9.22     0.0 154.1          M      119
================================================================================
AV 80.3 60.2                               5.7 FASTST   M    M   4    MAX(MPH)
                                 MISC ---->    18   M                 25    M
================================================================================
NOTES:
# LAST OF SEVERAL OCCURRENCES

COLUMN 17 PEAK WIND IN M.P.H.

PRELIMINARY LOCAL CLIMATOLOGICAL DATA (WS FORM: F-6) , PAGE 2

                                          STATION:  Searcy Airport
                                          MONTH:    MAY
                                          YEAR:     2015
                                          LATITUDE:   35 12 N
                                          LONGITUDE:  91 44 W

[TEMPERATURE DATA]      [PRECIPITATION DATA]       SYMBOLS USED IN COLUMN 16

AVERAGE MONTHLY: 70.2   TOTAL FOR MONTH:   9.22    1 = FOG OR MIST
DPTR FM NORMAL:   0.9   DPTR FM NORMAL:    3.98    2 = FOG REDUCING VISIBILITY
HIGHEST:    88 ON 29, 7 GRTST 24HR  2.02 ON 16-16      TO 1/4 MILE OR LESS
LOWEST:     44 ON  2                               3 = THUNDER
                        SNOW, ICE PELLETS, HAIL    4 = ICE PELLETS
                        TOTAL MONTH:   0.0 INCH    5 = HAIL
                        GRTST 24HR     0.0         6 = FREEZING RAIN OR DRIZZLE
                        GRTST DEPTH:   0           7 = DUSTSTORM OR SANDSTORM:
                                                       VSBY 1/2 MILE OR LESS
                                                   8 = SMOKE OR HAZE
[NO. OF DAYS WITH]      [WEATHER - DAYS WITH]      9 = BLOWING SNOW
                                                   X = TORNADO
MAX 32 OR BELOW:   0    0.01 INCH OR MORE:  15
MAX 90 OR ABOVE:   0    0.10 INCH OR MORE:   9
MIN 32 OR BELOW:   0    0.50 INCH OR MORE:   6
MIN  0 OR BELOW:   0    1.00 INCH OR MORE:   4

[HDD (BASE 65) ]
TOTAL THIS MO.    21    CLEAR  (SCALE 0-3)  10
DPTR FM NORMAL   -11    PTCLDY (SCALE 4-7)  15
TOTAL FM JUL 1  3616    CLOUDY (SCALE 8-10)  2
DPTR FM NORMAL    86

[CDD (BASE 65) ]
TOTAL THIS MO.   163
DPTR FM NORMAL     3    [PRESSURE DATA]
TOTAL FM JAN 1   217    HIGHEST SLP M ON M
DPTR FM NORMAL     5    LOWEST  SLP M ON M

[REMARKS]
