000
CXUS54 KEPZ 261200
CF6SRR
PRELIMINARY LOCAL CLIMATOLOGICAL DATA (WS FORM: F-6)

                                          STATION:   RUIDOSO        AWOS
                                          MONTH:     DECEMBER
                                          YEAR:      2014
                                          LATITUDE:   33 28 N
                                          LONGITUDE: 105 32 W

  TEMPERATURE IN F:       :PCPN:    SNOW:  WIND      :SUNSHINE: SKY     :PK WND
================================================================================
1   2   3   4   5  6A  6B    7    8   9   10  11  12  13   14  15   16   17  18
                                     12Z  AVG MX 2MIN
DY MAX MIN AVG DEP HDD CDD  WTR  SNW DPTH SPD SPD DIR MIN PSBL S-S WX    SPD DR
================================================================================

 1  46  18  32   M  33   0 0.00  0.0    0  6.1 10 270   M    M   0         M  M
 2  59  36  48   M  17   0 0.00  0.0    0  4.4 12 260   M    M   0         M  M
 3  63  41  52   M  13   0 0.00  0.0    0  7.4 14 300   M    M   1        21 320
 4  54  43  49   M  16   0 0.00  0.0    0  7.2 29 230   M    M   4        36 230
 5  57  37  47   M  18   0 0.00  0.0    0  9.2 16 270   M    M   0        24 310
 6  50  36  43   M  22   0 0.00  0.0    0  9.2 16 120   M    M   2        23 130
 7  55  32  44   M  21   0 0.00  0.0    0  7.5 16 310   M    M   0        25 310
 8  57  36  47   M  18   0 0.00  0.0    0  4.0  8 140   M    M   0         M  M
 9  57  34  46   M  19   0 0.00  0.0    0  3.0  8 270   M    M   2         M  M
10  59  37  48   M  17   0 0.00  0.0    0  7.9 13 320   M    M   2        21 270
11  59  37  48   M  17   0 0.00  0.0    0  6.4 12 220   M    M   0         M  M
12  61  37  49   M  16   0 0.00  0.0    0  6.4 13 220   M    M   0        20 210
13  57  41  49   M  16   0 0.00  0.0    0 12.1 22 230   M    M   1        36 210
14  39  28  34   M  31   0 0.01    M    0 21.1 39 260   M    M   1        50 260
15  50  32  41   M  24   0 0.00  0.0    0 11.3 22 310   M    M   0        33 280
16  45  25  35   M  30   0 0.00  0.0    0  7.0 13 140   M    M   0        17 130
17  45  25  35   M  30   0 0.00  0.0    0 11.4 30 230   M    M   2        35 230
18  45  28  37   M  28   0 0.00  0.0    0  7.6 20 260   M    M   3        23 270
19  41  25  33   M  32   0 0.00  0.0    0 10.9 15 320   M    M   1        21 300
20  46  27  37   M  28   0 0.00  0.0    0  8.5 14 310   M    M   0 8      22 310
21  52  30  41   M  24   0 0.00  0.0    0 17.2 38 300   M    M   0        55 300
22  55  34  45   M  20   0    T  0.0    0 22.2 38 290   M    M   2        50 300
23  32  19  26   M  39   0 0.01    M    0  8.6 15 340   M    M   5        27 340
24  41  16  29   M  36   0 0.00  0.0    0  5.9 15 320   M    M   0        22 320
25  50  25  38   M  27   0 0.00  0.0    0 23.2 41 230   M    M   0        54 230
================================================================================
SM 1275  779       592   0  0.02     0.0 245.7          M       26
================================================================================
AV 51.0 31.2                               9.8 FASTST   M    M   1    MAX(MPH)
                                 MISC ---->    41   M                 55    M
================================================================================
NOTES:
# LAST OF SEVERAL OCCURRENCES

COLUMN 17 PEAK WIND IN M.P.H.

PRELIMINARY LOCAL CLIMATOLOGICAL DATA (WS FORM: F-6) , PAGE 2

                                          STATION:  RUIDOSO        AWOS
                                          MONTH:    DECEMBER
                                          YEAR:     2014
                                          LATITUDE:   33 28 N
                                          LONGITUDE: 105 32 W

[TEMPERATURE DATA]      [PRECIPITATION DATA]       SYMBOLS USED IN COLUMN 16

AVERAGE MONTHLY: 41.1   TOTAL FOR MONTH:   0.02    1 = FOG OR MIST
DPTR FM NORMAL:     M   DPTR FM NORMAL:       M    2 = FOG REDUCING VISIBILITY
HIGHEST:    63 ON  3    GRTST 24HR  0.01 ON 23-23      TO 1/4 MILE OR LESS
LOWEST:     16 ON 24                               3 = THUNDER
                        SNOW, ICE PELLETS, HAIL    4 = ICE PELLETS
                        TOTAL MONTH:   0.0 INCH    5 = HAIL
                        GRTST 24HR     0.0         6 = FREEZING RAIN OR DRIZZLE
                        GRTST DEPTH:   0           7 = DUSTSTORM OR SANDSTORM:
                                                       VSBY 1/2 MILE OR LESS
                                                   8 = SMOKE OR HAZE
[NO. OF DAYS WITH]      [WEATHER - DAYS WITH]      9 = BLOWING SNOW
                                                   X = TORNADO
MAX 32 OR BELOW:   1    0.01 INCH OR MORE:   2
MAX 90 OR ABOVE:   0    0.10 INCH OR MORE:   0
MIN 32 OR BELOW:  13    0.50 INCH OR MORE:   0
MIN  0 OR BELOW:   0    1.00 INCH OR MORE:   0

[HDD (BASE 65) ]
TOTAL THIS MO.   592    CLEAR  (SCALE 0-3)  23
DPTR FM NORMAL     M    PTCLDY (SCALE 4-7)   2
TOTAL FM JUL 1  1669    CLOUDY (SCALE 8-10)  0
DPTR FM NORMAL     M

[CDD (BASE 65) ]
TOTAL THIS MO.     0
DPTR FM NORMAL     M    [PRESSURE DATA]
TOTAL FM JAN 1   421    HIGHEST SLP M ON M
DPTR FM NORMAL     M    LOWEST  SLP M ON M

[REMARKS]
