466
CXUS55 KEAX 280736
CF6STJ
PRELIMINARY LOCAL CLIMATOLOGICAL DATA (WS FORM: F-6)

                                          STATION:   ST. JOSEPH MO
                                          MONTH:     APRIL
                                          YEAR:      2017
                                          LATITUDE:   39 46 N
                                          LONGITUDE:  94 55 W

  TEMPERATURE IN F:       :PCPN:    SNOW:  WIND      :SUNSHINE: SKY     :PK WND
================================================================================
1   2   3   4   5  6A  6B    7    8   9   10  11  12  13   14  15   16   17  18
                                     12Z  AVG MX 2MIN
DY MAX MIN AVG DEP HDD CDD  WTR  SNW DPTH SPD SPD DIR MIN PSBL S-S WX    SPD DR
================================================================================

 1  53  40  47  -3  18   0    T    M    M  7.9 16 100   M    M   8        22 110
 2  59  49  54   4  11   0 0.07    M    M  4.2 10 120   M    M  10 1      14 130
 3  59  42  51   1  14   0 0.45    M    M  7.8 21 310   M    M   8 12     24 310
 4  54  43  49  -2  16   0 0.69    M    M  9.0 22  40   M    M   9 12     25  40
 5  55  40  48  -3  17   0 0.97    M    M 17.4 35  20   M    M   8 1      44  20
 6  59  37  48  -3  17   0 0.00    M    M 11.7 24 330   M    M   3        31 330
 7  66  31  49  -3  16   0 0.00    M    M  6.6 18 170   M    M   0        23 180
 8  77  51  64  12   1   0 0.00    M    M 15.5 26 190   M    M   0        33 200
 9  79  64  72  20   0   7    T    M    M 19.1 28 200   M    M   0        36 210
10  70  42  56   4   9   0    T    M    M 15.4 28 320   M    M   4 3      38 290
11  66  39  53   0  12   0 0.00    M    M  6.3 16 350   M    M   4        19 360
12  74  41  58   5   7   0    T    M    M  7.6 20 220   M    M   2        25 210
13  78  49  64  11   1   0 0.00    M    M  6.7 16 220   M    M   3 1      24 200
14   M   M   M   M   M   M 0.00    M    M   M   M   M   0    0   0         0   0
15   M   M   M   M   M   M    M    M    M   M   M   M   M    M   0 3       M  M
16   M   M   M   M   M   M    M    M    M   M   M   M   0    0   0         0   0
17   M   M   M   M   M   M    M    M    M  5.8  6  20   0    0   0         M  M
18  78   M   M   M   M   M    M    M    M 11.2 16 180   M    M   1        24 180
19  82  62  72  17   0   7    M    M    M 16.1 33 180   M    M   4 1      44 190
20  66  47  57   1   8   0 0.34    M    M 11.1 22 350   M    M   5 13     27 350
21  56  43  50  -6  15   0 0.00    M    M 10.0 24  60   M    M   1        28  50
22  66  39  53  -3  12   0    T    M    M 12.3 25  20   M    M   2        31  20
23  72  32  52  -4  13   0 0.00    M    M  3.4 15 180   M    M   0        18 180
24  76  43  60   3   5   0 0.00    M    M 15.7 32 170   M    M   0        45 190
25  72  48  60   3   5   0    T    M    M 10.6 23 330   M    M   6        29 330
26  51  41  46 -11  19   0 0.08    M    M 14.9 23 340   M    M   9 1      28 340
27  64  42  53  -5  12   0 0.08    M    M  7.8 20 310   M    M   6        24 210
================================================================================
SM 1532  965       228  14  2.68    M    254.1            0     93
================================================================================
AV 66.6 43.9                              10.6 FASTST    0   0   3    MAX(MPH)
                                 MISC ---->  # 35  20               # 45  190
================================================================================
NOTES:
# LAST OF SEVERAL OCCURRENCES

COLUMN 17 PEAK WIND IN M.P.H.

PRELIMINARY LOCAL CLIMATOLOGICAL DATA (WS FORM: F-6) , PAGE 2

                                          STATION:  ST. JOSEPH MO
                                          MONTH:    APRIL
                                          YEAR:     2017
                                          LATITUDE:   39 46 N
                                          LONGITUDE:  94 55 W

[TEMPERATURE DATA]      [PRECIPITATION DATA]       SYMBOLS USED IN COLUMN 16

AVERAGE MONTHLY: 55.2   TOTAL FOR MONTH:   2.68    1 = FOG OR MIST
DPTR FM NORMAL:   1.5   DPTR FM NORMAL:   -0.56    2 = FOG REDUCING VISIBILITY
HIGHEST:    82 ON 19    GRTST 24HR  0.97 ON  5- 5      TO 1/4 MILE OR LESS
LOWEST:     31 ON  7                               3 = THUNDER
                        SNOW, ICE PELLETS, HAIL    4 = ICE PELLETS
                        TOTAL MONTH:    M          5 = HAIL
                        GRTST 24HR    M  ON   M    6 = FREEZING RAIN OR DRIZZLE
                        GRTST DEPTH:  M  ON   M    7 = DUSTSTORM OR SANDSTORM:
                                                       VSBY 1/2 MILE OR LESS
                                                   8 = SMOKE OR HAZE
[NO. OF DAYS WITH]      [WEATHER - DAYS WITH]      9 = BLOWING SNOW
                                                   X = TORNADO
MAX 32 OR BELOW:   0    0.01 INCH OR MORE:   7
MAX 90 OR ABOVE:   0    0.10 INCH OR MORE:   4
MIN 32 OR BELOW:   2    0.50 INCH OR MORE:   2
MIN  0 OR BELOW:   0    1.00 INCH OR MORE:   0

[HDD (BASE 65) ]
TOTAL THIS MO.   228    CLEAR  (SCALE 0-3)  15
DPTR FM NORMAL   -94    PTCLDY (SCALE 4-7)   9
TOTAL FM JUL 1  4092    CLOUDY (SCALE 8-10)  3
DPTR FM NORMAL -1223

[CDD (BASE 65) ]
TOTAL THIS MO.    14
DPTR FM NORMAL    -6    [PRESSURE DATA]
TOTAL FM JAN 1    18    HIGHEST SLP  0.00 ON M
DPTR FM NORMAL    -4    LOWEST  SLP  0.00 ON M

[REMARKS]
