000
CXUS53 KLSX 191600
CF6STL
PRELIMINARY LOCAL CLIMATOLOGICAL DATA (WS FORM: F-6)

                                          STATION:   ST. LOUIS
                                          MONTH:     JANUARY
                                          YEAR:      2017
                                          LATITUDE:   38 45 N
                                          LONGITUDE:  90 23 W

  TEMPERATURE IN F:       :PCPN:    SNOW:  WIND      :SUNSHINE: SKY     :PK WND
================================================================================
1   2   3   4   5  6A  6B    7    8   9   10  11  12  13   14  15   16   17  18
                                     12Z  AVG MX 2MIN
DY MAX MIN AVG DEP HDD CDD  WTR  SNW DPTH SPD SPD DIR MIN PSBL S-S WX    SPD DR
================================================================================

 1  44  24  34   2  31   0    T  0.0    0  6.0 16 120   M    M   4        18 130
 2  50  41  46  14  19   0 0.22  0.0    0  5.7 15 120   M    M  10 1238   13 120
 3  49  24  37   5  28   0 0.04  0.0    0 12.0 23 310   M    M   9 128    29 320
 4  28  17  23  -9  42   0    T    T    0 10.6 18 310   M    M   5        28 310
 5  23  16  20 -12  45   0 0.04  0.8    1  8.8 16 290   M    M   9        19 290
 6  16   7  12 -20  53   0    T  0.2    1  9.2 18 290   M    M   7        23 280
 7  28   4  16 -16  49   0 0.00  0.0    T  4.6 12 270   M    M   1        14 270
 8  28  10  19 -13  46   0 0.00  0.0    T  8.9 18 150   M    M   7        28 210
 9  46  26  36   4  29   0 0.00  0.0    0 12.5 21 140   M    M   7        26 190
10  68  31  50  18  15   0 0.01  0.0    0 16.9 44 280   M    M   7 3      54 280
11  71  30  51  19  14   0    T  0.0    0 12.7 26 200   M    M   8 18     36 180
12  50  27  39   7  26   0    T  0.0    0 10.6 22 310   M    M   9 18     25 310
13  32  26  29  -3  36   0 0.16  0.0    0  8.5 15  60   M    M  10 146    19  40
14  35  32  34   2  31   0 0.64    M    0  4.8 10 340   M    M  10 168    12 340
15  38  33  36   4  29   0 0.21  0.0    0  6.1 10 100   M    M  10 1268   12 110
16  59  38  49  17  16   0 0.11  0.0    0  8.7 22 270   M    M  10 123    26 270
17  54  41  48  16  17   0    T  0.0    0 13.5 23 280   M    M   9        28 280
18  49  36  43  11  22   0    T  0.0    0  6.9 16 280   M    M   8        19 290
================================================================================
SM  768  463       548   0  1.43     1.0 167.0          M      140
================================================================================
AV 42.7 25.7                               9.3 FASTST   M    M   8    MAX(MPH)
                                 MISC ---->  # 44 280               # 54  280
================================================================================
NOTES:
# LAST OF SEVERAL OCCURRENCES

COLUMN 17 PEAK WIND IN M.P.H.

PRELIMINARY LOCAL CLIMATOLOGICAL DATA (WS FORM: F-6) , PAGE 2

                                          STATION:  ST. LOUIS
                                          MONTH:    JANUARY
                                          YEAR:     2017
                                          LATITUDE:   38 45 N
                                          LONGITUDE:  90 23 W

[TEMPERATURE DATA]      [PRECIPITATION DATA]       SYMBOLS USED IN COLUMN 16

AVERAGE MONTHLY: 34.2   TOTAL FOR MONTH:   1.43    1 = FOG OR MIST
DPTR FM NORMAL:   2.2   DPTR FM NORMAL:   -0.01    2 = FOG REDUCING VISIBILITY
HIGHEST:    71 ON 11    GRTST 24HR  0.80 ON 13-14      TO 1/4 MILE OR LESS
LOWEST:      4 ON  7                               3 = THUNDER
                        SNOW, ICE PELLETS, HAIL    4 = ICE PELLETS
                        TOTAL MONTH:   1.0 INCH    5 = HAIL
                        GRTST 24HR   0.8 ON   M    6 = FREEZING RAIN OR DRIZZLE
                        GRTST DEPTH:   1 ON  6, 5  7 = DUSTSTORM OR SANDSTORM:
                                                       VSBY 1/2 MILE OR LESS
                                                   8 = SMOKE OR HAZE
[NO. OF DAYS WITH]      [WEATHER - DAYS WITH]      9 = BLOWING SNOW
                                                   X = TORNADO
MAX 32 OR BELOW:   6    0.01 INCH OR MORE:   8
MAX 90 OR ABOVE:   0    0.10 INCH OR MORE:   5
MIN 32 OR BELOW:  13    0.50 INCH OR MORE:   1
MIN  0 OR BELOW:   0    1.00 INCH OR MORE:   0

[HDD (BASE 65) ]
TOTAL THIS MO.   548    CLEAR  (SCALE 0-3)   1
DPTR FM NORMAL   -54    PTCLDY (SCALE 4-7)   8
TOTAL FM JUL 1  1970    CLOUDY (SCALE 8-10)  9
DPTR FM NORMAL  -397

[CDD (BASE 65) ]
TOTAL THIS MO.     0
DPTR FM NORMAL     0    [PRESSURE DATA]
TOTAL FM JAN 1     0    HIGHEST SLP M ON M
DPTR FM NORMAL     0    LOWEST  SLP 29.50 ON 10

[REMARKS]
