000
CXUS53 KMPX 191000
CF6STP
PRELIMINARY LOCAL CLIMATOLOGICAL DATA (WS FORM: F-6)

                                          STATION:   ST PAUL MN
                                          MONTH:     APRIL
                                          YEAR:      2014
                                          LATITUDE:   44 55 N
                                          LONGITUDE:  93  4 W

  TEMPERATURE IN F:       :PCPN:    SNOW:  WIND      :SUNSHINE: SKY     :PK WND
================================================================================
1   2   3   4   5  6A  6B    7    8   9   10  11  12  13   14  15   16   17  18
                                     12Z  AVG MX 2MIN
DY MAX MIN AVG DEP HDD CDD  WTR  SNW DPTH SPD SPD DIR MIN PSBL S-S WX    SPD DR
================================================================================

 1  38  20  29 -13  36   0    M    M    M 14.4 30 310   M    M   5 1      41 290
 2  41  20  31 -11  34   0 0.00    M    M  6.9 15  60   M    M   3        21  70
 3  39  29  34  -9  31   0    M    M    M 10.2 20  70   M    M  10 16     28  90
 4  40  26  33 -10  32   0    M    M    M 14.6 28 310   M    M   7 18     33 330
 5  49  22  36  -8  29   0 0.00    M    0  7.2 18 180   M    M   1 18     23 200
 6  62  38  50   6  15   0 0.00    M    M  7.2 17 250   M    M   4        20 240
 7  59  34  47   2  18   0 0.00    M    M  7.9 24 320   M    M   2 128    28 320
 8  53  33  43  -2  22   0 0.00    M    M 10.6 21 330   M    M   1        25 340
 9  72  30  51   5  14   0 0.00    M    M 11.9 25 180   M    M   2 8      32 190
10  64  40  52   6  13   0    T    M    M 14.9 32 330   M    M   2        41 290
11  63  38  51   4  14   0    T    M    M  4.7 18 340   M    M   5        23 330
12  55  43  49   2  16   0 0.15    M    M  9.8 22  90   M    M  10        31  70
13  46  33  40  -8  25   0 0.00    M    M 13.4 28 350   M    M  10        38 350
14  38  26  32 -16  33   0 0.00    M    M 18.4 28 330   M    M   6        37 360
15  37  18  28 -21  37   0 0.00    M    M  8.0 17 330   M    M   4        22 320
16  37  30  34 -15  31   0    M    M    M 11.3 22  10   M    M  10 1      30 110
17  43  29  36 -14  29   0    M    M    M  9.1 20 350   M    M   6 1      27 360
18  52  25  39 -11  26   0 0.00    M    M  6.5 18 130   M    M   2 18     22 130
================================================================================
SM  888  534       455   0  0.15    M    187.0          M       90
================================================================================
AV 49.3 29.7                              10.4 FASTST   M    M   5    MAX(MPH)
                                 MISC ---->  # 32 330               # 41  290
================================================================================
NOTES:
# LAST OF SEVERAL OCCURRENCES

COLUMN 17 PEAK WIND IN M.P.H.

PRELIMINARY LOCAL CLIMATOLOGICAL DATA (WS FORM: F-6) , PAGE 2

                                          STATION:  ST PAUL MN
                                          MONTH:    APRIL
                                          YEAR:     2014
                                          LATITUDE:   44 55 N
                                          LONGITUDE:  93  4 W

[TEMPERATURE DATA]      [PRECIPITATION DATA]       SYMBOLS USED IN COLUMN 16

AVERAGE MONTHLY: 39.5   TOTAL FOR MONTH:   0.15    1 = FOG OR MIST
DPTR FM NORMAL:  -6.5   DPTR FM NORMAL:   -0.77    2 = FOG REDUCING VISIBILITY
HIGHEST:    72 ON  9    GRTST 24HR  0.68 ON 16-17      TO 1/4 MILE OR LESS
LOWEST:     18 ON 15                               3 = THUNDER
                        SNOW, ICE PELLETS, HAIL    4 = ICE PELLETS
                        TOTAL MONTH:    M          5 = HAIL
                        GRTST 24HR    M  ON   M    6 = FREEZING RAIN OR DRIZZLE
                        GRTST DEPTH:   0           7 = DUSTSTORM OR SANDSTORM:
                                                       VSBY 1/2 MILE OR LESS
                                                   8 = SMOKE OR HAZE
[NO. OF DAYS WITH]      [WEATHER - DAYS WITH]      9 = BLOWING SNOW
                                                   X = TORNADO
MAX 32 OR BELOW:   0    0.01 INCH OR MORE:   1
MAX 90 OR ABOVE:   0    0.10 INCH OR MORE:   1
MIN 32 OR BELOW:  11    0.50 INCH OR MORE:   0
MIN  0 OR BELOW:   0    1.00 INCH OR MORE:   0

[HDD (BASE 65) ]
TOTAL THIS MO.   455    CLEAR  (SCALE 0-3)   7
DPTR FM NORMAL   113    PTCLDY (SCALE 4-7)   7
TOTAL FM JUL 1  8094    CLOUDY (SCALE 8-10)  4
DPTR FM NORMAL  1173

[CDD (BASE 65) ]
TOTAL THIS MO.     0
DPTR FM NORMAL     0    [PRESSURE DATA]
TOTAL FM JAN 1     0    HIGHEST SLP M ON M
DPTR FM NORMAL     0    LOWEST  SLP 29.49 ON  9

[REMARKS]
