000
CXUS56 KMTR 211000
CF6STS
PRELIMINARY LOCAL CLIMATOLOGICAL DATA (WS FORM: F-6)

                                          STATION:   SANTA ROSA AIRPORT
                                          MONTH:     OCTOBER
                                          YEAR:      2014
                                          LATITUDE:   38 30 N
                                          LONGITUDE: 122 49 W

  TEMPERATURE IN F:       :PCPN:    SNOW:  WIND      :SUNSHINE: SKY     :PK WND
================================================================================
1   2   3   4   5  6A  6B    7    8   9   10  11  12  13   14  15   16   17  18
                                     12Z  AVG MX 2MIN
DY MAX MIN AVG DEP HDD CDD  WTR  SNW DPTH SPD SPD DIR MIN PSBL S-S WX    SPD DR
================================================================================

 1  93  49  71   7   0   6 0.00    M    0  4.9 14 250   M    M   0        17 340
 2  93  45  69   5   0   4 0.00  0.0    0  2.3  9 260   M    M   0        12 270
 3  97  49  73   9   0   8 0.00  0.0    0  3.4 14 250   M    M   0        18 270
 4  97  47  72   9   0   7 0.00  0.0    0  2.5 12 240   M    M   0        14 240
 5  96  48  72   9   0   7 0.00  0.0    0  2.3 10 180   M    M   0        13 190
 6  94  46  70   7   0   5 0.00  0.0    0  2.4 13 150   M    M   2 1      15 140
 7  87  46  67   4   0   2 0.00  0.0    0  3.0 14 150   M    M   5 12     16 150
 8  95  46  71   8   0   6 0.00  0.0    0  2.7 13 120   M    M   3 12     15 120
 9  78  48  63   1   2   0 0.00  0.0    0  4.9 15 150   M    M   5 12     18 150
10  78  49  64   2   1   0 0.00  0.0    0  2.5 13 180   M    M   5 1      16 180
11  86  47  67   5   0   2 0.00  0.0    0  2.3 12 140   M    M   4 12     14 140
12  98  50  74  12   0   9 0.00  0.0    0  4.4 14  30   M    M   0        17  50
13  90  46  68   6   0   3 0.00  0.0    0  4.6 15 220   M    M   3        21 200
14  65  59  62   1   3   0    T  0.0    0  5.3 14 190   M    M  10 18     20 180
15  71  52  62   1   3   0 0.11  0.0    0  3.2 10 270   M    M   6 1      14 190
16  72  47  60  -1   5   0 0.00    M    0  2.0 10 230   M    M   3 1      14 240
17  71  48  60  -1   5   0    T    M    0  1.9  9 220   M    M   8        14 220
18  79  56  68   8   0   3 0.00  0.0    0  2.3 12 250   M    M   6 1      16 280
19  76  57  67   7   0   2 0.00  0.0    0  3.6 12 240   M    M   6 12     15 170
20  71  47  59  -1   6   0    T    M    0  4.3 18 240   M    M   7 1      22 250
================================================================================
SM 1687  982        25  64  0.11     0.0  64.8          M       73
================================================================================
AV 84.3 49.1                               3.2 FASTST   M    M   4    MAX(MPH)
                                 MISC ---->  # 18 240               # 22  250
================================================================================
NOTES:
# LAST OF SEVERAL OCCURRENCES

COLUMN 17 PEAK WIND IN M.P.H.

PRELIMINARY LOCAL CLIMATOLOGICAL DATA (WS FORM: F-6) , PAGE 2

                                          STATION:  SANTA ROSA AIRPORT
                                          MONTH:    OCTOBER
                                          YEAR:     2014
                                          LATITUDE:   38 30 N
                                          LONGITUDE: 122 49 W

[TEMPERATURE DATA]      [PRECIPITATION DATA]       SYMBOLS USED IN COLUMN 16

AVERAGE MONTHLY: 66.7   TOTAL FOR MONTH:   0.11    1 = FOG OR MIST
DPTR FM NORMAL:   4.7   DPTR FM NORMAL:   -0.84    2 = FOG REDUCING VISIBILITY
HIGHEST:    98 ON 12    GRTST 24HR  0.11 ON 15-15      TO 1/4 MILE OR LESS
LOWEST:     45 ON  2                               3 = THUNDER
                        SNOW, ICE PELLETS, HAIL    4 = ICE PELLETS
                        TOTAL MONTH:   0.0 INCH    5 = HAIL
                        GRTST 24HR     0.0         6 = FREEZING RAIN OR DRIZZLE
                        GRTST DEPTH:   0           7 = DUSTSTORM OR SANDSTORM:
                                                       VSBY 1/2 MILE OR LESS
                                                   8 = SMOKE OR HAZE
[NO. OF DAYS WITH]      [WEATHER - DAYS WITH]      9 = BLOWING SNOW
                                                   X = TORNADO
MAX 32 OR BELOW:   0    0.01 INCH OR MORE:   1
MAX 90 OR ABOVE:   9    0.10 INCH OR MORE:   1
MIN 32 OR BELOW:   0    0.50 INCH OR MORE:   0
MIN  0 OR BELOW:   0    1.00 INCH OR MORE:   0

[HDD (BASE 65) ]
TOTAL THIS MO.    25    CLEAR  (SCALE 0-3)  10
DPTR FM NORMAL   -52    PTCLDY (SCALE 4-7)   9
TOTAL FM JUL 1    39    CLOUDY (SCALE 8-10)  1
DPTR FM NORMAL  -115

[CDD (BASE 65) ]
TOTAL THIS MO.    64
DPTR FM NORMAL    47    [PRESSURE DATA]
TOTAL FM JAN 1   497    HIGHEST SLP M ON M
DPTR FM NORMAL   127    LOWEST  SLP 29.81 ON 14

[REMARKS]
