000
CXUS53 KGRB 291406
CF6SUE
PRELIMINARY LOCAL CLIMATOLOGICAL DATA (WS FORM: F-6)

                                          STATION:   STURGEON BAY WI
                                          MONTH:     JULY
                                          YEAR:      2015
                                          LATITUDE:   44 55 N
                                          LONGITUDE:  87 25 W

  TEMPERATURE IN F:       :PCPN:    SNOW:  WIND      :SUNSHINE: SKY     :PK WND
================================================================================
1   2   3   4   5  6A  6B    7    8   9   10  11  12  13   14  15   16   17  18
                                     12Z  AVG MX 2MIN
DY MAX MIN AVG DEP HDD CDD  WTR  SNW DPTH SPD SPD DIR MIN PSBL S-S WX    SPD DR
================================================================================

 1  64  48  56   M   9   0 0.00  0.0    0  6.9 12  10   M    M   5         M  M
 2  70  46  58   M   7   0 0.00  0.0    0  2.3  7 100   M    M   0         M  M
 3  73  52  63   M   2   0 0.00  0.0    0  7.6 14 250   M    M   1        20 210
 4  73  61  67   M   0   2 0.00  0.0    0  5.4  9 150   M    M   2         M  M
 5  77  59  68   M   0   3 0.00  0.0    0  9.5 17 180   M    M   1        25 170
 6  73  59  66   M   0   1 0.00  0.0    0 11.3 22  10   M    M   5        30  10
 7  66  50  58   M   7   0 0.00  0.0    0 12.4 20  10   M    M   4        29  10
 8  66  46  56   M   9   0 0.00  0.0    0  4.4 12 170   M    M   0         M  M
 9  75  54  65   M   0   0 0.00  0.0    0  4.5 10 150   M    M   1         M  M
10  79  57  68   M   0   3 0.00  0.0    0  8.1 14 170   M    M   2         M  M
11  81  63  72   M   0   7 0.00  0.0    0  7.7 14 180   M    M   3        18 180
12  79  61  70   M   0   5 0.00  0.0    0  7.0 13 180   M    M   1         M  M
13  75  64  70   M   0   5 0.00  0.0    0  8.6 14 160   M    M   5 3      20 180
14  70  55  63   M   2   0 0.00  0.0    0 12.7 22  10   M    M   6        29 360
15  68  54  61   M   4   0 0.00  0.0    0  6.1 10  10   M    M   0         M  M
16  70  52  61   M   4   0 0.00  0.0    0  9.3 15 170   M    M   3        20 150
17  81  61  71   M   0   6 0.00  0.0    0  6.9 14 160   M    M   6        18 160
18  84  66  75   M   0  10 0.00  0.0    0  6.6 12 210   M    M   1 3      18 240
19  81  68  75   M   0  10 0.00  0.0    0 11.2 17 260   M    M   0        20 260
20  82  63  73   M   0   8 0.00  0.0    0 12.8 22 250   M    M   2        28 250
21  75  57  66   M   0   1 0.00  0.0    0  6.8 12 290   M    M   2         M  M
22  75  54  65   M   0   0 0.00  0.0    0  4.7 12 170   M    M   0        16 150
23  84  61  73   M   0   8 0.00  0.0    0  5.3 10 260   M    M   2         M  M
24  84  64  74   M   0   9 0.00  0.0    0  9.3 16 230   M    M   1        22 240
25  84  66  75   M   0  10 0.00  0.0    0  6.9 14  10   M    M   2         M  M
26  84  64  74   M   0   9 0.00  0.0    0  6.0 12 260   M    M   0         M  M
27  86  63  75   M   0  10 0.00  0.0    0  3.2  9 180   M    M   0         M  M
28  84  64  74   M   0   9 0.00  0.0    0  9.2 16 180   M    M   0        22 190
================================================================================
SM 2143 1632        44 116  0.00     0.0 212.7          M       55
================================================================================
AV 76.5 58.3                               7.6 FASTST   M    M   2    MAX(MPH)
                                 MISC ---->    22   M                 30    M
================================================================================
NOTES:
# LAST OF SEVERAL OCCURRENCES

COLUMN 17 PEAK WIND IN M.P.H.

PRELIMINARY LOCAL CLIMATOLOGICAL DATA (WS FORM: F-6) , PAGE 2

                                          STATION:  STURGEON BAY WI
                                          MONTH:    JULY
                                          YEAR:     2015
                                          LATITUDE:   44 55 N
                                          LONGITUDE:  87 25 W

[TEMPERATURE DATA]      [PRECIPITATION DATA]       SYMBOLS USED IN COLUMN 16

AVERAGE MONTHLY: 67.4   TOTAL FOR MONTH:   0.00    1 = FOG OR MIST
DPTR FM NORMAL:     M   DPTR FM NORMAL:       M    2 = FOG REDUCING VISIBILITY
HIGHEST:    86 ON 27    GRTST 24HR  0.00 ON 28-28      TO 1/4 MILE OR LESS
LOWEST:     46 ON  8, 2                            3 = THUNDER
                        SNOW, ICE PELLETS, HAIL    4 = ICE PELLETS
                        TOTAL MONTH:   0.0 INCH    5 = HAIL
                        GRTST 24HR     0.0         6 = FREEZING RAIN OR DRIZZLE
                        GRTST DEPTH:   0           7 = DUSTSTORM OR SANDSTORM:
                                                       VSBY 1/2 MILE OR LESS
                                                   8 = SMOKE OR HAZE
[NO. OF DAYS WITH]      [WEATHER - DAYS WITH]      9 = BLOWING SNOW
                                                   X = TORNADO
MAX 32 OR BELOW:   0    0.01 INCH OR MORE:   0
MAX 90 OR ABOVE:   0    0.10 INCH OR MORE:   0
MIN 32 OR BELOW:   0    0.50 INCH OR MORE:   0
MIN  0 OR BELOW:   0    1.00 INCH OR MORE:   0

[HDD (BASE 65) ]
TOTAL THIS MO.    44    CLEAR  (SCALE 0-3)  21
DPTR FM NORMAL     M    PTCLDY (SCALE 4-7)   7
TOTAL FM JUL 1    44    CLOUDY (SCALE 8-10)  0
DPTR FM NORMAL     M

[CDD (BASE 65) ]
TOTAL THIS MO.   116
DPTR FM NORMAL     M    [PRESSURE DATA]
TOTAL FM JAN 1   130    HIGHEST SLP M ON M
DPTR FM NORMAL   130    LOWEST  SLP M ON M

[REMARKS]
