000
CXUS53 KLSX 261600
CF6SUS
PRELIMINARY LOCAL CLIMATOLOGICAL DATA (WS FORM: F-6)

                                          STATION:   SPIRIT OF ST LOUIS MO
                                          MONTH:     JULY
                                          YEAR:      2016
                                          LATITUDE:   38 39 N
                                          LONGITUDE:  90 38 W

  TEMPERATURE IN F:       :PCPN:    SNOW:  WIND      :SUNSHINE: SKY     :PK WND
================================================================================
1   2   3   4   5  6A  6B    7    8   9   10  11  12  13   14  15   16   17  18
                                     12Z  AVG MX 2MIN
DY MAX MIN AVG DEP HDD CDD  WTR  SNW DPTH SPD SPD DIR MIN PSBL S-S WX    SPD DR
================================================================================

 1  84  66  75  -2   0  10 0.00  0.0    0  5.1 13 340   M    M   5        16 340
 2  70  62  66 -12   0   1    M  0.0    0  4.8 13  90   M    M   8 1      17 100
 3  72  61  67 -11   0   2    M  0.0    0  5.2 13  80   M    M  10 13     15  80
 4  79  69  74  -4   0   9    M  0.0    0  2.6  9 300   M    M   8 128    11  80
 5  92  66  79   1   0  14 0.00  0.0    0  4.1 12 190   M    M   4 12     15 190
 6  86  70  78   0   0  13 0.65  0.0    0  4.8 29  50   M    M   5 123    38  30
 7  87  67  77  -1   0  12 0.26  0.0    0  4.3 22 170   M    M   6 123    33 200
 8  91  71  81   3   0  16 0.07  0.0    0  5.4 14 300   M    M   5 13     20 240
 9  89  67  78   0   0  13 0.00  0.0    0  2.3 10  60   M    M   2        16  40
10  91  69  80   2   0  15 0.10  0.0    0  5.3 22  60   M    M   3 3      31  70
11  93  70  82   4   0  17 0.00  0.0    0  7.1 15 190   M    M   1 1      20 170
12  86  73  80   2   0  15    T  0.0    0  5.1 22 350   M    M   3        30 360
13  92  71  82   4   0  17 0.87  0.0    0  7.1 35 310   M    M   4 13     45 310
14  90  71  81   3   0  16 0.00  0.0    0  3.3 15 290   M    M   5 3      18 290
15  89  69  79   1   0  14 0.00  0.0    0  4.4 13 360   M    M   4        16 330
16  87  66  77  -1   0  12 0.00  0.0    0  4.2 12  90   M    M   2        14 160
17  94  72  83   5   0  18    T  0.0    0  7.0 15 220   M    M   2        22 220
18  94  75  85   7   0  20 0.00  0.0    0  3.2 14 200   M    M   2 8      21  10
19  97  71  84   6   0  19 0.72  0.0    0  3.1 30 350   M    M   4 138    41 360
20  93  72  83   5   0  18    T  0.0    0  4.3 18  60   M    M   3 3      22  50
21  96  75  86   8   0  21 0.00  0.0    0  3.4 12 240   M    M   2        15 240
22  88  73  81   3   0  16 0.08  0.0    0  3.9 24  40   M    M   4 1      31  30
23  96  72  84   6   0  19 0.00  0.0    0  2.9  9 150   M    M   2 1      13 140
24  99  76  88  10   0  23 0.00  0.0    0  4.8 13 250   M    M   1 38     17 200
25  88  73  81   3   0  16    M  0.0    0  5.5 23 310   M    M   6 13     29 300
================================================================================
SM 2223 1747         0 366  2.75     0.0 113.2          M      101
================================================================================
AV 88.9 69.9                               4.5 FASTST   M    M   4    MAX(MPH)
                                 MISC ---->  # 35 310               # 45  310
================================================================================
NOTES:
# LAST OF SEVERAL OCCURRENCES

COLUMN 17 PEAK WIND IN M.P.H.

PRELIMINARY LOCAL CLIMATOLOGICAL DATA (WS FORM: F-6) , PAGE 2

                                          STATION:  SPIRIT OF ST LOUIS MO
                                          MONTH:    JULY
                                          YEAR:     2016
                                          LATITUDE:   38 39 N
                                          LONGITUDE:  90 38 W

[TEMPERATURE DATA]      [PRECIPITATION DATA]       SYMBOLS USED IN COLUMN 16

AVERAGE MONTHLY: 79.4   TOTAL FOR MONTH:   2.75    1 = FOG OR MIST
DPTR FM NORMAL:   1.4   DPTR FM NORMAL:   -0.76    2 = FOG REDUCING VISIBILITY
HIGHEST:    99 ON 24    GRTST 24HR  0.87 ON 13-13      TO 1/4 MILE OR LESS
LOWEST:     61 ON  3                               3 = THUNDER
                        SNOW, ICE PELLETS, HAIL    4 = ICE PELLETS
                        TOTAL MONTH:   0.0 INCH    5 = HAIL
                        GRTST 24HR     0.0         6 = FREEZING RAIN OR DRIZZLE
                        GRTST DEPTH:   0           7 = DUSTSTORM OR SANDSTORM:
                                                       VSBY 1/2 MILE OR LESS
                                                   8 = SMOKE OR HAZE
[NO. OF DAYS WITH]      [WEATHER - DAYS WITH]      9 = BLOWING SNOW
                                                   X = TORNADO
MAX 32 OR BELOW:   0    0.01 INCH OR MORE:   7
MAX 90 OR ABOVE:  13    0.10 INCH OR MORE:   5
MIN 32 OR BELOW:   0    0.50 INCH OR MORE:   3
MIN  0 OR BELOW:   0    1.00 INCH OR MORE:   0

[HDD (BASE 65) ]
TOTAL THIS MO.     0    CLEAR  (SCALE 0-3)   8
DPTR FM NORMAL     0    PTCLDY (SCALE 4-7)  15
TOTAL FM JUL 1     0    CLOUDY (SCALE 8-10)  2
DPTR FM NORMAL     0

[CDD (BASE 65) ]
TOTAL THIS MO.   366
DPTR FM NORMAL    42    [PRESSURE DATA]
TOTAL FM JAN 1   902    HIGHEST SLP M ON M
DPTR FM NORMAL   160    LOWEST  SLP 29.77 ON  6

[REMARKS]
