000
CXUS55 KPUB 221059
CF6TAD
PRELIMINARY LOCAL CLIMATOLOGICAL DATA (WS FORM: F-6)

                                          STATION:   TRINIDAD CO
                                          MONTH:     JULY
                                          YEAR:      2014
                                          LATITUDE:   37 16 N
                                          LONGITUDE: 104 20 W

  TEMPERATURE IN F:       :PCPN:    SNOW:  WIND      :SUNSHINE: SKY     :PK WND
================================================================================
1   2   3   4   5  6A  6B    7    8   9   10  11  12  13   14  15   16   17  18
                                     12Z  AVG MX 2MIN
DY MAX MIN AVG DEP HDD CDD  WTR  SNW DPTH SPD SPD DIR MIN PSBL S-S WX    SPD DR
================================================================================

 1  82  60  71  -2   0   6 0.02  0.0    0 10.3 23 130   M    M   6 3      31 220
 2  76  57  67  -6   0   2 0.08  0.0    0  8.3 21 250   M    M   6 1      26 360
 3  91  61  76   3   0  11 0.01  0.0    0 12.3 31 230   M    M   0 3      37 240
 4  93  59  76   3   0  11    T  0.0    0 12.7 28 220   M    M   0        40 220
 5  95  58  77   4   0  12 0.00  0.0    0  7.8 21  10   M    M   0        34  30
 6  96  61  79   6   0  14 0.00  0.0    0  9.9 17 250   M    M   0        22  80
 7  98  62  80   6   0  15    T  0.0    0 11.2 33  10   M    M   0        42  10
 8  83  63  73  -1   0   8 0.00  0.0    0  9.5 25 240   M    M   4        32 360
 9  92  56  74   0   0   9 0.00  0.0    0 10.3 26 230   M    M   0        33 220
10  96  62  79   5   0  14 0.00  0.0    0 11.8 31 200   M    M   1        38 190
11  96  65  81   7   0  16    T  0.0    0  9.4 29 350   M    M   2 3      35 340
12  95  61  78   4   0  13 0.76  0.0    0 10.6 32 290   M    M   3 3      42 290
13  84  62  73  -1   0   8    T  0.0    0  6.9 13  40   M    M   3        17  70
14  86  62  74   0   0   9 0.03  0.0    0  7.0 29  50   M    M   4 3      37  50
15  86  59  73  -1   0   8 0.02  0.0    0  8.4 36 310   M    M   3 138    47 310
16  88  51  70  -4   0   5 1.38  0.0    0 10.4 31  10   M    M   3 1238   41 310
17  71  55  63 -11   2   0    T  0.0    0  4.3  8 160   M    M   6        10 150
18  90  57  74   0   0   9 0.09  0.0    0 10.1 39 280   M    M   0 3      50 310
19  91  61  76   2   0  11    T  0.0    0 11.9 29 300   M    M   0        35 310
20  95  59  77   3   0  12 0.00  0.0    0 10.9 20 240   M    M   0        24 310
21  94  65  80   6   0  15 0.01  0.0    0 10.0 23 240   M    M   1        29 290
================================================================================
SM 1878 1256         2 208  2.40     0.0 204.0          M       42
================================================================================
AV 89.4 59.8                               9.7 FASTST   M    M   2    MAX(MPH)
                                 MISC ---->  # 39 280               # 50  310
================================================================================
NOTES:
# LAST OF SEVERAL OCCURRENCES

COLUMN 17 PEAK WIND IN M.P.H.

PRELIMINARY LOCAL CLIMATOLOGICAL DATA (WS FORM: F-6) , PAGE 2

                                          STATION:  TRINIDAD CO
                                          MONTH:    JULY
                                          YEAR:     2014
                                          LATITUDE:   37 16 N
                                          LONGITUDE: 104 20 W

[TEMPERATURE DATA]      [PRECIPITATION DATA]       SYMBOLS USED IN COLUMN 16

AVERAGE MONTHLY: 74.6   TOTAL FOR MONTH:   2.40    1 = FOG OR MIST
DPTR FM NORMAL:   0.9   DPTR FM NORMAL:    0.97    2 = FOG REDUCING VISIBILITY
HIGHEST:    98 ON  7    GRTST 24HR  1.38 ON 16-16      TO 1/4 MILE OR LESS
LOWEST:     51 ON 16                               3 = THUNDER
                        SNOW, ICE PELLETS, HAIL    4 = ICE PELLETS
                        TOTAL MONTH:   0.0 INCH    5 = HAIL
                        GRTST 24HR     0.0         6 = FREEZING RAIN OR DRIZZLE
                        GRTST DEPTH:   0           7 = DUSTSTORM OR SANDSTORM:
                                                       VSBY 1/2 MILE OR LESS
                                                   8 = SMOKE OR HAZE
[NO. OF DAYS WITH]      [WEATHER - DAYS WITH]      9 = BLOWING SNOW
                                                   X = TORNADO
MAX 32 OR BELOW:   0    0.01 INCH OR MORE:   9
MAX 90 OR ABOVE:  13    0.10 INCH OR MORE:   2
MIN 32 OR BELOW:   0    0.50 INCH OR MORE:   2
MIN  0 OR BELOW:   0    1.00 INCH OR MORE:   1

[HDD (BASE 65) ]
TOTAL THIS MO.     2    CLEAR  (SCALE 0-3)  14
DPTR FM NORMAL     2    PTCLDY (SCALE 4-7)   7
TOTAL FM JUL 1     2    CLOUDY (SCALE 8-10)  0
DPTR FM NORMAL     2

[CDD (BASE 65) ]
TOTAL THIS MO.   208
DPTR FM NORMAL    25    [PRESSURE DATA]
TOTAL FM JAN 1   449    HIGHEST SLP M ON M
DPTR FM NORMAL    97    LOWEST  SLP 29.79 ON  1

[REMARKS]
