000
CXUS54 KEPZ 201200
CF6TCS
PRELIMINARY LOCAL CLIMATOLOGICAL DATA (WS FORM: F-6)

                                          STATION:   TRUTH OR CONSEQUENCES
                                          MONTH:     FEBRUARY
                                          YEAR:      2018
                                          LATITUDE:   33 13 N
                                          LONGITUDE: 107 16 W

  TEMPERATURE IN F:       :PCPN:    SNOW:  WIND      :SUNSHINE: SKY     :PK WND
================================================================================
1   2   3   4   5  6A  6B    7    8   9   10  11  12  13   14  15   16   17  18
                                     12Z  AVG MX 2MIN
DY MAX MIN AVG DEP HDD CDD  WTR  SNW DPTH SPD SPD DIR MIN PSBL S-S WX    SPD DR
================================================================================

 1  76  42  59  15   6   0 0.00  0.0    0  6.2 18 180   M    M   0        23 180
 2  66  38  52   8  13   0 0.00  0.0    0  4.8 13 200   M    M   0        17 190
 3  75  44  60  16   5   0 0.00  0.0    0 12.4 23 310   M    M   0        35 310
 4  72  44  58  14   7   0 0.00  0.0    0  6.6 20 300   M    M   0        26 310
 5  73  44  59  15   6   0 0.00  0.0    0  7.9 15 300   M    M   0        19 310
 6  74  39  57  12   8   0 0.00  0.0    0  8.8 28  30   M    M   2        35  30
 7  61  36  49   4  16   0 0.00  0.0    0  6.0 13 320   M    M   1        18 320
 8  66  34  50   5  15   0 0.00  0.0    0  5.8 12 330   M    M   0        14 330
 9  72  36  54   9  11   0 0.00  0.0    0  5.5 13 290   M    M   0        17 180
10  73  42  58  13   7   0 0.00  0.0    0 10.4 28 240   M    M   0        38 250
11  55  40  48   2  17   0 0.00  0.0    0  7.1 16  20   M    M   2        22  30
12  66  34  50   4  15   0 0.00  0.0    0 11.4 31 190   M    M   0        45 190
13  68  45  57  11   8   0 0.00  0.0    0 11.1 25 160   M    M   0        31 180
14  69  43  56  10   9   0    T  0.0    0 13.3 30 190   M    M   4        38 190
15  58  48  53   7  12   0 0.29  0.0    0 10.3 25 200   M    M   9 1      33 190
16  51  45  48   2  17   0 0.58  0.0    0  5.7 14  30   M    M  10 1      17  20
17  59  42  51   4  14   0 0.00  0.0    0  3.0 12  10   M    M   4 12     14  10
18  68  40  54   7  11   0 0.00  0.0    0  9.4 21 200   M    M   4        26 180
19  64  49  57  10   8   0    T  0.0    0 21.6 36 210   M    M   4        46 210
================================================================================
SM 1266  785       205   0  0.87     0.0 167.3          M       40
================================================================================
AV 66.6 41.3                               8.8 FASTST   M    M   2    MAX(MPH)
                                 MISC ---->  # 36 210               # 46  210
================================================================================
NOTES:
# LAST OF SEVERAL OCCURRENCES

COLUMN 17 PEAK WIND IN M.P.H.

PRELIMINARY LOCAL CLIMATOLOGICAL DATA (WS FORM: F-6) , PAGE 2

                                          STATION:  TRUTH OR CONSEQUENCES
                                          MONTH:    FEBRUARY
                                          YEAR:     2018
                                          LATITUDE:   33 13 N
                                          LONGITUDE: 107 16 W

[TEMPERATURE DATA]      [PRECIPITATION DATA]       SYMBOLS USED IN COLUMN 16

AVERAGE MONTHLY: 54.0   TOTAL FOR MONTH:   0.87    1 = FOG OR MIST
DPTR FM NORMAL:   8.6   DPTR FM NORMAL:    0.60    2 = FOG REDUCING VISIBILITY
HIGHEST:    76 ON  1    GRTST 24HR  0.58 ON 16-16      TO 1/4 MILE OR LESS
LOWEST:     34 ON 12, 8                            3 = THUNDER
                        SNOW, ICE PELLETS, HAIL    4 = ICE PELLETS
                        TOTAL MONTH:   0.0 INCH    5 = HAIL
                        GRTST 24HR     0.0         6 = FREEZING RAIN OR DRIZZLE
                        GRTST DEPTH:   0           7 = DUSTSTORM OR SANDSTORM:
                                                       VSBY 1/2 MILE OR LESS
                                                   8 = SMOKE OR HAZE
[NO. OF DAYS WITH]      [WEATHER - DAYS WITH]      9 = BLOWING SNOW
                                                   X = TORNADO
MAX 32 OR BELOW:   0    0.01 INCH OR MORE:   2
MAX 90 OR ABOVE:   0    0.10 INCH OR MORE:   2
MIN 32 OR BELOW:   0    0.50 INCH OR MORE:   1
MIN  0 OR BELOW:   0    1.00 INCH OR MORE:   0

[HDD (BASE 65) ]
TOTAL THIS MO.   205    CLEAR  (SCALE 0-3)  13
DPTR FM NORMAL  -167    PTCLDY (SCALE 4-7)   4
TOTAL FM JUL 1  1536    CLOUDY (SCALE 8-10)  2
DPTR FM NORMAL  -964

[CDD (BASE 65) ]
TOTAL THIS MO.     0
DPTR FM NORMAL     0    [PRESSURE DATA]
TOTAL FM JAN 1     0    HIGHEST SLP M ON M
DPTR FM NORMAL     0    LOWEST  SLP 29.53 ON 19

[REMARKS]
