000
CXUS54 KFWD 280730
CF6TKI
PRELIMINARY LOCAL CLIMATOLOGICAL DATA (WS FORM: F-6)

                                          STATION:   MCKINNEY
                                          MONTH:     DECEMBER
                                          YEAR:      2014
                                          LATITUDE:   33 10 N
                                          LONGITUDE:  96 35 W

  TEMPERATURE IN F:       :PCPN:    SNOW:  WIND      :SUNSHINE: SKY     :PK WND
================================================================================
1   2   3   4   5  6A  6B    7    8   9   10  11  12  13   14  15   16   17  18
                                     12Z  AVG MX 2MIN
DY MAX MIN AVG DEP HDD CDD  WTR  SNW DPTH SPD SPD DIR MIN PSBL S-S WX    SPD DR
================================================================================

 1  67  30  49   0  16   0    T  0.0    0 15.5 24 330   M    M   7        29 350
 2  48  31  40  -9  25   0 0.00  0.0    0  5.7 15 170   M    M   8        19 170
 3  57  47  52   4  13   0    T  0.0    0  7.8 17 180   M    M  10 1      21 180
 4  64  55  60  12   5   0    T  0.0    0  7.7 14 170   M    M  10 18     17 140
 5  77  57  67  19   0   2 0.03  0.0    0 11.5 22 340   M    M   8 1      28 340
 6  65  44  55   7  10   0 0.00  0.0    0 11.0 17  20   M    M   4 1      22  10
 7  53  42  48   1  17   0 0.00  0.0    0  5.1 13  50   M    M   8 1      16  50
 8  57  35  46  -1  19   0 0.00  0.0    0  4.2 13 340   M    M   6 12     15 340
 9  64  34  49   2  16   0 0.00  0.0    0  1.7  8  10   M    M   5 12     10 340
10  58  37  48   2  17   0 0.00  0.0    0  5.4 12 160   M    M   8 12     14 140
11  64  50  57  11   8   0 0.04  0.0    0  5.5 12  60   M    M  10 1      16 180
12  65  51  58  12   7   0 0.03  0.0    0  5.6 13  90   M    M   9 1      16  80
13  69  56  63  17   2   0 0.00  0.0    0  9.7 21 180   M    M   5 1       M  M
14  65  60  63  17   2   0 0.42  0.0    0 12.7 22 160   M    M   9 1      26 160
15  66  47  57  12   8   0 0.00  0.0    0 14.6 25 270   M    M   1        32 220
16  52  34  43  -2  22   0 0.00  0.0    0  8.7 22 330   M    M   0        26 320
17  44  33  39  -6  26   0 0.35  0.0    0  5.7 17 110   M    M   9 1      21 120
18  47  39  43  -2  22   0 0.00  0.0    0  4.6 10  20   M    M  10 1      12 120
19  48  44  46   1  19   0 0.07  0.0    0  7.3 13  20   M    M  10 1      14  20
20  47  44  46   2  19   0 0.00  0.0    0  2.8  8 360   M    M  10 1      12 360
21  51  46  49   5  16   0 0.00  0.0    0 11.7 21 170   M    M  10 1      25 170
22  64  47  56  12   9   0 0.00  0.0    0 11.8 21 180   M    M   3        26 190
23  54  42  48   4  17   0 0.47  0.0    0  9.8 22 330   M    M   8 13     32 320
24  50  32  41  -3  24   0    T  0.0    0 12.4 24 300   M    M   5        29 310
25  61  31  46   2  19   0 0.00  0.0    0 15.0 32 190   M    M   0        44 170
26  61  49  55  11  10   0 0.02  0.0    0  9.7 18 150   M    M   9 18     23 150
27  62  35  49   5  16   0    T    M    0 15.8 26 360   M    M   9 1      32 350
================================================================================
SM 1580 1152       384   2  1.43     0.0 239.0          M      191
================================================================================
AV 58.5 42.7                               8.9 FASTST   M    M   7    MAX(MPH)
                                 MISC ---->  # 32 190               # 44  170
================================================================================
NOTES:
# LAST OF SEVERAL OCCURRENCES

COLUMN 17 PEAK WIND IN M.P.H.

PRELIMINARY LOCAL CLIMATOLOGICAL DATA (WS FORM: F-6) , PAGE 2

                                          STATION:  MCKINNEY
                                          MONTH:    DECEMBER
                                          YEAR:     2014
                                          LATITUDE:   33 10 N
                                          LONGITUDE:  96 35 W

[TEMPERATURE DATA]      [PRECIPITATION DATA]       SYMBOLS USED IN COLUMN 16

AVERAGE MONTHLY: 50.6   TOTAL FOR MONTH:   1.43    1 = FOG OR MIST
DPTR FM NORMAL:   4.7   DPTR FM NORMAL:   -1.35    2 = FOG REDUCING VISIBILITY
HIGHEST:    77 ON  5    GRTST 24HR  0.47 ON 23-23      TO 1/4 MILE OR LESS
LOWEST:     30 ON  1                               3 = THUNDER
                        SNOW, ICE PELLETS, HAIL    4 = ICE PELLETS
                        TOTAL MONTH:   0.0 INCH    5 = HAIL
                        GRTST 24HR     0.0         6 = FREEZING RAIN OR DRIZZLE
                        GRTST DEPTH:   0           7 = DUSTSTORM OR SANDSTORM:
                                                       VSBY 1/2 MILE OR LESS
                                                   8 = SMOKE OR HAZE
[NO. OF DAYS WITH]      [WEATHER - DAYS WITH]      9 = BLOWING SNOW
                                                   X = TORNADO
MAX 32 OR BELOW:   0    0.01 INCH OR MORE:   8
MAX 90 OR ABOVE:   0    0.10 INCH OR MORE:   3
MIN 32 OR BELOW:   4    0.50 INCH OR MORE:   0
MIN  0 OR BELOW:   0    1.00 INCH OR MORE:   0

[HDD (BASE 65) ]
TOTAL THIS MO.   384    CLEAR  (SCALE 0-3)   4
DPTR FM NORMAL  -134    PTCLDY (SCALE 4-7)   8
TOTAL FM JUL 1   860    CLOUDY (SCALE 8-10) 15
DPTR FM NORMAL   -91

[CDD (BASE 65) ]
TOTAL THIS MO.     2
DPTR FM NORMAL     2    [PRESSURE DATA]
TOTAL FM JAN 1  2464    HIGHEST SLP M ON M
DPTR FM NORMAL   113    LOWEST  SLP 29.54 ON 22

[REMARKS]
