000
CXUS54 KFWD 240730
CF6TKI
PRELIMINARY LOCAL CLIMATOLOGICAL DATA (WS FORM: F-6)

                                          STATION:   MCKINNEY
                                          MONTH:     MAY
                                          YEAR:      2015
                                          LATITUDE:   33 10 N
                                          LONGITUDE:  96 35 W

  TEMPERATURE IN F:       :PCPN:    SNOW:  WIND      :SUNSHINE: SKY     :PK WND
================================================================================
1   2   3   4   5  6A  6B    7    8   9   10  11  12  13   14  15   16   17  18
                                     12Z  AVG MX 2MIN
DY MAX MIN AVG DEP HDD CDD  WTR  SNW DPTH SPD SPD DIR MIN PSBL S-S WX    SPD DR
================================================================================

 1  81  52  67  -1   0   2 0.00  0.0    0  1.7  9  80   M    M   1 1      11  80
 2  80  53  67  -1   0   2 0.00  0.0    0  6.1 17 140   M    M   1        22 130
 3  79  58  69   1   0   4 0.00  0.0    0  9.3 22 140   M    M   0        26 150
 4  82  64  73   4   0   8 0.00  0.0    0 11.4 20 170   M    M   3        26 160
 5  83  61  72   3   0   7 0.03  0.0    0 14.3 33 140   M    M   5 13     43 140
 6  82  68  75   6   0  10 0.13  0.0    0 14.7 24 150   M    M   7 13     30 150
 7  81  62  72   2   0   7 1.65  0.0    0 10.2 38 290   M    M   9 13     50 250
 8  84  64  74   4   0   9 0.37  0.0    0 10.5 33 170   M    M   6 138    42 170
 9  82  66  74   4   0   9 0.23  0.0    0 12.1 21 150   M    M   8 13     28 160
10  79  64  72   1   0   7 1.37  0.0    0 10.7 23 260   M    M   7 13     30 150
11  74  59  67  -4   0   2 0.00  0.0    0 10.4 20 360   M    M   3        23 360
12  71  57  64  -7   1   0 0.03  0.0    0  6.7 16  60   M    M   6 1      20  80
13  68  61  65  -7   0   0 1.02  0.0    0  8.7 18 190   M    M   9 13     24 190
14  82  64  73   1   0   8    T  0.0    0 10.6 18 170   M    M   6 1      22 180
15  76  69  73   1   0   8 0.14  0.0    0 11.1 25 170   M    M   6 3      30 170
16  86  70  78   6   0  13    T  0.0    0 16.1 28 180   M    M   7        35 180
17  80  66  73   0   0   8 1.84  0.0    0 10.1 30 220   M    M   5 13     40 220
18  88  65  77   4   0  12 0.00  0.0    0  5.0 14 110   M    M   3 12     17 110
19  81  71  76   3   0  11 0.02  0.0    0  9.9 18 160   M    M   6 13     25 140
20  87  62  75   1   0  10 0.43  0.0    0 10.7 22 330   M    M   7 38     30 330
21  67  55  61 -13   4   0 0.72  0.0    0  9.3 22  10   M    M  10 13     27  10
22  68  59  64 -10   1   0 0.26  0.0    0  7.8 17 100   M    M  10 138    25 110
23  81  68  75   1   0  10 0.27  0.0    0 12.1 26 160   M    M   9 13     35 160
================================================================================
SM 1822 1438         6 147  8.51     0.0 229.5          M      134
================================================================================
AV 79.2 62.5                              10.0 FASTST   M    M   6    MAX(MPH)
                                 MISC ---->  # 38 290               # 50  250
================================================================================
NOTES:
# LAST OF SEVERAL OCCURRENCES

COLUMN 17 PEAK WIND IN M.P.H.

PRELIMINARY LOCAL CLIMATOLOGICAL DATA (WS FORM: F-6) , PAGE 2

                                          STATION:  MCKINNEY
                                          MONTH:    MAY
                                          YEAR:     2015
                                          LATITUDE:   33 10 N
                                          LONGITUDE:  96 35 W

[TEMPERATURE DATA]      [PRECIPITATION DATA]       SYMBOLS USED IN COLUMN 16

AVERAGE MONTHLY: 70.9   TOTAL FOR MONTH:   8.51    1 = FOG OR MIST
DPTR FM NORMAL:  -0.3   DPTR FM NORMAL:    4.55    2 = FOG REDUCING VISIBILITY
HIGHEST:    88 ON 18    GRTST 24HR  1.84 ON 17-17      TO 1/4 MILE OR LESS
LOWEST:     52 ON  1                               3 = THUNDER
                        SNOW, ICE PELLETS, HAIL    4 = ICE PELLETS
                        TOTAL MONTH:   0.0 INCH    5 = HAIL
                        GRTST 24HR     0.0         6 = FREEZING RAIN OR DRIZZLE
                        GRTST DEPTH:   0           7 = DUSTSTORM OR SANDSTORM:
                                                       VSBY 1/2 MILE OR LESS
                                                   8 = SMOKE OR HAZE
[NO. OF DAYS WITH]      [WEATHER - DAYS WITH]      9 = BLOWING SNOW
                                                   X = TORNADO
MAX 32 OR BELOW:   0    0.01 INCH OR MORE:  15
MAX 90 OR ABOVE:   0    0.10 INCH OR MORE:  12
MIN 32 OR BELOW:   0    0.50 INCH OR MORE:   5
MIN  0 OR BELOW:   0    1.00 INCH OR MORE:   4

[HDD (BASE 65) ]
TOTAL THIS MO.     6    CLEAR  (SCALE 0-3)   6
DPTR FM NORMAL    -3    PTCLDY (SCALE 4-7)  12
TOTAL FM JUL 1  2645    CLOUDY (SCALE 8-10)  5
DPTR FM NORMAL     7

[CDD (BASE 65) ]
TOTAL THIS MO.   147
DPTR FM NORMAL    -5    [PRESSURE DATA]
TOTAL FM JAN 1   246    HIGHEST SLP M ON M
DPTR FM NORMAL     7    LOWEST  SLP 29.68 ON 16

[REMARKS]
