000
CXUS53 KOAX 231000
CF6TQE
PRELIMINARY LOCAL CLIMATOLOGICAL DATA (WS FORM: F-6)

                                          STATION:   TEKAMAH, NEBRASKA
                                          MONTH:     SEPTEMBER
                                          YEAR:      2017
                                          LATITUDE:   41 46 N
                                          LONGITUDE:  96 11 W

  TEMPERATURE IN F:       :PCPN:    SNOW:  WIND      :SUNSHINE: SKY     :PK WND
================================================================================
1   2   3   4   5  6A  6B    7    8   9   10  11  12  13   14  15   16   17  18
                                     12Z  AVG MX 2MIN
DY MAX MIN AVG DEP HDD CDD  WTR  SNW DPTH SPD SPD DIR MIN PSBL S-S WX    SPD DR
================================================================================

 1  76  59  68  -2   0   3 0.02    M    M  6.6 14 150   M    M   7 18     19 140
 2  84  59  72   3   0   7 0.00    M    M  5.2 12  10   M    M   2 1      17  10
 3  86  56  71   2   0   6 0.00    M    M  7.2 16 180   M    M   2 12     22 190
 4  76  59  68  -1   0   3 0.00    M    M  8.8 16 360   M    M   2        23 350
 5  70  47  59  -9   6   0 0.00    M    M  9.8 21 320   M    M   1        30 310
 6  70  43  57 -11   8   0 0.00    M    M  4.0 12 320   M    M   3        15 330
 7  78  43  61  -7   4   0 0.00    M    M  4.5 12 200   M    M   0        16 210
 8  85  48  67  -1   0   2 0.00    M    M  4.3 13 110   M    M   0        17 120
 9  82  52  67   0   0   2    T    M    M  6.1 13 140   M    M   1 1      17 200
10  82  60  71   4   0   6 0.01    M    M  7.6 24 150   M    M   1 3      32 160
11  83  56  70   4   0   5 0.00    M    M  5.4 12 180   M    M   0 1      17 200
12  84  54  69   3   0   4 0.00    M    M  4.3 10 160   M    M   1 12     13 170
13  86  54  70   4   0   5 0.00    M    M  4.4 13 200   M    M   2 1      16 170
14  92  61  77  12   0  12 0.00    M    M  9.2 28 190   M    M   1        38 190
15  90  65  78  13   0  13    T    M    M 10.7 21 150   M    M   1 3      27 140
16  73  55  64  -1   1   0 0.24    M    M  8.4 25 320   M    M   9 13     32 320
17  69  45  57  -7   8   0 0.00    M    M  4.1 14  10   M    M   2        16  10
18  74  59  67   3   0   2 0.42    M    M  6.3 16 140   M    M   9 13     23 130
19  88  64  76  13   0  11 0.00    M    M 14.1 25 140   M    M   4 18     34 170
20  79  53  66   3   0   1    T    M    M  7.7 25 350   M    M   1        32 330
21  91  53  72  10   0   7 0.00    M    M 10.5 23 160   M    M   2        31 150
22  95  76  86  24   0  21 0.00    M    M 13.7 25 160   M    M   0        33 180
================================================================================
SM 1793 1221        27 110  0.69    M    162.9          M       51
================================================================================
AV 81.5 55.5                               7.4 FASTST   M    M   2    MAX(MPH)
                                 MISC ---->  # 28 190               # 38  190
================================================================================
NOTES:
# LAST OF SEVERAL OCCURRENCES

COLUMN 17 PEAK WIND IN M.P.H.

PRELIMINARY LOCAL CLIMATOLOGICAL DATA (WS FORM: F-6) , PAGE 2

                                          STATION:  TEKAMAH, NEBRASKA
                                          MONTH:    SEPTEMBER
                                          YEAR:     2017
                                          LATITUDE:   41 46 N
                                          LONGITUDE:  96 11 W

[TEMPERATURE DATA]      [PRECIPITATION DATA]       SYMBOLS USED IN COLUMN 16

AVERAGE MONTHLY: 68.5   TOTAL FOR MONTH:   0.69    1 = FOG OR MIST
DPTR FM NORMAL:   2.4   DPTR FM NORMAL:   -1.46    2 = FOG REDUCING VISIBILITY
HIGHEST:    95 ON 22    GRTST 24HR  0.42 ON 18-18      TO 1/4 MILE OR LESS
LOWEST:     43 ON  7, 6                            3 = THUNDER
                        SNOW, ICE PELLETS, HAIL    4 = ICE PELLETS
                        TOTAL MONTH:    M          5 = HAIL
                        GRTST 24HR    M  ON   M    6 = FREEZING RAIN OR DRIZZLE
                        GRTST DEPTH:  M  ON   M    7 = DUSTSTORM OR SANDSTORM:
                                                       VSBY 1/2 MILE OR LESS
                                                   8 = SMOKE OR HAZE
[NO. OF DAYS WITH]      [WEATHER - DAYS WITH]      9 = BLOWING SNOW
                                                   X = TORNADO
MAX 32 OR BELOW:   0    0.01 INCH OR MORE:   4
MAX 90 OR ABOVE:   4    0.10 INCH OR MORE:   2
MIN 32 OR BELOW:   0    0.50 INCH OR MORE:   0
MIN  0 OR BELOW:   0    1.00 INCH OR MORE:   0

[HDD (BASE 65) ]
TOTAL THIS MO.    27    CLEAR  (SCALE 0-3)  18
DPTR FM NORMAL   -29    PTCLDY (SCALE 4-7)   2
TOTAL FM JUL 1    37    CLOUDY (SCALE 8-10)  2
DPTR FM NORMAL   -29

[CDD (BASE 65) ]
TOTAL THIS MO.   110
DPTR FM NORMAL    31    [PRESSURE DATA]
TOTAL FM JAN 1  1027    HIGHEST SLP M ON M
DPTR FM NORMAL    69    LOWEST  SLP 29.49 ON 19

[REMARKS]
