000
CXUS54 KFWD 270730
CF6TRL
PRELIMINARY LOCAL CLIMATOLOGICAL DATA (WS FORM: F-6)

                                          STATION:   TERRELL
                                          MONTH:     DECEMBER
                                          YEAR:      2014
                                          LATITUDE:   32 42 N
                                          LONGITUDE:  96 16 W

  TEMPERATURE IN F:       :PCPN:    SNOW:  WIND      :SUNSHINE: SKY     :PK WND
================================================================================
1   2   3   4   5  6A  6B    7    8   9   10  11  12  13   14  15   16   17  18
                                     12Z  AVG MX 2MIN
DY MAX MIN AVG DEP HDD CDD  WTR  SNW DPTH SPD SPD DIR MIN PSBL S-S WX    SPD DR
================================================================================

 1  67  36  52   2  13   0 0.03  0.0    0 12.5 21 350   M    M  10 1      27 340
 2  51  35  43  -7  22   0 0.00  0.0    0  5.3 14 340   M    M   9        16 340
 3  60  50  55   6  10   0 0.02  0.0    0  5.7 13 160   M    M  10 18     16 150
 4  68  57  63  14   2   0    T  0.0    0  5.9 14 170   M    M   9 18     17 180
 5  77  63  70  21   0   5    T  0.0    0 11.0 23 220   M    M   8 1      30 220
 6  70  47  59  11   6   0 0.00  0.0    0 11.5 18 350   M    M   3        23 340
 7  60  45  53   5  12   0 0.00  0.0    0  6.4 15  60   M    M   5 1      18  60
 8  62  37  50   2  15   0 0.00  0.0    0  3.1  9 340   M    M   3 12     13 340
 9  65  39  52   4  13   0 0.00  0.0    0  1.0  7  40   M    M   5 128    10  40
10  58  39  49   2  16   0 0.00  0.0    0  5.5 10 100   M    M   7 12     13 120
11  65  53  59  12   6   0 0.01  0.0    0  6.0 13 180   M    M  10 18     16 180
12  70  58  64  17   1   0 0.23  0.0    0  6.8 14 190   M    M   9 1      17 210
13  69  58  64  17   1   0 0.00  0.0    0  9.3 16 170   M    M   5 18     20 160
14  70  62  66  19   0   1 1.13  0.0    0 13.3 28 170   M    M  10 138    35 170
15  68  42  55   9  10   0 0.27  0.0    0 11.2 25 190   M    M   2 1      34 190
16  54  36  45  -1  20   0 0.00  0.0    0  7.9 18 350   M    M   0        25 330
17  48  36  42  -4  23   0 0.30  0.0    0  6.8 14  90   M    M   9 13     17  90
18  50  42  46   0  19   0 0.16  0.0    0  6.8 14 100   M    M  10 1      18 110
19  51  47  49   3  16   0 0.05  0.0    0  8.3 15  30   M    M  10 18     19 340
20  50  47  49   3  16   0 0.00  0.0    0  4.2  9  10   M    M  10 1      14 340
21  53  48  51   5  14   0 0.00  0.0    0  9.1 17 170   M    M  10 18     21 160
22  70  53  62  17   3   0 0.00  0.0    0 12.2 23 210   M    M   4        30 220
23  55  44  50   5  15   0 0.34  0.0    0  9.7 17 340   M    M   7 1      26 360
24  54  35  45   0  20   0    T  0.0    0 10.1 22 320   M    M   5        30 310
25  63  33  48   3  17   0 0.00  0.0    0 11.1 28 170   M    M   0        35 180
26  65  54  60  15   5   0 0.01  0.0    0 10.8 18 150   M    M  10 1      23 150
================================================================================
SM 1593 1196       295   6  2.55     0.0 211.5          M      180
================================================================================
AV 61.3 46.0                               8.1 FASTST   M    M   7    MAX(MPH)
                                 MISC ---->  # 28 170               # 35  170
================================================================================
NOTES:
# LAST OF SEVERAL OCCURRENCES

COLUMN 17 PEAK WIND IN M.P.H.

PRELIMINARY LOCAL CLIMATOLOGICAL DATA (WS FORM: F-6) , PAGE 2

                                          STATION:  TERRELL
                                          MONTH:    DECEMBER
                                          YEAR:     2014
                                          LATITUDE:   32 42 N
                                          LONGITUDE:  96 16 W

[TEMPERATURE DATA]      [PRECIPITATION DATA]       SYMBOLS USED IN COLUMN 16

AVERAGE MONTHLY: 53.6   TOTAL FOR MONTH:   2.55    1 = FOG OR MIST
DPTR FM NORMAL:   6.7   DPTR FM NORMAL:   -0.38    2 = FOG REDUCING VISIBILITY
HIGHEST:    77 ON  5    GRTST 24HR  1.40 ON 14-15      TO 1/4 MILE OR LESS
LOWEST:     33 ON 25                               3 = THUNDER
                        SNOW, ICE PELLETS, HAIL    4 = ICE PELLETS
                        TOTAL MONTH:   0.0 INCH    5 = HAIL
                        GRTST 24HR     0.0         6 = FREEZING RAIN OR DRIZZLE
                        GRTST DEPTH:   0           7 = DUSTSTORM OR SANDSTORM:
                                                       VSBY 1/2 MILE OR LESS
                                                   8 = SMOKE OR HAZE
[NO. OF DAYS WITH]      [WEATHER - DAYS WITH]      9 = BLOWING SNOW
                                                   X = TORNADO
MAX 32 OR BELOW:   0    0.01 INCH OR MORE:  11
MAX 90 OR ABOVE:   0    0.10 INCH OR MORE:   6
MIN 32 OR BELOW:   0    0.50 INCH OR MORE:   1
MIN  0 OR BELOW:   0    1.00 INCH OR MORE:   1

[HDD (BASE 65) ]
TOTAL THIS MO.   295    CLEAR  (SCALE 0-3)   4
DPTR FM NORMAL  -178    PTCLDY (SCALE 4-7)   9
TOTAL FM JUL 1   680    CLOUDY (SCALE 8-10) 13
DPTR FM NORMAL  -159

[CDD (BASE 65) ]
TOTAL THIS MO.     6
DPTR FM NORMAL     6    [PRESSURE DATA]
TOTAL FM JAN 1  2841    HIGHEST SLP M ON M
DPTR FM NORMAL   293    LOWEST  SLP 29.54 ON 22

[REMARKS]
